{"id":262,"date":"2024-10-20T22:00:55","date_gmt":"2024-10-20T19:00:55","guid":{"rendered":"https:\/\/faberpet.ro\/stage\/?page_id=262"},"modified":"2025-03-12T22:11:43","modified_gmt":"2025-03-12T20:11:43","slug":"metode-de-plata","status":"publish","type":"page","link":"https:\/\/faberpet.ro\/stage\/metode-de-plata\/","title":{"rendered":"Metode de plat\u0103"},"content":{"rendered":"\t\t<div data-elementor-type=\"wp-page\" data-elementor-id=\"262\" class=\"elementor elementor-262\" data-elementor-post-type=\"page\">\n\t\t\t\t<div class=\"elementor-element elementor-element-1372009 e-flex e-con-boxed e-con e-parent\" data-id=\"1372009\" data-element_type=\"container\" data-e-type=\"container\" data-settings=\"{&quot;jet_parallax_layout_list&quot;:[]}\">\n\t\t\t\t\t<div class=\"e-con-inner\">\n\t\t<div class=\"elementor-element elementor-element-a65e4a1 e-con-full e-flex e-con e-child\" data-id=\"a65e4a1\" data-element_type=\"container\" data-e-type=\"container\" data-settings=\"{&quot;background_background&quot;:&quot;classic&quot;,&quot;jet_parallax_layout_list&quot;:[]}\">\n\t\t<div class=\"elementor-element elementor-element-d5f3727 e-con-full e-flex e-con e-child\" data-id=\"d5f3727\" data-element_type=\"container\" data-e-type=\"container\" data-settings=\"{&quot;jet_parallax_layout_list&quot;:[]}\">\n\t\t\t\t<div class=\"elementor-element elementor-element-2d96ee6 elementor-widget elementor-widget-heading\" data-id=\"2d96ee6\" data-element_type=\"widget\" data-e-type=\"widget\" data-widget_type=\"heading.default\">\n\t\t\t\t<div class=\"elementor-widget-container\">\n\t\t\t\t\t<h2 class=\"elementor-heading-title elementor-size-default\">Numerar la Agent (la livrare)<\/h2>\t\t\t\t<\/div>\n\t\t\t\t<\/div>\n\t\t\t\t<\/div>\n\t\t<div class=\"elementor-element elementor-element-4744c54 e-con-full e-flex e-con e-child\" data-id=\"4744c54\" data-element_type=\"container\" data-e-type=\"container\" data-settings=\"{&quot;jet_parallax_layout_list&quot;:[]}\">\n\t\t\t\t<div class=\"elementor-element elementor-element-e2f0ff0 elementor-widget elementor-widget-text-editor\" data-id=\"e2f0ff0\" data-element_type=\"widget\" data-e-type=\"widget\" data-widget_type=\"text-editor.default\">\n\t\t\t\t<div class=\"elementor-widget-container\">\n\t\t\t\t\t\t\t\t\t<p>Aceast\u0103 op\u021biune v\u0103 ofer\u0103 posibilitatea de a pl\u0103ti produsele pe loc prin livrarea comenzii de c\u0103tre agen\u021bii Faber, care str\u0103bat s\u0103pt\u0103m\u00e2nal \u021bara \u00eentr-un interval bine predefinit.<\/p>\t\t\t\t\t\t\t\t<\/div>\n\t\t\t\t<\/div>\n\t\t\t\t<\/div>\n\t\t\t\t<\/div>\n\t\t<div class=\"elementor-element elementor-element-2cc8c4b e-con-full e-flex e-con e-child\" data-id=\"2cc8c4b\" data-element_type=\"container\" data-e-type=\"container\" data-settings=\"{&quot;background_background&quot;:&quot;classic&quot;,&quot;jet_parallax_layout_list&quot;:[]}\">\n\t\t<div class=\"elementor-element elementor-element-c8d8078 e-con-full e-flex e-con e-child\" data-id=\"c8d8078\" data-element_type=\"container\" data-e-type=\"container\" data-settings=\"{&quot;jet_parallax_layout_list&quot;:[]}\">\n\t\t\t\t<div class=\"elementor-element elementor-element-f1d827e elementor-widget elementor-widget-heading\" data-id=\"f1d827e\" data-element_type=\"widget\" data-e-type=\"widget\" data-widget_type=\"heading.default\">\n\t\t\t\t<div class=\"elementor-widget-container\">\n\t\t\t\t\t<h2 class=\"elementor-heading-title elementor-size-default\">Plat\u0103 Ramburs<\/h2>\t\t\t\t<\/div>\n\t\t\t\t<\/div>\n\t\t\t\t<\/div>\n\t\t<div class=\"elementor-element elementor-element-69db27e e-con-full e-flex e-con e-child\" data-id=\"69db27e\" data-element_type=\"container\" data-e-type=\"container\" data-settings=\"{&quot;jet_parallax_layout_list&quot;:[]}\">\n\t\t\t\t<div class=\"elementor-element elementor-element-c9930e1 elementor-widget elementor-widget-text-editor\" data-id=\"c9930e1\" data-element_type=\"widget\" data-e-type=\"widget\" data-widget_type=\"text-editor.default\">\n\t\t\t\t<div class=\"elementor-widget-container\">\n\t\t\t\t\t\t\t\t\t<p>Dac\u0103 alege\u021bi aceast\u0103 metod\u0103 de plat\u0103, ave\u021bi posibilitatea de a pl\u0103ti produsele curierului care va face livrarea. (Suma achitat\u0103 c\u0103tre curier include \u0219i costul transportului \u0219i toate taxele aferente)<\/p>\t\t\t\t\t\t\t\t<\/div>\n\t\t\t\t<\/div>\n\t\t\t\t<\/div>\n\t\t\t\t<\/div>\n\t\t<div class=\"elementor-element elementor-element-37178d2 e-con-full e-flex e-con e-child\" data-id=\"37178d2\" data-element_type=\"container\" data-e-type=\"container\" data-settings=\"{&quot;background_background&quot;:&quot;classic&quot;,&quot;jet_parallax_layout_list&quot;:[]}\">\n\t\t<div class=\"elementor-element elementor-element-00a18ef e-con-full e-flex e-con e-child\" data-id=\"00a18ef\" data-element_type=\"container\" data-e-type=\"container\" data-settings=\"{&quot;jet_parallax_layout_list&quot;:[]}\">\n\t\t\t\t<div class=\"elementor-element elementor-element-61f0b80 elementor-widget elementor-widget-heading\" data-id=\"61f0b80\" data-element_type=\"widget\" data-e-type=\"widget\" data-widget_type=\"heading.default\">\n\t\t\t\t<div class=\"elementor-widget-container\">\n\t\t\t\t\t<h2 class=\"elementor-heading-title elementor-size-default\">Plata online prin card bancar (Netopia Payments) <\/h2>\t\t\t\t<\/div>\n\t\t\t\t<\/div>\n\t\t\t\t<\/div>\n\t\t<div class=\"elementor-element elementor-element-8a9f853 e-con-full e-flex e-con e-child\" data-id=\"8a9f853\" data-element_type=\"container\" data-e-type=\"container\" data-settings=\"{&quot;jet_parallax_layout_list&quot;:[]}\">\n\t\t\t\t<div class=\"elementor-element elementor-element-f1489c0 elementor-widget elementor-widget-text-editor\" data-id=\"f1489c0\" data-element_type=\"widget\" data-e-type=\"widget\" data-widget_type=\"text-editor.default\">\n\t\t\t\t<div class=\"elementor-widget-container\">\n\t\t\t\t\t\t\t\t\t<p>Prin plata online cu card bancar, ve\u021bi achita suma \u00eentreag\u0103 indiferent de modalitatea de livrare aleas\u0103.<\/p>\t\t\t\t\t\t\t\t<\/div>\n\t\t\t\t<\/div>\n\t\t\t\t<div class=\"elementor-element elementor-element-c0b047f elementor-widget elementor-widget-text-editor\" data-id=\"c0b047f\" data-element_type=\"widget\" data-e-type=\"widget\" data-widget_type=\"text-editor.default\">\n\t\t\t\t<div class=\"elementor-widget-container\">\n\t\t\t\t\t\t\t\t\tPl\u0103te\u0219te \u00een siguran\u021b\u0103, u\u0219or \u0219i rapid! Tranzac\u021biile sunt procesate 3D-Secure!\t\t\t\t\t\t\t\t<\/div>\n\t\t\t\t<\/div>\n\t\t\t\t<\/div>\n\t\t\t\t<\/div>\n\t\t<div class=\"elementor-element elementor-element-23043de e-con-full e-flex e-con e-child\" data-id=\"23043de\" data-element_type=\"container\" data-e-type=\"container\" data-settings=\"{&quot;background_background&quot;:&quot;classic&quot;,&quot;jet_parallax_layout_list&quot;:[]}\">\n\t\t<div class=\"elementor-element elementor-element-5e847c5 e-con-full e-flex e-con e-child\" data-id=\"5e847c5\" data-element_type=\"container\" data-e-type=\"container\" data-settings=\"{&quot;jet_parallax_layout_list&quot;:[]}\">\n\t\t\t\t<div class=\"elementor-element elementor-element-7bb4d1f elementor-widget elementor-widget-heading\" data-id=\"7bb4d1f\" data-element_type=\"widget\" data-e-type=\"widget\" data-widget_type=\"heading.default\">\n\t\t\t\t<div class=\"elementor-widget-container\">\n\t\t\t\t\t<h2 class=\"elementor-heading-title elementor-size-default\">Transfer bancar (Ordin de plat\u0103)<\/h2>\t\t\t\t<\/div>\n\t\t\t\t<\/div>\n\t\t\t\t<\/div>\n\t\t<div class=\"elementor-element elementor-element-ef28d66 e-con-full e-flex e-con e-child\" data-id=\"ef28d66\" data-element_type=\"container\" data-e-type=\"container\" data-settings=\"{&quot;jet_parallax_layout_list&quot;:[]}\">\n\t\t\t\t<div class=\"elementor-element elementor-element-77e1d22 elementor-widget elementor-widget-text-editor\" data-id=\"77e1d22\" data-element_type=\"widget\" data-e-type=\"widget\" data-widget_type=\"text-editor.default\">\n\t\t\t\t<div class=\"elementor-widget-container\">\n\t\t\t\t\t\t\t\t\tDup\u0103 finalizarea comenzii se genereaz\u0103 o factur\u0103 proform\u0103 care vi se trimite prin e-mail. Contul bancar pe care ve\u021bi putea vira plata este trecut \u00een factura proform\u0103.\t\t\t\t\t\t\t\t<\/div>\n\t\t\t\t<\/div>\n\t\t\t\t<div class=\"elementor-element elementor-element-4773611 elementor-widget elementor-widget-text-editor\" data-id=\"4773611\" data-element_type=\"widget\" data-e-type=\"widget\" data-widget_type=\"text-editor.default\">\n\t\t\t\t<div class=\"elementor-widget-container\">\n\t\t\t\t\t\t\t\t\tDetaliile pentru acest tip de plata se vor afi\u0219a \u0219i dupa finalizarea comenzii.\t\t\t\t\t\t\t\t<\/div>\n\t\t\t\t<\/div>\n\t\t\t\t<div class=\"elementor-element elementor-element-3f7dd61 elementor-widget elementor-widget-text-editor\" data-id=\"3f7dd61\" data-element_type=\"widget\" data-e-type=\"widget\" data-widget_type=\"text-editor.default\">\n\t\t\t\t<div class=\"elementor-widget-container\">\n\t\t\t\t\t\t\t\t\tProdusele vor fi trimise c\u0103tre Dvs. \u00een momentul \u00een care apare plata dvs. \u00een contul bancar FABER IMPEX SRL\t\t\t\t\t\t\t\t<\/div>\n\t\t\t\t<\/div>\n\t\t\t\t<\/div>\n\t\t\t\t<\/div>\n\t\t\t\t<div class=\"elementor-element elementor-element-1787e8b elementor-widget__width-initial elementor-widget elementor-widget-text-editor\" data-id=\"1787e8b\" data-element_type=\"widget\" data-e-type=\"widget\" data-widget_type=\"text-editor.default\">\n\t\t\t\t<div class=\"elementor-widget-container\">\n\t\t\t\t\t\t\t\t\t<p>\u00cen cazul comenzilor livrare prin curierat rapid factura nu va fi inso\u021bit\u0103 de chitan\u021ba, documentele de plat\u0103 vor fi emise de firma de curierat rapid care efectueaz\u0103 livrarea.<\/p><p>Unele produse \u00ee\u0219i pot schimba ambalajul, \u00eenainte ca noi s\u0103 facem modific\u0103rile de imagine din cadrul site-ului dar produsul r\u0103m\u00e2ne neschimbat din punct de vedere al compozi\u021biei, calit\u0103\u021bii \u0219i greut\u0103\u021bii.<\/p>\t\t\t\t\t\t\t\t<\/div>\n\t\t\t\t<\/div>\n\t\t\t\t\t<\/div>\n\t\t\t\t<\/div>\n\t\t\t\t<\/div>\n\t\t","protected":false},"excerpt":{"rendered":"<p>Numerar la Agent (la livrare) Aceast\u0103 op\u021biune v\u0103 ofer\u0103 posibilitatea de a pl\u0103ti produsele pe loc prin livrarea comenzii de c\u0103tre agen\u021bii Faber, care str\u0103bat s\u0103pt\u0103m\u00e2nal \u021bara \u00eentr-un interval bine predefinit. Plat\u0103 Ramburs Dac\u0103 alege\u021bi aceast\u0103 metod\u0103 de plat\u0103, ave\u021bi posibilitatea de a pl\u0103ti produsele curierului care va face livrarea. (Suma achitat\u0103 c\u0103tre curier include [&hellip;]<\/p>\n","protected":false},"author":1,"featured_media":0,"parent":0,"menu_order":0,"comment_status":"closed","ping_status":"closed","template":"","meta":{"footnotes":""},"class_list":["post-262","page","type-page","status-publish","hentry"],"_links":{"self":[{"href":"https:\/\/faberpet.ro\/stage\/wp-json\/wp\/v2\/pages\/262","targetHints":{"allow":["GET"]}}],"collection":[{"href":"https:\/\/faberpet.ro\/stage\/wp-json\/wp\/v2\/pages"}],"about":[{"href":"https:\/\/faberpet.ro\/stage\/wp-json\/wp\/v2\/types\/page"}],"author":[{"embeddable":true,"href":"https:\/\/faberpet.ro\/stage\/wp-json\/wp\/v2\/users\/1"}],"replies":[{"embeddable":true,"href":"https:\/\/faberpet.ro\/stage\/wp-json\/wp\/v2\/comments?post=262"}],"version-history":[{"count":0,"href":"https:\/\/faberpet.ro\/stage\/wp-json\/wp\/v2\/pages\/262\/revisions"}],"wp:attachment":[{"href":"https:\/\/faberpet.ro\/stage\/wp-json\/wp\/v2\/media?parent=262"}],"curies":[{"name":"wp","href":"https:\/\/api.w.org\/{rel}","templated":true}]}}