{"id":265,"date":"2024-10-20T22:01:42","date_gmt":"2024-10-20T19:01:42","guid":{"rendered":"https:\/\/faberpet.ro\/stage\/?page_id=265"},"modified":"2025-09-15T20:20:30","modified_gmt":"2025-09-15T18:20:30","slug":"livrare-si-transport","status":"publish","type":"page","link":"https:\/\/faberpet.ro\/stage\/livrare-si-transport\/","title":{"rendered":"Livrare \u0219i transport"},"content":{"rendered":"\t\t<div data-elementor-type=\"wp-page\" data-elementor-id=\"265\" class=\"elementor elementor-265\" data-elementor-post-type=\"page\">\n\t\t\t\t<div class=\"elementor-element elementor-element-12bc985 e-flex e-con-boxed e-con e-parent\" data-id=\"12bc985\" data-element_type=\"container\" data-e-type=\"container\" data-settings=\"{&quot;jet_parallax_layout_list&quot;:[]}\">\n\t\t\t\t\t<div class=\"e-con-inner\">\n\t\t\t\t<div class=\"elementor-element elementor-element-26903c4 elementor-widget__width-initial elementor-widget elementor-widget-text-editor\" data-id=\"26903c4\" data-element_type=\"widget\" data-e-type=\"widget\" data-widget_type=\"text-editor.default\">\n\t\t\t\t<div class=\"elementor-widget-container\">\n\t\t\t\t\t\t\t\t\t<p>Livrarea produselor comandate se poate face \u00een orice localitate din Romania.\u00a0<\/p>\t\t\t\t\t\t\t\t<\/div>\n\t\t\t\t<\/div>\n\t\t\t\t<div class=\"elementor-element elementor-element-168f335 elementor-widget__width-initial elementor-widget elementor-widget-text-editor\" data-id=\"168f335\" data-element_type=\"widget\" data-e-type=\"widget\" data-widget_type=\"text-editor.default\">\n\t\t\t\t<div class=\"elementor-widget-container\">\n\t\t\t\t\t\t\t\t\t<p>Durata livr\u0103rii pentru produsele livrabile din stoc termenul este de <strong>24-48 de ore<\/strong> de la confirmarea comenzii. Iar pentru produsele care nu au stoc termenul de livrare poate dep\u0103\u0219i 10-30 de zile.<\/p><p>Comenzile ajung \u00een general \u00een 1-2 zile lucr\u0103toare de la data la care sunt expediate din depozitul nostru.<\/p><p><strong>Program livr\u0103ri:<\/strong> Orarul de livrare este stabilit de serviciul de curierat rapid contractat pentru livrarea comenzilor.<\/p>\t\t\t\t\t\t\t\t<\/div>\n\t\t\t\t<\/div>\n\t\t<div class=\"elementor-element elementor-element-473a899 e-con-full e-flex e-con e-child\" data-id=\"473a899\" data-element_type=\"container\" data-e-type=\"container\" data-settings=\"{&quot;background_background&quot;:&quot;classic&quot;,&quot;jet_parallax_layout_list&quot;:[]}\">\n\t\t<div class=\"elementor-element elementor-element-6cdfd25 e-con-full e-flex e-con e-child\" data-id=\"6cdfd25\" data-element_type=\"container\" data-e-type=\"container\" data-settings=\"{&quot;jet_parallax_layout_list&quot;:[]}\">\n\t\t\t\t<div class=\"elementor-element elementor-element-383f4e0 elementor-widget elementor-widget-heading\" data-id=\"383f4e0\" data-element_type=\"widget\" data-e-type=\"widget\" data-widget_type=\"heading.default\">\n\t\t\t\t<div class=\"elementor-widget-container\">\n\t\t\t\t\t<h2 class=\"elementor-heading-title elementor-size-default\">Pentru Clien\u021bi (Persoane Fizice)<\/h2>\t\t\t\t<\/div>\n\t\t\t\t<\/div>\n\t\t\t\t<\/div>\n\t\t<div class=\"elementor-element elementor-element-2a8364c e-con-full e-flex e-con e-child\" data-id=\"2a8364c\" data-element_type=\"container\" data-e-type=\"container\" data-settings=\"{&quot;jet_parallax_layout_list&quot;:[]}\">\n\t\t\t\t<div class=\"elementor-element elementor-element-8b3c064 elementor-widget elementor-widget-text-editor\" data-id=\"8b3c064\" data-element_type=\"widget\" data-e-type=\"widget\" data-widget_type=\"text-editor.default\">\n\t\t\t\t<div class=\"elementor-widget-container\">\n\t\t\t\t\t\t\t\t\t<p>Livrare se face prin intermediul firmelor de curierat. Faber lucreaz\u0103 cu firmea de curierat rapid GLS.<\/p>\t\t\t\t\t\t\t\t<\/div>\n\t\t\t\t<\/div>\n\t\t\t\t<div class=\"elementor-element elementor-element-fba6061 elementor-widget elementor-widget-text-editor\" data-id=\"fba6061\" data-element_type=\"widget\" data-e-type=\"widget\" data-widget_type=\"text-editor.default\">\n\t\t\t\t<div class=\"elementor-widget-container\">\n\t\t\t\t\t\t\t\t\t<p>Costul standard pentru transport este de 17.29 RON. (Comand\u0103 minim\u0103 de 40 RON- valoare total\u0103)!<\/p><p>Costul pentru livrare la GLS Parcel Locker este de 9.90 RON. (Doar pentru colete cu o greutate maxim\u0103 de 5 kg)<\/p>\t\t\t\t\t\t\t\t<\/div>\n\t\t\t\t<\/div>\n\t\t\t\t<div class=\"elementor-element elementor-element-b244055 elementor-widget elementor-widget-text-editor\" data-id=\"b244055\" data-element_type=\"widget\" data-e-type=\"widget\" data-widget_type=\"text-editor.default\">\n\t\t\t\t<div class=\"elementor-widget-container\">\n\t\t\t\t\t\t\t\t\t<p>Costul standard pentru transport este de 17.29 RON. (Comand\u0103 minim\u0103 de 40 RON- valoare total\u0103)!<\/p>\t\t\t\t\t\t\t\t<\/div>\n\t\t\t\t<\/div>\n\t\t\t\t<div class=\"elementor-element elementor-element-d63434f elementor-widget elementor-widget-text-editor\" data-id=\"d63434f\" data-element_type=\"widget\" data-e-type=\"widget\" data-widget_type=\"text-editor.default\">\n\t\t\t\t<div class=\"elementor-widget-container\">\n\t\t\t\t\t\t\t\t\t<p>La cump\u0103r\u0103turi de peste 200 RON livrarea este gratuit\u0103.<\/p>\t\t\t\t\t\t\t\t<\/div>\n\t\t\t\t<\/div>\n\t\t\t\t<\/div>\n\t\t\t\t<\/div>\n\t\t<div class=\"elementor-element elementor-element-987df11 e-con-full e-flex e-con e-child\" data-id=\"987df11\" data-element_type=\"container\" data-e-type=\"container\" data-settings=\"{&quot;background_background&quot;:&quot;classic&quot;,&quot;jet_parallax_layout_list&quot;:[]}\">\n\t\t<div class=\"elementor-element elementor-element-fc8c22e e-con-full e-flex e-con e-child\" data-id=\"fc8c22e\" data-element_type=\"container\" data-e-type=\"container\" data-settings=\"{&quot;jet_parallax_layout_list&quot;:[]}\">\n\t\t\t\t<div class=\"elementor-element elementor-element-fe4106b elementor-widget elementor-widget-heading\" data-id=\"fe4106b\" data-element_type=\"widget\" data-e-type=\"widget\" data-widget_type=\"heading.default\">\n\t\t\t\t<div class=\"elementor-widget-container\">\n\t\t\t\t\t<h2 class=\"elementor-heading-title elementor-size-default\">Pentru Parteneri (Persoane Juridice)<\/h2>\t\t\t\t<\/div>\n\t\t\t\t<\/div>\n\t\t\t\t<\/div>\n\t\t<div class=\"elementor-element elementor-element-9463128 e-con-full e-flex e-con e-child\" data-id=\"9463128\" data-element_type=\"container\" data-e-type=\"container\" data-settings=\"{&quot;jet_parallax_layout_list&quot;:[]}\">\n\t\t\t\t<div class=\"elementor-element elementor-element-2afbc24 elementor-widget elementor-widget-text-editor\" data-id=\"2afbc24\" data-element_type=\"widget\" data-e-type=\"widget\" data-widget_type=\"text-editor.default\">\n\t\t\t\t<div class=\"elementor-widget-container\">\n\t\t\t\t\t\t\t\t\t<p>Livrare se face prin intermediul firmelor de curierat. Faber lucreaz\u0103 cu firmele de curierat rapid GLS.<br><\/p>\t\t\t\t\t\t\t\t<\/div>\n\t\t\t\t<\/div>\n\t\t\t\t<div class=\"elementor-element elementor-element-dbc2e4d elementor-widget elementor-widget-text-editor\" data-id=\"dbc2e4d\" data-element_type=\"widget\" data-e-type=\"widget\" data-widget_type=\"text-editor.default\">\n\t\t\t\t<div class=\"elementor-widget-container\">\n\t\t\t\t\t\t\t\t\t<p>Costul standard pentru transport este de 17.29 RON. (Comand\u0103 minim\u0103 de 40 RON- valoare total\u0103)!<\/p><p>Costul pentru livrare la GLS Parcel Locker este de 9.90 RON. (Doar pentru colete cu o greutate maxim\u0103 de 5 kg)<\/p>\t\t\t\t\t\t\t\t<\/div>\n\t\t\t\t<\/div>\n\t\t\t\t<div class=\"elementor-element elementor-element-52f4823 elementor-widget elementor-widget-text-editor\" data-id=\"52f4823\" data-element_type=\"widget\" data-e-type=\"widget\" data-widget_type=\"text-editor.default\">\n\t\t\t\t<div class=\"elementor-widget-container\">\n\t\t\t\t\t\t\t\t\t<p>Costul transportului este gratuit \u00een cazul comenzilor de peste 400 RON. (Comand\u0103 minim\u0103 este de 100 RON- valoare total\u0103)<\/p><p>\u00a0<\/p>\t\t\t\t\t\t\t\t<\/div>\n\t\t\t\t<\/div>\n\t\t\t\t<div class=\"elementor-element elementor-element-97f6648 elementor-widget elementor-widget-text-editor\" data-id=\"97f6648\" data-element_type=\"widget\" data-e-type=\"widget\" data-widget_type=\"text-editor.default\">\n\t\t\t\t<div class=\"elementor-widget-container\">\n\t\t\t\t\t\t\t\t\tLivrare prin agen\u021bii Faber &#8211; \nAgen\u021bii Faber str\u0103bat s\u0103pt\u0103m\u00e2nal zonele \u021b\u0103rii cu ma\u0219inile echipate ca \u0219i expozi\u021bie mobil\u0103 prelu\u00e2nd \u0219i livr\u00e2nd comenzi.\t\t\t\t\t\t\t\t<\/div>\n\t\t\t\t<\/div>\n\t\t\t\t<\/div>\n\t\t\t\t<\/div>\n\t\t\t\t<div class=\"elementor-element elementor-element-9401a18 elementor-widget__width-initial elementor-widget elementor-widget-text-editor\" data-id=\"9401a18\" data-element_type=\"widget\" data-e-type=\"widget\" data-widget_type=\"text-editor.default\">\n\t\t\t\t<div class=\"elementor-widget-container\">\n\t\t\t\t\t\t\t\t\t<p>V\u0103 rug\u0103m s\u0103 verifica\u021bi integritatea fizic\u0103 a coletelor \u00een prezen\u021ba curierului \u0219i s\u0103 cere\u021bi \u00eentocmirea unui proces verbal de constatare a daunelor \u00een cazul \u00een care coletele prezint\u0103 urme de deteriorare. Orice reclama\u021bie ulterioar\u0103 nu va fi luat\u0103 \u00een considerare.<\/p>\n<p>Ne rezerv\u0103m dreptul de a modifica pre\u021burile \u00een orice moment, f\u0103r\u0103 o notificare prealabil\u0103!<\/p>\n<p>Distribu\u021bia produselor c\u0103tre Partenerii Faber se desf\u0103\u0219oar\u0103 prin dou\u0103 modalit\u0103\u021bi:<\/p>\n<ul>\n<li>Prin agen\u021bii Faber care str\u0103bat \u021bara zi de zi ca s\u0103 v\u0103 ofere cele mai bune servicii. Odat\u0103 ce a\u021bi devenit partener \u0219i introdu\u0219i \u00een baza noastr\u0103 de date ve\u021bi putea plasa comenzi direct prin agen\u021bii no\u0219tri.&nbsp;<br><b style=\"background-color: transparent; color: var( --e-global-color-secondary ); font-family: var( --e-global-typography-text-font-family ), Sans-serif; text-align: var(--text-align);\">Contact Agent:<\/b><span style=\"background-color: transparent; color: var( --e-global-color-secondary ); font-family: var( --e-global-typography-text-font-family ), Sans-serif; font-weight: var( --e-global-typography-text-font-weight ); text-align: var(--text-align);\">&nbsp; +40 0742-091 699<\/span><\/li>\n<\/ul>\n<ul>\n<li>Prin Site-ul&nbsp;<strong>faberpet.ro<\/strong>&nbsp;care a fost creat ca o platform\u0103 de prezentare a produselor distribuite de noi pentru Parteneri (magazine en-detail). Deoarece Faber a adoptat \u00een primul r\u00e2nd modelul de v\u00e2nz\u0103ri en-gros.&nbsp;<strong>Pentru a vedea pre\u021burile avantajoase EN-Gros a produselor oferite de noi, este necesar s\u0103 v\u0103 crea\u021bi un cont pe site, ca Partener.<\/strong><\/li>\n<li><strong>Pre\u021burile afi\u0219ate f\u0103r\u0103 a v\u0103 \u00eenregistra sau loga sunt f\u0103r\u0103 reduceri!<\/strong>&nbsp;Pentru a lansa comand\u0103 trebuie s\u0103 v\u0103 loga\u021bi cu adresa de mail \u0219i parola Dvs., ad\u0103uga\u021bi-v\u0103 produsele dorite \u00een Co\u0219, dup\u0103 care pute\u021bi trimite comanda din meniul: Co\u0219ul Meu.&nbsp;<\/li>\n<\/ul>\n<p>\u00cen cazul \u00een care ave\u021bi vreo nel\u0103murire sau a\u021bi plasat o comand\u0103 \u0219i nu a\u021bi primit emailul de confirmare din partea noastr\u0103, v\u0103 rug\u0103m s\u0103 ne contacta\u021bi:<\/p>\n<p><b>Mobil<\/b>: +40 747-437 329<br><b>Email<\/b>: comenzi@faberpet.ro<\/p>\t\t\t\t\t\t\t\t<\/div>\n\t\t\t\t<\/div>\n\t\t\t\t\t<\/div>\n\t\t\t\t<\/div>\n\t\t\t\t<\/div>\n\t\t","protected":false},"excerpt":{"rendered":"<p>Livrarea produselor comandate se poate face \u00een orice localitate din Romania.\u00a0 Durata livr\u0103rii pentru produsele livrabile din stoc termenul este de 24-48 de ore de la confirmarea comenzii. Iar pentru produsele care nu au stoc termenul de livrare poate dep\u0103\u0219i 10-30 de zile. Comenzile ajung \u00een general \u00een 1-2 zile lucr\u0103toare de la data la [&hellip;]<\/p>\n","protected":false},"author":1,"featured_media":0,"parent":0,"menu_order":0,"comment_status":"closed","ping_status":"closed","template":"","meta":{"footnotes":""},"class_list":["post-265","page","type-page","status-publish","hentry"],"_links":{"self":[{"href":"https:\/\/faberpet.ro\/stage\/wp-json\/wp\/v2\/pages\/265","targetHints":{"allow":["GET"]}}],"collection":[{"href":"https:\/\/faberpet.ro\/stage\/wp-json\/wp\/v2\/pages"}],"about":[{"href":"https:\/\/faberpet.ro\/stage\/wp-json\/wp\/v2\/types\/page"}],"author":[{"embeddable":true,"href":"https:\/\/faberpet.ro\/stage\/wp-json\/wp\/v2\/users\/1"}],"replies":[{"embeddable":true,"href":"https:\/\/faberpet.ro\/stage\/wp-json\/wp\/v2\/comments?post=265"}],"version-history":[{"count":6,"href":"https:\/\/faberpet.ro\/stage\/wp-json\/wp\/v2\/pages\/265\/revisions"}],"predecessor-version":[{"id":14248,"href":"https:\/\/faberpet.ro\/stage\/wp-json\/wp\/v2\/pages\/265\/revisions\/14248"}],"wp:attachment":[{"href":"https:\/\/faberpet.ro\/stage\/wp-json\/wp\/v2\/media?parent=265"}],"curies":[{"name":"wp","href":"https:\/\/api.w.org\/{rel}","templated":true}]}}