{"id":12723,"date":"2025-03-27T13:42:39","date_gmt":"2025-03-27T11:42:39","guid":{"rendered":"https:\/\/faberpet.ro\/stage\/?post_type=product&#038;p=12723"},"modified":"2025-08-01T12:12:20","modified_gmt":"2025-08-01T10:12:20","slug":"castron-dublu-plastic-si-metal-20-3-l","status":"publish","type":"product","link":"https:\/\/faberpet.ro\/stage\/produs\/castron-dublu-plastic-si-metal-20-3-l\/","title":{"rendered":"Castron dublu plastic si metal 2*0.3 l"},"content":{"rendered":"<p>Este foarte practic pentru hr\u0103nirea animalelor, deosebit de rezistent. Prev\u0103zut cu suport antiderapant la baz\u0103, pentru a preveni alunecarea. Compartimentele f\u0103c\u00e2nd posibil\u0103 hr\u0103nirea animalelor \u00een condi\u021bii optime de igien\u0103 \u0219i confort. Interiorul metalic se poate deta\u0219a, astfel ob\u021binem patru castroane distincte pentru mai multe hrane diferite. Volumul de hran\u0103 este de 2&#215;0.3 si 2&#215;0.4 litri .<\/p>\n<p>IMPORTANT: Acest produs este disponibil \u00een diverse culori, a\u0219adar nu putem garanta livrarea unei anumite culori.<\/p>\n","protected":false},"excerpt":{"rendered":"<p>Este foarte practic pentru hr\u0103nirea animalelor, deosebit de rezistent. Prev\u0103zut cu suport antiderapant la baz\u0103, pentru a preveni alunecarea. Compartimentele f\u0103c\u00e2nd posibil\u0103 hr\u0103nirea animalelor \u00een condi\u021bii optime de igien\u0103 \u0219i confort. Interiorul metalic se poate deta\u0219a, astfel ob\u021binem patru castroane distincte pentru mai multe hrane diferite. Volumul de hran\u0103 este de 2&#215;0.3 si 2&#215;0.4 litri [&hellip;]<\/p>\n","protected":false},"featured_media":12725,"template":"","meta":[],"product_brand":[],"product_cat":[168,954,953],"product_tag":[982,983,984],"class_list":{"0":"post-12723","1":"product","2":"type-product","3":"status-publish","4":"has-post-thumbnail","6":"product_cat-caini","7":"product_cat-castroane","8":"product_cat-castroane-si-adapatoare","9":"product_tag-accesorii-pentru-caini","10":"product_tag-bol-pentru-caini","11":"product_tag-castron-dublu","13":"first","14":"instock","15":"shipping-taxable","16":"purchasable","17":"product-type-simple"},"_links":{"self":[{"href":"https:\/\/faberpet.ro\/stage\/wp-json\/wp\/v2\/product\/12723","targetHints":{"allow":["GET"]}}],"collection":[{"href":"https:\/\/faberpet.ro\/stage\/wp-json\/wp\/v2\/product"}],"about":[{"href":"https:\/\/faberpet.ro\/stage\/wp-json\/wp\/v2\/types\/product"}],"wp:featuredmedia":[{"embeddable":true,"href":"https:\/\/faberpet.ro\/stage\/wp-json\/wp\/v2\/media\/12725"}],"wp:attachment":[{"href":"https:\/\/faberpet.ro\/stage\/wp-json\/wp\/v2\/media?parent=12723"}],"wp:term":[{"taxonomy":"product_brand","embeddable":true,"href":"https:\/\/faberpet.ro\/stage\/wp-json\/wp\/v2\/product_brand?post=12723"},{"taxonomy":"product_cat","embeddable":true,"href":"https:\/\/faberpet.ro\/stage\/wp-json\/wp\/v2\/product_cat?post=12723"},{"taxonomy":"product_tag","embeddable":true,"href":"https:\/\/faberpet.ro\/stage\/wp-json\/wp\/v2\/product_tag?post=12723"}],"curies":[{"name":"wp","href":"https:\/\/api.w.org\/{rel}","templated":true}]}}