{"id":12909,"date":"2025-04-07T08:48:49","date_gmt":"2025-04-07T06:48:49","guid":{"rendered":"https:\/\/faberpet.ro\/stage\/?post_type=product&#038;p=12909"},"modified":"2025-08-04T08:38:58","modified_gmt":"2025-08-04T06:38:58","slug":"jucarie-pisici-soricel-3-piese-3-cm","status":"publish","type":"product","link":"https:\/\/faberpet.ro\/stage\/produs\/jucarie-pisici-soricel-3-piese-3-cm\/","title":{"rendered":"Jucarie pisici soricel 3 cm din 3 piese\/set"},"content":{"rendered":"<p>Este o juc\u0103rie de calitate pentru pisici fabricat\u0103 din polyester.<\/p>\n<p>Special conceput\u0103 s\u0103 atrag\u0103 \u0219i s\u0103 capteze aten\u021bia pisicilor.<\/p>\n<p>Are form\u0103 de \u0219oricel, pe care pisicile \u00ee\u0219i pot ascu\u021bi gheru\u021bele.<\/p>\n<p>U\u0219or de igienizat.<\/p>\n<p>Dimensiuni: 3 cm.<\/p>\n<p>Se vinde ambalat c\u00e2te 3 buc\/set! Pre\u021bul afi\u0219at este per set!<\/p>\n","protected":false},"excerpt":{"rendered":"<p>Este o juc\u0103rie de calitate pentru pisici fabricat\u0103 din polyester. Special conceput\u0103 s\u0103 atrag\u0103 \u0219i s\u0103 capteze aten\u021bia pisicilor. Are form\u0103 de \u0219oricel, pe care pisicile \u00ee\u0219i pot ascu\u021bi gheru\u021bele. U\u0219or de igienizat. Dimensiuni: 3 cm. Se vinde ambalat c\u00e2te 3 buc\/set! Pre\u021bul afi\u0219at este per set!<\/p>\n","protected":false},"featured_media":12910,"template":"","meta":[],"product_brand":[],"product_cat":[1122,171],"product_tag":[1337,1114,1338],"class_list":{"0":"post-12909","1":"product","2":"type-product","3":"status-publish","4":"has-post-thumbnail","6":"product_cat-jucarii-pisici","7":"product_cat-pisici","8":"product_tag-jucarie-soareci","9":"product_tag-jucarii-pisici","10":"product_tag-jucarii-pisicute","12":"first","13":"instock","14":"shipping-taxable","15":"purchasable","16":"product-type-simple"},"_links":{"self":[{"href":"https:\/\/faberpet.ro\/stage\/wp-json\/wp\/v2\/product\/12909","targetHints":{"allow":["GET"]}}],"collection":[{"href":"https:\/\/faberpet.ro\/stage\/wp-json\/wp\/v2\/product"}],"about":[{"href":"https:\/\/faberpet.ro\/stage\/wp-json\/wp\/v2\/types\/product"}],"wp:featuredmedia":[{"embeddable":true,"href":"https:\/\/faberpet.ro\/stage\/wp-json\/wp\/v2\/media\/12910"}],"wp:attachment":[{"href":"https:\/\/faberpet.ro\/stage\/wp-json\/wp\/v2\/media?parent=12909"}],"wp:term":[{"taxonomy":"product_brand","embeddable":true,"href":"https:\/\/faberpet.ro\/stage\/wp-json\/wp\/v2\/product_brand?post=12909"},{"taxonomy":"product_cat","embeddable":true,"href":"https:\/\/faberpet.ro\/stage\/wp-json\/wp\/v2\/product_cat?post=12909"},{"taxonomy":"product_tag","embeddable":true,"href":"https:\/\/faberpet.ro\/stage\/wp-json\/wp\/v2\/product_tag?post=12909"}],"curies":[{"name":"wp","href":"https:\/\/api.w.org\/{rel}","templated":true}]}}