{"id":12938,"date":"2025-04-08T08:06:37","date_gmt":"2025-04-08T06:06:37","guid":{"rendered":"https:\/\/faberpet.ro\/stage\/?post_type=product&#038;p=12938"},"modified":"2025-12-02T14:53:20","modified_gmt":"2025-12-02T12:53:20","slug":"pompa-aer-acvariu-ac-dc-sunsun-cu-acumulator-cp-602-21-l-min-1-5w","status":"publish","type":"product","link":"https:\/\/faberpet.ro\/stage\/produs\/pompa-aer-acvariu-ac-dc-sunsun-cu-acumulator-cp-602-21-l-min-1-5w\/","title":{"rendered":"Pompa aer acvariu AC\/DC SUNSUN cu acumulator CP-402 2*3.5 L\/min 1.5W"},"content":{"rendered":"<p>Aceast\u0103 <strong>pomp\u0103 aer acvariu cu baterii re\u00eenc\u0103rcabile<\/strong> este proiectat\u0103 pentru a func\u021biona \u00een condi\u021bii variate: fie c\u0103 e\u0219ti acas\u0103, la birou, \u00een camping sau la pescuit, vei beneficia de o oxigenare constant\u0103 \u0219i sigur\u0103. Un dispozitiv portabil care te scap\u0103 de grijile legate de prize \u0219i cabluri suplimentare.<\/p>\n<p>Buton de pornire.<\/p>\n<p>Dispune de port USB pentru \u00eenc\u0103rcare u\u0219oar\u0103 la orice sursa USB (laptop, \u00eenc\u0103rc\u0103tor de telefon, baterie extern\u0103 etc.), f\u0103r\u0103 s\u0103 fii nevoit s\u0103 achizi\u021bionezi un adaptor separat.<\/p>\n<p>Vine cu 2 piatr\u0103 de aer, 2 supap\u0103 de direc\u021bie unisens, 2 furtun de 2 m, \u0219i un distribuitor aer Y \u0219i un \u00eenc\u0103rc\u0103tor de 5V.<\/p>\n<p>Putere consumat\u0103: 1.5 W.<\/p>\n<p>Func\u021bioneaz\u0103 cu 5V.<\/p>\n<p>Capacitate baterie 4400 mA<\/p>\n<p>Debit de aer: 2*3,5 L\/min.<\/p>\n<p>Num\u0103rul ie\u0219irilor de aer: 2 ie\u0219iri.<\/p>\n<p>AC\/DC.<\/p>\n","protected":false},"excerpt":{"rendered":"<p>Aceast\u0103 pomp\u0103 aer acvariu cu baterii re\u00eenc\u0103rcabile este proiectat\u0103 pentru a func\u021biona \u00een condi\u021bii variate: fie c\u0103 e\u0219ti acas\u0103, la birou, \u00een camping sau la pescuit, vei beneficia de o oxigenare constant\u0103 \u0219i sigur\u0103. Un dispozitiv portabil care te scap\u0103 de grijile legate de prize \u0219i cabluri suplimentare. Buton de pornire. Dispune de port USB [&hellip;]<\/p>\n","protected":false},"featured_media":12941,"template":"","meta":[],"product_brand":[],"product_cat":[61,2017,2224],"product_tag":[2133,2235,2236],"class_list":{"0":"post-12938","1":"product","2":"type-product","3":"status-publish","4":"has-post-thumbnail","6":"product_cat-acvaristica","7":"product_cat-electrice","8":"product_cat-pompe-de-aer","9":"product_tag-pompa-aer-acvariu","10":"product_tag-pompa-aer-rs","11":"product_tag-rs-518a","13":"first","14":"instock","15":"shipping-taxable","16":"purchasable","17":"product-type-simple"},"_links":{"self":[{"href":"https:\/\/faberpet.ro\/stage\/wp-json\/wp\/v2\/product\/12938","targetHints":{"allow":["GET"]}}],"collection":[{"href":"https:\/\/faberpet.ro\/stage\/wp-json\/wp\/v2\/product"}],"about":[{"href":"https:\/\/faberpet.ro\/stage\/wp-json\/wp\/v2\/types\/product"}],"wp:featuredmedia":[{"embeddable":true,"href":"https:\/\/faberpet.ro\/stage\/wp-json\/wp\/v2\/media\/12941"}],"wp:attachment":[{"href":"https:\/\/faberpet.ro\/stage\/wp-json\/wp\/v2\/media?parent=12938"}],"wp:term":[{"taxonomy":"product_brand","embeddable":true,"href":"https:\/\/faberpet.ro\/stage\/wp-json\/wp\/v2\/product_brand?post=12938"},{"taxonomy":"product_cat","embeddable":true,"href":"https:\/\/faberpet.ro\/stage\/wp-json\/wp\/v2\/product_cat?post=12938"},{"taxonomy":"product_tag","embeddable":true,"href":"https:\/\/faberpet.ro\/stage\/wp-json\/wp\/v2\/product_tag?post=12938"}],"curies":[{"name":"wp","href":"https:\/\/api.w.org\/{rel}","templated":true}]}}