{"id":12982,"date":"2025-04-10T10:43:37","date_gmt":"2025-04-10T08:43:37","guid":{"rendered":"https:\/\/faberpet.ro\/stage\/?post_type=product&#038;p=12982"},"modified":"2025-08-01T08:50:43","modified_gmt":"2025-08-01T06:50:43","slug":"ornament-acvariu-epava-corabie-12-x-8-cm","status":"publish","type":"product","link":"https:\/\/faberpet.ro\/stage\/produs\/ornament-acvariu-epava-corabie-12-x-8-cm\/","title":{"rendered":"Ornament acvariu epava corabie 12 x 8 cm"},"content":{"rendered":"<p>Crea\u021bi o lume acvatic\u0103 plin\u0103 de culoare \u015fi imagina\u021bie cu ajutorul decorurilor, care te ajut\u0103 s\u0103 visezi \u00een clipele de relaxare oferite de imaginea acvariului. Pentru a crea o lume de basm \u00een acvariul t\u0103u, decorul reprezent\u00e2nd o corabie scufundat este punctul central de atrac\u0163ie, \u00een jurul c\u0103ruia graviteaz\u0103 toate celelalte elemente din peisajul subacvatic. Pe l\u00e2ng\u0103 aspectul estetic decorul, ornamentul are \u015fi un rol practic: acela de a oferi pe\u015ftilor \u015fi celorlalte vie\u0163uitoare marine un ad\u0103post sau loc de refugiu \u00een momentele c\u00e2nd ace\u015ftea se simt amenin\u0163a\u0163i. Decor realizat din r\u0103\u0219in\u0103 poliesteric\u0103, nu modific\u0103 caracteristicile fizico- chimice ale apei. Prezen\u0163a lui nu modific\u0103 calitatea apei din acvariu. Rezistent la ac\u0163iunea apei, poate fi folosit cu succes at\u00e2t \u00een acvariile de ap\u0103 dulce c\u00e2t \u015fi \u00een cele de ap\u0103 s\u0103rat\u0103. Nu con\u0163ine substan\u0163e toxice pentru pe\u015fti, plante sau alte vie\u021buitoare acvatice.<\/p>\n<p>Lungime decor: 12 cm<\/p>\n<p>\u00cen\u0103l\u021bimea decor: 8 cm<\/p>\n","protected":false},"excerpt":{"rendered":"<p>Crea\u021bi o lume acvatic\u0103 plin\u0103 de culoare \u015fi imagina\u021bie cu ajutorul decorurilor, care te ajut\u0103 s\u0103 visezi \u00een clipele de relaxare oferite de imaginea acvariului. Pentru a crea o lume de basm \u00een acvariul t\u0103u, decorul reprezent\u00e2nd o corabie scufundat este punctul central de atrac\u0163ie, \u00een jurul c\u0103ruia graviteaz\u0103 toate celelalte elemente din peisajul subacvatic. [&hellip;]<\/p>\n","protected":false},"featured_media":12983,"template":"","meta":[],"product_brand":[],"product_cat":[306,61,546],"product_tag":[555,556,554],"class_list":{"0":"post-12982","1":"product","2":"type-product","3":"status-publish","4":"has-post-thumbnail","6":"product_cat-accesorii-acvarii","7":"product_cat-acvaristica","8":"product_cat-ornamente","9":"product_tag-acvarii-ornamente","10":"product_tag-decoruri-acvarii","11":"product_tag-ornamente-acvariu","13":"first","14":"instock","15":"shipping-taxable","16":"purchasable","17":"product-type-simple"},"_links":{"self":[{"href":"https:\/\/faberpet.ro\/stage\/wp-json\/wp\/v2\/product\/12982","targetHints":{"allow":["GET"]}}],"collection":[{"href":"https:\/\/faberpet.ro\/stage\/wp-json\/wp\/v2\/product"}],"about":[{"href":"https:\/\/faberpet.ro\/stage\/wp-json\/wp\/v2\/types\/product"}],"wp:featuredmedia":[{"embeddable":true,"href":"https:\/\/faberpet.ro\/stage\/wp-json\/wp\/v2\/media\/12983"}],"wp:attachment":[{"href":"https:\/\/faberpet.ro\/stage\/wp-json\/wp\/v2\/media?parent=12982"}],"wp:term":[{"taxonomy":"product_brand","embeddable":true,"href":"https:\/\/faberpet.ro\/stage\/wp-json\/wp\/v2\/product_brand?post=12982"},{"taxonomy":"product_cat","embeddable":true,"href":"https:\/\/faberpet.ro\/stage\/wp-json\/wp\/v2\/product_cat?post=12982"},{"taxonomy":"product_tag","embeddable":true,"href":"https:\/\/faberpet.ro\/stage\/wp-json\/wp\/v2\/product_tag?post=12982"}],"curies":[{"name":"wp","href":"https:\/\/api.w.org\/{rel}","templated":true}]}}