{"id":14155,"date":"2025-08-28T08:06:56","date_gmt":"2025-08-28T06:06:56","guid":{"rendered":"https:\/\/faberpet.ro\/stage\/?post_type=product&#038;p=14155"},"modified":"2025-08-28T08:32:21","modified_gmt":"2025-08-28T06:32:21","slug":"decor-acvariu-castel-cu-moara-1411-cm-2","status":"publish","type":"product","link":"https:\/\/faberpet.ro\/stage\/produs\/decor-acvariu-castel-cu-moara-1411-cm-2\/","title":{"rendered":"Ornament acvariu coral verde 10*7 cm"},"content":{"rendered":"<p>Pe l\u00e2ng\u0103 aspectul estetic decorul, ornamentul are \u015fi un rol practic: acela de a oferi pe\u015ftilor \u015fi celorlalte vie\u0163uitoare marine un ad\u0103post sau loc de refugiu \u00een momentele c\u00e2nd ace\u015ftea se simt amenin\u0163a\u0163i.<br \/>\nDecor realizat din r\u0103\u015fin\u0103 poliesteric\u0103, nu modific\u0103 caracteristicile fizico-chimice ale apei.<br \/>\nPrezen\u0163a lui nu modific\u0103 calitatea apei din acvariu.<br \/>\nRezistent la ac\u0163iunea apei, poate fi folosit cu succes at\u00e2t \u00een acvariile de ap\u0103 dulce c\u00e2t \u015fi \u00een cele de ap\u0103 s\u0103rat\u0103.<br \/>\nNu con\u0163ine substan\u0163e toxice pentru pe\u015fti, plante sau alte vie\u0163uitoare acvatice.<\/p>\n<p>Dimensiuni: \u00een\u0103l\u021bime: 7 cm; l\u0103\u021bime: 10 cm;<\/p>\n","protected":false},"excerpt":{"rendered":"<p>Pe l\u00e2ng\u0103 aspectul estetic decorul, ornamentul are \u015fi un rol practic: acela de a oferi pe\u015ftilor \u015fi celorlalte vie\u0163uitoare marine un ad\u0103post sau loc de refugiu \u00een momentele c\u00e2nd ace\u015ftea se simt amenin\u0163a\u0163i. Decor realizat din r\u0103\u015fin\u0103 poliesteric\u0103, nu modific\u0103 caracteristicile fizico-chimice ale apei. Prezen\u0163a lui nu modific\u0103 calitatea apei din acvariu. Rezistent la ac\u0163iunea [&hellip;]<\/p>\n","protected":false},"featured_media":14157,"template":"","meta":[],"product_brand":[],"product_cat":[306,61,546],"product_tag":[550,549,543],"class_list":{"0":"post-14155","1":"product","2":"type-product","3":"status-publish","4":"has-post-thumbnail","6":"product_cat-accesorii-acvarii","7":"product_cat-acvaristica","8":"product_cat-ornamente","9":"product_tag-decor-acvarii","10":"product_tag-decor-acvariu","11":"product_tag-ornament-acvariu","13":"first","14":"instock","15":"shipping-taxable","16":"purchasable","17":"product-type-simple"},"_links":{"self":[{"href":"https:\/\/faberpet.ro\/stage\/wp-json\/wp\/v2\/product\/14155","targetHints":{"allow":["GET"]}}],"collection":[{"href":"https:\/\/faberpet.ro\/stage\/wp-json\/wp\/v2\/product"}],"about":[{"href":"https:\/\/faberpet.ro\/stage\/wp-json\/wp\/v2\/types\/product"}],"wp:featuredmedia":[{"embeddable":true,"href":"https:\/\/faberpet.ro\/stage\/wp-json\/wp\/v2\/media\/14157"}],"wp:attachment":[{"href":"https:\/\/faberpet.ro\/stage\/wp-json\/wp\/v2\/media?parent=14155"}],"wp:term":[{"taxonomy":"product_brand","embeddable":true,"href":"https:\/\/faberpet.ro\/stage\/wp-json\/wp\/v2\/product_brand?post=14155"},{"taxonomy":"product_cat","embeddable":true,"href":"https:\/\/faberpet.ro\/stage\/wp-json\/wp\/v2\/product_cat?post=14155"},{"taxonomy":"product_tag","embeddable":true,"href":"https:\/\/faberpet.ro\/stage\/wp-json\/wp\/v2\/product_tag?post=14155"}],"curies":[{"name":"wp","href":"https:\/\/api.w.org\/{rel}","templated":true}]}}