{"id":14569,"date":"2025-11-21T15:19:41","date_gmt":"2025-11-21T13:19:41","guid":{"rendered":"https:\/\/faberpet.ro\/stage\/?post_type=product&#038;p=14569"},"modified":"2025-11-28T08:21:20","modified_gmt":"2025-11-28T06:21:20","slug":"jucarie-soricel-mecanic-7-cm","status":"publish","type":"product","link":"https:\/\/faberpet.ro\/stage\/produs\/jucarie-soricel-mecanic-7-cm\/","title":{"rendered":"Jucarie soricel mecanic 7 cm"},"content":{"rendered":"<p>Juc\u0103ria este confec\u021bionat\u0103 din plastic \u0219i plu\u0219. Simpaticul \u0219oricel este acoperit cu un material pufos, care \u00eel face s\u0103 pare real. Pisica va g\u0103si \u00een el juc\u0103ria preferat\u0103, de care nu se va dezlipi c\u00e2t timp aceasta se va afla \u00een mi\u0219care.<\/p>\n<p>Stimuleaz\u0103 instinctul de joac\u0103 \u0219i de pr\u0103d\u0103tor al pisicii \u0219i o \u021bine ocupat\u0103 ore \u00eendelungate. Potrivit\u0103 pentru pisici. U\u0219or de igienizat.<\/p>\n<p>Lungime: 7 cm.<\/p>\n","protected":false},"excerpt":{"rendered":"<p>Juc\u0103ria este confec\u021bionat\u0103 din plastic \u0219i plu\u0219. Simpaticul \u0219oricel este acoperit cu un material pufos, care \u00eel face s\u0103 pare real. Pisica va g\u0103si \u00een el juc\u0103ria preferat\u0103, de care nu se va dezlipi c\u00e2t timp aceasta se va afla \u00een mi\u0219care. Stimuleaz\u0103 instinctul de joac\u0103 \u0219i de pr\u0103d\u0103tor al pisicii \u0219i o \u021bine ocupat\u0103 [&hellip;]<\/p>\n","protected":false},"featured_media":14573,"template":"","meta":[],"product_brand":[],"product_cat":[1122,171],"product_tag":[1237,1324,1327],"class_list":{"0":"post-14569","1":"product","2":"type-product","3":"status-publish","4":"has-post-thumbnail","6":"product_cat-jucarii-pisici","7":"product_cat-pisici","8":"product_tag-jucarie-pisici","9":"product_tag-jucarie-soricel","10":"product_tag-jucarie-soricel-mecanic","12":"first","13":"instock","14":"shipping-taxable","15":"purchasable","16":"product-type-simple"},"_links":{"self":[{"href":"https:\/\/faberpet.ro\/stage\/wp-json\/wp\/v2\/product\/14569","targetHints":{"allow":["GET"]}}],"collection":[{"href":"https:\/\/faberpet.ro\/stage\/wp-json\/wp\/v2\/product"}],"about":[{"href":"https:\/\/faberpet.ro\/stage\/wp-json\/wp\/v2\/types\/product"}],"wp:featuredmedia":[{"embeddable":true,"href":"https:\/\/faberpet.ro\/stage\/wp-json\/wp\/v2\/media\/14573"}],"wp:attachment":[{"href":"https:\/\/faberpet.ro\/stage\/wp-json\/wp\/v2\/media?parent=14569"}],"wp:term":[{"taxonomy":"product_brand","embeddable":true,"href":"https:\/\/faberpet.ro\/stage\/wp-json\/wp\/v2\/product_brand?post=14569"},{"taxonomy":"product_cat","embeddable":true,"href":"https:\/\/faberpet.ro\/stage\/wp-json\/wp\/v2\/product_cat?post=14569"},{"taxonomy":"product_tag","embeddable":true,"href":"https:\/\/faberpet.ro\/stage\/wp-json\/wp\/v2\/product_tag?post=14569"}],"curies":[{"name":"wp","href":"https:\/\/api.w.org\/{rel}","templated":true}]}}