{"id":14592,"date":"2025-11-27T11:36:53","date_gmt":"2025-11-27T09:36:53","guid":{"rendered":"https:\/\/faberpet.ro\/stage\/?post_type=product&#038;p=14592"},"modified":"2025-11-27T11:51:16","modified_gmt":"2025-11-27T09:51:16","slug":"suport-pentru-os-sepia-2","status":"publish","type":"product","link":"https:\/\/faberpet.ro\/stage\/produs\/suport-pentru-os-sepia-2\/","title":{"rendered":"Suport pentru os sepia sau mancare"},"content":{"rendered":"<p>Accesoriu practic din plastic ce va permite s\u0103 fixa\u021bi osul sepia, mei chiorchin\u0103 sau alte m\u00e2ncare pentru p\u0103s\u0103ri \u00een colivie.<\/p>\n<p>Rezistent, este realizat din material plastic.<\/p>\n<p>Se potrivesc tuturor tipurilor de cu\u015fti, colivii \u015fi voliere.<\/p>\n<p>&nbsp;<\/p>\n","protected":false},"excerpt":{"rendered":"<p>Accesoriu practic din plastic ce va permite s\u0103 fixa\u021bi osul sepia, mei chiorchin\u0103 sau alte m\u00e2ncare pentru p\u0103s\u0103ri \u00een colivie. Rezistent, este realizat din material plastic. Se potrivesc tuturor tipurilor de cu\u015fti, colivii \u015fi voliere. &nbsp;<\/p>\n","protected":false},"featured_media":14594,"template":"","meta":[],"product_brand":[],"product_cat":[2373,174],"product_tag":[2353,2386,2387],"class_list":{"0":"post-14592","1":"product","2":"type-product","3":"status-publish","4":"has-post-thumbnail","6":"product_cat-jucarii-si-accesorii-pasari","7":"product_cat-pasari","8":"product_tag-accesorii-pasari","9":"product_tag-ingrijire-pasari-exotice","10":"product_tag-suport-os-sepia","12":"first","13":"instock","14":"shipping-taxable","15":"purchasable","16":"product-type-simple"},"_links":{"self":[{"href":"https:\/\/faberpet.ro\/stage\/wp-json\/wp\/v2\/product\/14592","targetHints":{"allow":["GET"]}}],"collection":[{"href":"https:\/\/faberpet.ro\/stage\/wp-json\/wp\/v2\/product"}],"about":[{"href":"https:\/\/faberpet.ro\/stage\/wp-json\/wp\/v2\/types\/product"}],"wp:featuredmedia":[{"embeddable":true,"href":"https:\/\/faberpet.ro\/stage\/wp-json\/wp\/v2\/media\/14594"}],"wp:attachment":[{"href":"https:\/\/faberpet.ro\/stage\/wp-json\/wp\/v2\/media?parent=14592"}],"wp:term":[{"taxonomy":"product_brand","embeddable":true,"href":"https:\/\/faberpet.ro\/stage\/wp-json\/wp\/v2\/product_brand?post=14592"},{"taxonomy":"product_cat","embeddable":true,"href":"https:\/\/faberpet.ro\/stage\/wp-json\/wp\/v2\/product_cat?post=14592"},{"taxonomy":"product_tag","embeddable":true,"href":"https:\/\/faberpet.ro\/stage\/wp-json\/wp\/v2\/product_tag?post=14592"}],"curies":[{"name":"wp","href":"https:\/\/api.w.org\/{rel}","templated":true}]}}