{"id":3462,"date":"2024-10-21T20:30:25","date_gmt":"2024-10-21T17:30:25","guid":{"rendered":"https:\/\/faberpet.ro\/stage\/produs\/contra-alge-200-l-apa\/"},"modified":"2026-02-09T14:58:15","modified_gmt":"2026-02-09T12:58:15","slug":"contra-alge-200-l-apa","status":"publish","type":"product","link":"https:\/\/faberpet.ro\/stage\/produs\/contra-alge-200-l-apa\/","title":{"rendered":"Contra Alge, 200 l apa"},"content":{"rendered":"<p>Este o solu\u021bie eficace pentru \u00eenl\u0103turarea tuturor tipurilor de alge sau pentru limitarea dezvolt\u0103rii lor. Se administreaz\u0103 \u00een apa acvariului \u00een intervale de 4- 6 s\u0103pt\u0103m\u00e2ni sau mai repede dac\u0103 algele se \u00eenmul\u021besc. 10 ml la fiecare 50 litri de ap\u0103 din acvariu sau 1 ml pentru 5 l de ap\u0103. Nociv pentru fauna acvatic\u0103, poate cauza daune de lung\u0103 durat\u0103. Numai pentru apa de acvariu. Cantitate: 40 ml. Se vinde ambalat c\u00e2te 5 buc\/set! Pre\u021bul afi\u0219at este per buc!<\/p>\n","protected":false},"excerpt":{"rendered":"<p>Este o solu\u021bie eficace pentru \u00eenl\u0103turarea tuturor tipurilor de alge sau pentru limitarea dezvolt\u0103rii lor. Se administreaz\u0103 \u00een apa acvariului \u00een intervale de 4- 6 s\u0103pt\u0103m\u00e2ni sau mai repede dac\u0103 algele se \u00eenmul\u021besc. 10 ml la fiecare 50 litri de ap\u0103 din acvariu sau 1 ml pentru 5 l de ap\u0103. Nociv pentru fauna acvatic\u0103, [&hellip;]<\/p>\n","protected":false},"featured_media":8356,"template":"","meta":[],"product_brand":[],"product_cat":[61,127],"product_tag":[128,140,139],"class_list":{"0":"post-3462","1":"product","2":"type-product","3":"status-publish","4":"has-post-thumbnail","6":"product_cat-acvaristica","7":"product_cat-dezinfectante-apa","8":"product_tag-contra-alge","9":"product_tag-dezinfectant-contra-alge","10":"product_tag-tratare-apa-acvariu","12":"first","13":"instock","14":"shipping-taxable","15":"purchasable","16":"product-type-simple"},"_links":{"self":[{"href":"https:\/\/faberpet.ro\/stage\/wp-json\/wp\/v2\/product\/3462","targetHints":{"allow":["GET"]}}],"collection":[{"href":"https:\/\/faberpet.ro\/stage\/wp-json\/wp\/v2\/product"}],"about":[{"href":"https:\/\/faberpet.ro\/stage\/wp-json\/wp\/v2\/types\/product"}],"wp:featuredmedia":[{"embeddable":true,"href":"https:\/\/faberpet.ro\/stage\/wp-json\/wp\/v2\/media\/8356"}],"wp:attachment":[{"href":"https:\/\/faberpet.ro\/stage\/wp-json\/wp\/v2\/media?parent=3462"}],"wp:term":[{"taxonomy":"product_brand","embeddable":true,"href":"https:\/\/faberpet.ro\/stage\/wp-json\/wp\/v2\/product_brand?post=3462"},{"taxonomy":"product_cat","embeddable":true,"href":"https:\/\/faberpet.ro\/stage\/wp-json\/wp\/v2\/product_cat?post=3462"},{"taxonomy":"product_tag","embeddable":true,"href":"https:\/\/faberpet.ro\/stage\/wp-json\/wp\/v2\/product_tag?post=3462"}],"curies":[{"name":"wp","href":"https:\/\/api.w.org\/{rel}","templated":true}]}}