{"id":3480,"date":"2024-10-21T20:30:27","date_gmt":"2024-10-21T17:30:27","guid":{"rendered":"https:\/\/faberpet.ro\/stage\/produs\/nutrivit-solutie-nutritiva-pentru-plante-30-ml\/"},"modified":"2025-08-05T11:55:28","modified_gmt":"2025-08-05T09:55:28","slug":"nutrivit-solutie-nutritiva-pentru-plante-30-ml","status":"publish","type":"product","link":"https:\/\/faberpet.ro\/stage\/produs\/nutrivit-solutie-nutritiva-pentru-plante-30-ml\/","title":{"rendered":"Nutrivit &#8211; Solutie nutritiva pentru plante 30 ml"},"content":{"rendered":"<p>Recomand\u0103ri: Con\u021bine s\u0103ruri, microelemente \u0219i vitamine necesare cre\u0219terii plantelor de acvariu. Mod de administrare:Se administreaz\u0103 \u00een apa din acvariu. Se adaug\u0103 30 \u2013 40 pic\u0103turi (1 ml) Nutrivit la 5 litri de ap\u0103 (1 flacon la 150 litri ap\u0103). Se repet\u0103 la intervale de 1- 2 s\u0103pt\u0103m\u00e2ni. Se agit\u0103 \u00eenainte de administrare. Produsul nu este toxic pentru pe\u015fti \u015fi melci \u00een cantitatea recomandat\u0103. Con\u021binut:100 ml solu\u021bie con\u021bine: 120 mg azotat de calciu, 30 mg fosfat acid de potasiu, 20 mg clorur\u0103 de potasiu, 20 mg clorur\u0103 de sodiu, 30 mg sulfat de magneziu, 0, 01mg clorur\u0103 feroas\u0103, 0, 5 mg vitamina B1, 1 mg vitamina B2, 0, 8 mg vitamina B6, 0, 004 mg vitamina B12, 2 mg vitamina PP 1 mg pantotenat de calciu, 0, 002 mg biotin\u0103, 2 mg vitamina C, ap\u0103 ad 100 ml. Precau\u021bii:A se evita contactul cu ochii. A nu se \u00eenghi\u021bi. A nu se l\u0103sa la \u00eendem\u00e2na copiilor. A nu se refolosi flaconul dup\u0103 golire.<\/p>\n","protected":false},"excerpt":{"rendered":"<p>Recomand\u0103ri: Con\u021bine s\u0103ruri, microelemente \u0219i vitamine necesare cre\u0219terii plantelor de acvariu. Mod de administrare:Se administreaz\u0103 \u00een apa din acvariu. Se adaug\u0103 30 \u2013 40 pic\u0103turi (1 ml) Nutrivit la 5 litri de ap\u0103 (1 flacon la 150 litri ap\u0103). Se repet\u0103 la intervale de 1- 2 s\u0103pt\u0103m\u00e2ni. Se agit\u0103 \u00eenainte de administrare. Produsul nu este [&hellip;]<\/p>\n","protected":false},"featured_media":8373,"template":"","meta":[],"product_brand":[],"product_cat":[61,127],"product_tag":[156,118,160],"class_list":{"0":"post-3480","1":"product","2":"type-product","3":"status-publish","4":"has-post-thumbnail","6":"product_cat-acvaristica","7":"product_cat-dezinfectante-apa","8":"product_tag-dezinfectant-acvarii","9":"product_tag-dezinfectant-apa","10":"product_tag-solutie-nutritiva-plante","12":"first","13":"instock","14":"shipping-taxable","15":"purchasable","16":"product-type-simple"},"_links":{"self":[{"href":"https:\/\/faberpet.ro\/stage\/wp-json\/wp\/v2\/product\/3480","targetHints":{"allow":["GET"]}}],"collection":[{"href":"https:\/\/faberpet.ro\/stage\/wp-json\/wp\/v2\/product"}],"about":[{"href":"https:\/\/faberpet.ro\/stage\/wp-json\/wp\/v2\/types\/product"}],"wp:featuredmedia":[{"embeddable":true,"href":"https:\/\/faberpet.ro\/stage\/wp-json\/wp\/v2\/media\/8373"}],"wp:attachment":[{"href":"https:\/\/faberpet.ro\/stage\/wp-json\/wp\/v2\/media?parent=3480"}],"wp:term":[{"taxonomy":"product_brand","embeddable":true,"href":"https:\/\/faberpet.ro\/stage\/wp-json\/wp\/v2\/product_brand?post=3480"},{"taxonomy":"product_cat","embeddable":true,"href":"https:\/\/faberpet.ro\/stage\/wp-json\/wp\/v2\/product_cat?post=3480"},{"taxonomy":"product_tag","embeddable":true,"href":"https:\/\/faberpet.ro\/stage\/wp-json\/wp\/v2\/product_tag?post=3480"}],"curies":[{"name":"wp","href":"https:\/\/api.w.org\/{rel}","templated":true}]}}