{"id":3495,"date":"2024-10-21T20:30:29","date_gmt":"2024-10-21T17:30:29","guid":{"rendered":"https:\/\/faberpet.ro\/stage\/produs\/ulei-de-parafina-100-ml\/"},"modified":"2025-08-05T09:06:12","modified_gmt":"2025-08-05T07:06:12","slug":"ulei-de-parafina-100-ml","status":"publish","type":"product","link":"https:\/\/faberpet.ro\/stage\/produs\/ulei-de-parafina-100-ml\/","title":{"rendered":"Ulei de parafina &#8211; 100 ml"},"content":{"rendered":"<p>Recomand\u0103ri: Se indic\u0103 \u00een constipa\u0163ii (\u015fi \u00een cele spastice), indigestii, atonii gastrointestinale, atonia prestomacelor. Pentru evacuarea con\u0163inutului gastrointestinal fermentat, toxic. Mod de administrare:Per os. Dozaj recomandat: \u2013 animale mari 1- 2 L, c\u00e2ini 2- 3 linguri\u0163e. Precau\u021bii:A nu se l\u0103sa la \u00eendem\u00e2na copiilor. A nu se \u00eenghi\u0163i. A nu se refolosi flaconul dup\u0103 golire. Prezentare:100 ml<\/p>\n","protected":false},"excerpt":{"rendered":"<p>Recomand\u0103ri: Se indic\u0103 \u00een constipa\u0163ii (\u015fi \u00een cele spastice), indigestii, atonii gastrointestinale, atonia prestomacelor. Pentru evacuarea con\u0163inutului gastrointestinal fermentat, toxic. Mod de administrare:Per os. Dozaj recomandat: \u2013 animale mari 1- 2 L, c\u00e2ini 2- 3 linguri\u0163e. Precau\u021bii:A nu se l\u0103sa la \u00eendem\u00e2na copiilor. A nu se \u00eenghi\u0163i. A nu se refolosi flaconul dup\u0103 golire. Prezentare:100 [&hellip;]<\/p>\n","protected":false},"featured_media":8388,"template":"","meta":[],"product_brand":[],"product_cat":[167,168,169,172,171,184,185],"product_tag":[164,180,183],"class_list":{"0":"post-3495","1":"product","2":"type-product","3":"status-publish","4":"has-post-thumbnail","6":"product_cat-cai-si-vaci","7":"product_cat-caini","8":"product_cat-ingrijire-caini","9":"product_cat-ingrijire-pisici","10":"product_cat-pisici","11":"product_cat-suplimente-si-vitamine","12":"product_cat-suplimente-si-vitamine-ingrijire-pisici","13":"product_tag-adjuvant-ingrijire-animale","14":"product_tag-ingrijiri-animale","15":"product_tag-ulei-de-parafina","17":"first","18":"instock","19":"shipping-taxable","20":"purchasable","21":"product-type-simple"},"_links":{"self":[{"href":"https:\/\/faberpet.ro\/stage\/wp-json\/wp\/v2\/product\/3495","targetHints":{"allow":["GET"]}}],"collection":[{"href":"https:\/\/faberpet.ro\/stage\/wp-json\/wp\/v2\/product"}],"about":[{"href":"https:\/\/faberpet.ro\/stage\/wp-json\/wp\/v2\/types\/product"}],"wp:featuredmedia":[{"embeddable":true,"href":"https:\/\/faberpet.ro\/stage\/wp-json\/wp\/v2\/media\/8388"}],"wp:attachment":[{"href":"https:\/\/faberpet.ro\/stage\/wp-json\/wp\/v2\/media?parent=3495"}],"wp:term":[{"taxonomy":"product_brand","embeddable":true,"href":"https:\/\/faberpet.ro\/stage\/wp-json\/wp\/v2\/product_brand?post=3495"},{"taxonomy":"product_cat","embeddable":true,"href":"https:\/\/faberpet.ro\/stage\/wp-json\/wp\/v2\/product_cat?post=3495"},{"taxonomy":"product_tag","embeddable":true,"href":"https:\/\/faberpet.ro\/stage\/wp-json\/wp\/v2\/product_tag?post=3495"}],"curies":[{"name":"wp","href":"https:\/\/api.w.org\/{rel}","templated":true}]}}