{"id":3509,"date":"2024-10-21T20:30:31","date_gmt":"2024-10-21T17:30:31","guid":{"rendered":"https:\/\/faberpet.ro\/stage\/produs\/hrana-gran-pestisori-si-broscute-troco-prim-2-230gr\/"},"modified":"2025-08-05T11:49:32","modified_gmt":"2025-08-05T09:49:32","slug":"hrana-gran-pestisori-si-broscute-troco-prim-2-230gr","status":"publish","type":"product","link":"https:\/\/faberpet.ro\/stage\/produs\/hrana-gran-pestisori-si-broscute-troco-prim-2-230gr\/","title":{"rendered":"Hrana gran. pestisori si broscute TROCO PRIM 2 230gr"},"content":{"rendered":"<p>Hran\u0103 complet\u0103 pentru pe\u015fti exotici \u0219i broscu\u021be, granule de 2 mm. Con\u021bine to\u021bi nutri\u021bien\u021bii care are nevoie un pe\u0219te pentru a se dezvolta armonios \u0219i s\u0103n\u0103tos. Se administreaz\u0103 pe\u0219ti\u0219orilor \u0219i broscu\u021belor doar c\u00e2t consum\u0103 \u00een 5- 10 minute. A se evita supradozarea. Compozi\u021bie: Protein\u0103 brut\u0103 45%. gr\u0103sime brut\u0103 18%, celuloz\u0103 brut\u0103 1, 6%, cenu\u0219\u0103 8, 2%, fosfor 1, 2, calciu 1, 8%, sodiu 0, 4%, vitamina A 10000 UI\/kg, vitamina D3 1746 UI\/kg, vitamina E 200 mg\/kg, vitamina C 150 mg\/kg, fier 79 mg\/kg, iod 5, 2 mg\/kg, cobalt 1, 0 mg\/kg, cupru 5, 2 mg\/kg, mangan 21 mg\/kg, zinc 64 mg\/kg.<\/p>\n","protected":false},"excerpt":{"rendered":"<p>Hran\u0103 complet\u0103 pentru pe\u015fti exotici \u0219i broscu\u021be, granule de 2 mm. Con\u021bine to\u021bi nutri\u021bien\u021bii care are nevoie un pe\u0219te pentru a se dezvolta armonios \u0219i s\u0103n\u0103tos. Se administreaz\u0103 pe\u0219ti\u0219orilor \u0219i broscu\u021belor doar c\u00e2t consum\u0103 \u00een 5- 10 minute. A se evita supradozarea. Compozi\u021bie: Protein\u0103 brut\u0103 45%. gr\u0103sime brut\u0103 18%, celuloz\u0103 brut\u0103 1, 6%, cenu\u0219\u0103 8, [&hellip;]<\/p>\n","protected":false},"featured_media":8403,"template":"","meta":[],"product_brand":[],"product_cat":[61,188,86],"product_tag":[194,84,203],"class_list":{"0":"post-3509","1":"product","2":"type-product","3":"status-publish","4":"has-post-thumbnail","6":"product_cat-acvaristica","7":"product_cat-hrana-complexa-si-granulate","8":"product_cat-hrana-pesti-si-broscute","9":"product_tag-hrana-granulata","10":"product_tag-hrana-pesti-acvariu","11":"product_tag-troco-2","13":"first","14":"instock","15":"shipping-taxable","16":"purchasable","17":"product-type-simple"},"_links":{"self":[{"href":"https:\/\/faberpet.ro\/stage\/wp-json\/wp\/v2\/product\/3509","targetHints":{"allow":["GET"]}}],"collection":[{"href":"https:\/\/faberpet.ro\/stage\/wp-json\/wp\/v2\/product"}],"about":[{"href":"https:\/\/faberpet.ro\/stage\/wp-json\/wp\/v2\/types\/product"}],"wp:featuredmedia":[{"embeddable":true,"href":"https:\/\/faberpet.ro\/stage\/wp-json\/wp\/v2\/media\/8403"}],"wp:attachment":[{"href":"https:\/\/faberpet.ro\/stage\/wp-json\/wp\/v2\/media?parent=3509"}],"wp:term":[{"taxonomy":"product_brand","embeddable":true,"href":"https:\/\/faberpet.ro\/stage\/wp-json\/wp\/v2\/product_brand?post=3509"},{"taxonomy":"product_cat","embeddable":true,"href":"https:\/\/faberpet.ro\/stage\/wp-json\/wp\/v2\/product_cat?post=3509"},{"taxonomy":"product_tag","embeddable":true,"href":"https:\/\/faberpet.ro\/stage\/wp-json\/wp\/v2\/product_tag?post=3509"}],"curies":[{"name":"wp","href":"https:\/\/api.w.org\/{rel}","templated":true}]}}