{"id":3531,"date":"2024-10-21T20:30:34","date_gmt":"2024-10-21T17:30:34","guid":{"rendered":"https:\/\/faberpet.ro\/stage\/produs\/hrana-pentru-carasi-400-ml\/"},"modified":"2025-08-01T07:40:50","modified_gmt":"2025-08-01T05:40:50","slug":"hrana-pentru-carasi-400-ml","status":"publish","type":"product","link":"https:\/\/faberpet.ro\/stage\/produs\/hrana-pentru-carasi-400-ml\/","title":{"rendered":"Hrana pentru Carasi, 400 ml"},"content":{"rendered":"<p>Este o hran\u0103 de baz\u0103 pentru cara\u0219i \u0219i koi din acvariu sau din b\u0103l\u021bi. Fiind de origine vegetal\u0103, pentru a asigura o dezvoltare armonioas\u0103, este indicat\u0103 administrarea \u0219i a altor tipuri de hran\u0103 de origine animalier\u0103. R\u0103m\u00e2ne pe suprafa\u021ba apei. A se evita supradozarea! Se poate administra de mai multe ori pe zi, cantitate c\u00e2t se consume \u00een c\u00e2teva minute. A se p\u0103stra la loc uscat \u0219i r\u0103coros. Interzis consumului uman. Compozi\u021bie: Substan\u021ba uscat\u0103 92 %Protein\u0103 crud\u0103 min. 33 %Gr\u0103sime crud\u0103 max. 4 %<\/p>\n","protected":false},"excerpt":{"rendered":"<p>Este o hran\u0103 de baz\u0103 pentru cara\u0219i \u0219i koi din acvariu sau din b\u0103l\u021bi. Fiind de origine vegetal\u0103, pentru a asigura o dezvoltare armonioas\u0103, este indicat\u0103 administrarea \u0219i a altor tipuri de hran\u0103 de origine animalier\u0103. R\u0103m\u00e2ne pe suprafa\u021ba apei. A se evita supradozarea! Se poate administra de mai multe ori pe zi, cantitate c\u00e2t [&hellip;]<\/p>\n","protected":false},"featured_media":8426,"template":"","meta":[],"product_brand":[],"product_cat":[61,188,86],"product_tag":[245,88,244],"class_list":{"0":"post-3531","1":"product","2":"type-product","3":"status-publish","4":"has-post-thumbnail","6":"product_cat-acvaristica","7":"product_cat-hrana-complexa-si-granulate","8":"product_cat-hrana-pesti-si-broscute","9":"product_tag-hrana-carasi","10":"product_tag-hrana-pentru-pesti","11":"product_tag-hrana-pesti-uscat","13":"first","14":"instock","15":"shipping-taxable","16":"purchasable","17":"product-type-simple"},"_links":{"self":[{"href":"https:\/\/faberpet.ro\/stage\/wp-json\/wp\/v2\/product\/3531","targetHints":{"allow":["GET"]}}],"collection":[{"href":"https:\/\/faberpet.ro\/stage\/wp-json\/wp\/v2\/product"}],"about":[{"href":"https:\/\/faberpet.ro\/stage\/wp-json\/wp\/v2\/types\/product"}],"wp:featuredmedia":[{"embeddable":true,"href":"https:\/\/faberpet.ro\/stage\/wp-json\/wp\/v2\/media\/8426"}],"wp:attachment":[{"href":"https:\/\/faberpet.ro\/stage\/wp-json\/wp\/v2\/media?parent=3531"}],"wp:term":[{"taxonomy":"product_brand","embeddable":true,"href":"https:\/\/faberpet.ro\/stage\/wp-json\/wp\/v2\/product_brand?post=3531"},{"taxonomy":"product_cat","embeddable":true,"href":"https:\/\/faberpet.ro\/stage\/wp-json\/wp\/v2\/product_cat?post=3531"},{"taxonomy":"product_tag","embeddable":true,"href":"https:\/\/faberpet.ro\/stage\/wp-json\/wp\/v2\/product_tag?post=3531"}],"curies":[{"name":"wp","href":"https:\/\/api.w.org\/{rel}","templated":true}]}}