{"id":3554,"date":"2024-10-21T20:30:37","date_gmt":"2024-10-21T17:30:37","guid":{"rendered":"https:\/\/faberpet.ro\/stage\/produs\/hrana-granulata-carasi-granex-150-ml\/"},"modified":"2026-02-09T14:49:16","modified_gmt":"2026-02-09T12:49:16","slug":"hrana-granulata-carasi-granex-150-ml","status":"publish","type":"product","link":"https:\/\/faberpet.ro\/stage\/produs\/hrana-granulata-carasi-granex-150-ml\/","title":{"rendered":"Hrana granulata CARASI, GRANEX 150 ml"},"content":{"rendered":"<p>Hran\u0103 granulat\u0103 de calitate superioar\u0103 destinat\u0103 consumului pe\u0219tilor exotici ca hran\u0103 de baz\u0103. Con\u021bine to\u021bi nutri\u021bien\u021bii care are nevoie un pe\u0219te pentru a se dezvolta armonios \u0219i s\u0103n\u0103tos. Se administreaz\u0103 cantitate c\u00e2t se consuma \u00een c\u00e2teva minute. Se scufund\u0103 treptat la fundul apei. Granule diametru 1. 5- 2. 5 mm. A se evita supradozarea. Nu murd\u0103re\u0219te apa prin dizolvare. A se p\u0103stra la loc uscat \u0219i r\u0103coros! Con\u021bine : f\u0103in\u0103 de pe\u0219te, drojdie, soia, garnel\u0103, alge, gemen de gr\u00e2u, cereale 50%, vitamine \u0219i elemente minerale. Cantitate net\u0103: 40 gr. Compozi\u021bie: Substan\u021ba uscat\u0103 90 %Protein\u0103 crud\u0103 min. 25 %Gr\u0103sime crud\u0103 max. 10 %Se vinde ambalat c\u00e2te 5 buc\/set! Pre\u021bul afi\u0219at este per buc!<\/p>\n","protected":false},"excerpt":{"rendered":"<p>Hran\u0103 granulat\u0103 de calitate superioar\u0103 destinat\u0103 consumului pe\u0219tilor exotici ca hran\u0103 de baz\u0103. Con\u021bine to\u021bi nutri\u021bien\u021bii care are nevoie un pe\u0219te pentru a se dezvolta armonios \u0219i s\u0103n\u0103tos. Se administreaz\u0103 cantitate c\u00e2t se consuma \u00een c\u00e2teva minute. Se scufund\u0103 treptat la fundul apei. Granule diametru 1. 5- 2. 5 mm. A se evita supradozarea. Nu [&hellip;]<\/p>\n","protected":false},"featured_media":8449,"template":"","meta":[],"product_brand":[],"product_cat":[61,188,86],"product_tag":[191,282,213],"class_list":{"0":"post-3554","1":"product","2":"type-product","3":"status-publish","4":"has-post-thumbnail","6":"product_cat-acvaristica","7":"product_cat-hrana-complexa-si-granulate","8":"product_cat-hrana-pesti-si-broscute","9":"product_tag-caras-aurii","10":"product_tag-hrana-granulata-pentru-pesti","11":"product_tag-mancare-pesti-acvariu","13":"first","14":"instock","15":"shipping-taxable","16":"purchasable","17":"product-type-simple"},"_links":{"self":[{"href":"https:\/\/faberpet.ro\/stage\/wp-json\/wp\/v2\/product\/3554","targetHints":{"allow":["GET"]}}],"collection":[{"href":"https:\/\/faberpet.ro\/stage\/wp-json\/wp\/v2\/product"}],"about":[{"href":"https:\/\/faberpet.ro\/stage\/wp-json\/wp\/v2\/types\/product"}],"wp:featuredmedia":[{"embeddable":true,"href":"https:\/\/faberpet.ro\/stage\/wp-json\/wp\/v2\/media\/8449"}],"wp:attachment":[{"href":"https:\/\/faberpet.ro\/stage\/wp-json\/wp\/v2\/media?parent=3554"}],"wp:term":[{"taxonomy":"product_brand","embeddable":true,"href":"https:\/\/faberpet.ro\/stage\/wp-json\/wp\/v2\/product_brand?post=3554"},{"taxonomy":"product_cat","embeddable":true,"href":"https:\/\/faberpet.ro\/stage\/wp-json\/wp\/v2\/product_cat?post=3554"},{"taxonomy":"product_tag","embeddable":true,"href":"https:\/\/faberpet.ro\/stage\/wp-json\/wp\/v2\/product_tag?post=3554"}],"curies":[{"name":"wp","href":"https:\/\/api.w.org\/{rel}","templated":true}]}}