{"id":3618,"date":"2024-10-21T20:30:45","date_gmt":"2024-10-21T17:30:45","guid":{"rendered":"https:\/\/faberpet.ro\/stage\/produs\/aparat-de-masurat-densitate-sare\/"},"modified":"2025-08-01T08:09:53","modified_gmt":"2025-08-01T06:09:53","slug":"aparat-de-masurat-densitate-sare","status":"publish","type":"product","link":"https:\/\/faberpet.ro\/stage\/produs\/aparat-de-masurat-densitate-sare\/","title":{"rendered":"Aparat de masurat densitate sare"},"content":{"rendered":"<p>Hydrometrul este un instrument indispensabil acvaristului de ap\u0103 s\u0103rat\u0103, p\u0103strarea nivelului de salinitate \u00een parametrii optimi. Mai \u00eent\u00e2i pune\u021bi ap\u0103 \u00eentr- un pahar sau \u00eentr- o can\u0103 curat\u0103. \u00centroduce\u021bi m\u0103sur\u0103torul \u00een ap\u0103, avand grij\u0103 s\u0103 nu \u00eentroduce\u021bi prea tare m\u0103sur\u0103torul. A\u0219tepta\u021bi aproximativ 2- 3 secunde sau p\u00e2n\u0103 c\u00e2nd balansorul se stabilizeaz\u0103. Ideal pentru utilizare \u00een ap\u0103 de 20 \u00b0 &#8211; 30 \u00b0. U\u0219or de folosit. Domeniu de m\u0103surare: 1. 010- 1. 030 g \/ ml<\/p>\n","protected":false},"excerpt":{"rendered":"<p>Hydrometrul este un instrument indispensabil acvaristului de ap\u0103 s\u0103rat\u0103, p\u0103strarea nivelului de salinitate \u00een parametrii optimi. Mai \u00eent\u00e2i pune\u021bi ap\u0103 \u00eentr- un pahar sau \u00eentr- o can\u0103 curat\u0103. \u00centroduce\u021bi m\u0103sur\u0103torul \u00een ap\u0103, avand grij\u0103 s\u0103 nu \u00eentroduce\u021bi prea tare m\u0103sur\u0103torul. A\u0219tepta\u021bi aproximativ 2- 3 secunde sau p\u00e2n\u0103 c\u00e2nd balansorul se stabilizeaz\u0103. Ideal pentru utilizare \u00een [&hellip;]<\/p>\n","protected":false},"featured_media":8512,"template":"","meta":[],"product_brand":[],"product_cat":[306,61,378],"product_tag":[392,393,391],"class_list":{"0":"post-3618","1":"product","2":"type-product","3":"status-publish","4":"has-post-thumbnail","6":"product_cat-accesorii-acvarii","7":"product_cat-acvaristica","8":"product_cat-termometre","9":"product_tag-aparat-de-masurat-sare","10":"product_tag-hydrometer","11":"product_tag-masurare-sare","13":"first","14":"instock","15":"shipping-taxable","16":"purchasable","17":"product-type-simple"},"_links":{"self":[{"href":"https:\/\/faberpet.ro\/stage\/wp-json\/wp\/v2\/product\/3618","targetHints":{"allow":["GET"]}}],"collection":[{"href":"https:\/\/faberpet.ro\/stage\/wp-json\/wp\/v2\/product"}],"about":[{"href":"https:\/\/faberpet.ro\/stage\/wp-json\/wp\/v2\/types\/product"}],"wp:featuredmedia":[{"embeddable":true,"href":"https:\/\/faberpet.ro\/stage\/wp-json\/wp\/v2\/media\/8512"}],"wp:attachment":[{"href":"https:\/\/faberpet.ro\/stage\/wp-json\/wp\/v2\/media?parent=3618"}],"wp:term":[{"taxonomy":"product_brand","embeddable":true,"href":"https:\/\/faberpet.ro\/stage\/wp-json\/wp\/v2\/product_brand?post=3618"},{"taxonomy":"product_cat","embeddable":true,"href":"https:\/\/faberpet.ro\/stage\/wp-json\/wp\/v2\/product_cat?post=3618"},{"taxonomy":"product_tag","embeddable":true,"href":"https:\/\/faberpet.ro\/stage\/wp-json\/wp\/v2\/product_tag?post=3618"}],"curies":[{"name":"wp","href":"https:\/\/api.w.org\/{rel}","templated":true}]}}