{"id":3623,"date":"2024-10-21T20:30:46","date_gmt":"2024-10-21T17:30:46","guid":{"rendered":"https:\/\/faberpet.ro\/stage\/produs\/carbune-activ-pentru-acvarii-c-500\/"},"modified":"2025-08-01T08:11:15","modified_gmt":"2025-08-01T06:11:15","slug":"carbune-activ-pentru-acvarii-c-500","status":"publish","type":"product","link":"https:\/\/faberpet.ro\/stage\/produs\/carbune-activ-pentru-acvarii-c-500\/","title":{"rendered":"Carbune activ pentru acvarii RESUN C-500"},"content":{"rendered":"<p>C\u0103rbunele activ este un mediu de filtrare esen\u021bial pentru fiecare acvariu. Acest c\u0103rbune activ elimin\u0103 \u00een mod eficient mirosurile, detoxific\u0103 apa, elimin\u0103 metalele grele nocive, purific\u0103 \u0219i reduce duritatea apei. Mod de utilizare: Mai \u00eent\u00e2i se spal\u0103 c\u0103rbunele activ cu apa rece, apoi se pune \u00een carcasa filtrului de ap\u0103 sau \u00een locul buretului. Dozaj: s\u0103cule\u021bul de 500 de grame sunt suficiente pentru un volum de ap\u0103 de 300 litri pentru acvariile de ap\u0103 dulce \u0219i s\u0103rate sau 300 litri de ap\u0103 la acvariile marine. Acesta va \u00eencepe s\u0103 func\u021bioneze imediat. Se scoate carbonul activat din filtru atunci c\u00e2nd utiliza\u021bi orice tratamente. \u00cenlocui\u021bi dup\u0103 2 luni. Con\u021bine 300 g de c\u0103rbune activ granulat \u00een s\u0103cule\u021b de plas\u0103.<\/p>\n","protected":false},"excerpt":{"rendered":"<p>C\u0103rbunele activ este un mediu de filtrare esen\u021bial pentru fiecare acvariu. Acest c\u0103rbune activ elimin\u0103 \u00een mod eficient mirosurile, detoxific\u0103 apa, elimin\u0103 metalele grele nocive, purific\u0103 \u0219i reduce duritatea apei. Mod de utilizare: Mai \u00eent\u00e2i se spal\u0103 c\u0103rbunele activ cu apa rece, apoi se pune \u00een carcasa filtrului de ap\u0103 sau \u00een locul buretului. Dozaj: [&hellip;]<\/p>\n","protected":false},"featured_media":12649,"template":"","meta":[],"product_brand":[],"product_cat":[61,387,397],"product_tag":[402,403,401],"class_list":{"0":"post-3623","1":"product","2":"type-product","3":"status-publish","4":"has-post-thumbnail","6":"product_cat-acvaristica","7":"product_cat-echipamente-de-intretinere","8":"product_cat-elemente-filtrante","9":"product_tag-accesorii-acvariu","10":"product_tag-carbon-activ","11":"product_tag-carbune-activ-acvarii","13":"first","14":"instock","15":"shipping-taxable","16":"purchasable","17":"product-type-simple"},"_links":{"self":[{"href":"https:\/\/faberpet.ro\/stage\/wp-json\/wp\/v2\/product\/3623","targetHints":{"allow":["GET"]}}],"collection":[{"href":"https:\/\/faberpet.ro\/stage\/wp-json\/wp\/v2\/product"}],"about":[{"href":"https:\/\/faberpet.ro\/stage\/wp-json\/wp\/v2\/types\/product"}],"wp:featuredmedia":[{"embeddable":true,"href":"https:\/\/faberpet.ro\/stage\/wp-json\/wp\/v2\/media\/12649"}],"wp:attachment":[{"href":"https:\/\/faberpet.ro\/stage\/wp-json\/wp\/v2\/media?parent=3623"}],"wp:term":[{"taxonomy":"product_brand","embeddable":true,"href":"https:\/\/faberpet.ro\/stage\/wp-json\/wp\/v2\/product_brand?post=3623"},{"taxonomy":"product_cat","embeddable":true,"href":"https:\/\/faberpet.ro\/stage\/wp-json\/wp\/v2\/product_cat?post=3623"},{"taxonomy":"product_tag","embeddable":true,"href":"https:\/\/faberpet.ro\/stage\/wp-json\/wp\/v2\/product_tag?post=3623"}],"curies":[{"name":"wp","href":"https:\/\/api.w.org\/{rel}","templated":true}]}}