{"id":3659,"date":"2024-10-21T20:30:50","date_gmt":"2024-10-21T17:30:50","guid":{"rendered":"https:\/\/faberpet.ro\/stage\/produs\/hranitor-automat-acvariu-sobo-da-08\/"},"modified":"2025-08-01T08:30:16","modified_gmt":"2025-08-01T06:30:16","slug":"hranitor-automat-acvariu-sobo-da-08","status":"publish","type":"product","link":"https:\/\/faberpet.ro\/stage\/produs\/hranitor-automat-acvariu-sobo-da-08\/","title":{"rendered":"Hranitor automat acvariu SOBO DA-08"},"content":{"rendered":"<p>Alimentator automat cu baterii, ideal pentru hr\u0103nirea pe\u0219tilor \u00een perioadele de absen\u021b\u0103 prelungite. Cu dou\u0103 dimensiuni diferite ale rezervorului (60 \u0219i 100 g). Dispozitiv fiabil, u\u0219or de reglat la intervale de hr\u0103nire de 8, 12 sau 24 de ore \u0219i hr\u0103nire manual\u0103 prin simpla ap\u0103sare a unui buton. Cantitatea de hran\u0103 administrat\u0103 poate fi, de asemenea, ajustat\u0103. Poate fi montat pe un perete de sticl\u0103 sau a\u0219ezat pe acoperi\u0219ul unui acvariu. Func\u021bioneaz\u0103 cu dou\u0103 baterii AA. Bateriile nu sunt \u00eencluse \u00een pachet!<\/p>\n","protected":false},"excerpt":{"rendered":"<p>Alimentator automat cu baterii, ideal pentru hr\u0103nirea pe\u0219tilor \u00een perioadele de absen\u021b\u0103 prelungite. Cu dou\u0103 dimensiuni diferite ale rezervorului (60 \u0219i 100 g). Dispozitiv fiabil, u\u0219or de reglat la intervale de hr\u0103nire de 8, 12 sau 24 de ore \u0219i hr\u0103nire manual\u0103 prin simpla ap\u0103sare a unui buton. Cantitatea de hran\u0103 administrat\u0103 poate fi, de [&hellip;]<\/p>\n","protected":false},"featured_media":8553,"template":"","meta":[],"product_brand":[],"product_cat":[61,387,397],"product_tag":[452,450,451],"class_list":{"0":"post-3659","1":"product","2":"type-product","3":"status-publish","4":"has-post-thumbnail","6":"product_cat-acvaristica","7":"product_cat-echipamente-de-intretinere","8":"product_cat-elemente-filtrante","9":"product_tag-hranitor-automat","10":"product_tag-hranitor-automat-pesti","11":"product_tag-hranitor-pesti","13":"first","14":"instock","15":"shipping-taxable","16":"purchasable","17":"product-type-simple"},"_links":{"self":[{"href":"https:\/\/faberpet.ro\/stage\/wp-json\/wp\/v2\/product\/3659","targetHints":{"allow":["GET"]}}],"collection":[{"href":"https:\/\/faberpet.ro\/stage\/wp-json\/wp\/v2\/product"}],"about":[{"href":"https:\/\/faberpet.ro\/stage\/wp-json\/wp\/v2\/types\/product"}],"wp:featuredmedia":[{"embeddable":true,"href":"https:\/\/faberpet.ro\/stage\/wp-json\/wp\/v2\/media\/8553"}],"wp:attachment":[{"href":"https:\/\/faberpet.ro\/stage\/wp-json\/wp\/v2\/media?parent=3659"}],"wp:term":[{"taxonomy":"product_brand","embeddable":true,"href":"https:\/\/faberpet.ro\/stage\/wp-json\/wp\/v2\/product_brand?post=3659"},{"taxonomy":"product_cat","embeddable":true,"href":"https:\/\/faberpet.ro\/stage\/wp-json\/wp\/v2\/product_cat?post=3659"},{"taxonomy":"product_tag","embeddable":true,"href":"https:\/\/faberpet.ro\/stage\/wp-json\/wp\/v2\/product_tag?post=3659"}],"curies":[{"name":"wp","href":"https:\/\/api.w.org\/{rel}","templated":true}]}}