{"id":3664,"date":"2024-10-21T20:30:51","date_gmt":"2024-10-21T17:30:51","guid":{"rendered":"https:\/\/faberpet.ro\/stage\/produs\/capsula-de-hranitoare-tubifex\/"},"modified":"2025-08-01T08:31:27","modified_gmt":"2025-08-01T06:31:27","slug":"capsula-de-hranitoare-tubifex","status":"publish","type":"product","link":"https:\/\/faberpet.ro\/stage\/produs\/capsula-de-hranitoare-tubifex\/","title":{"rendered":"Capsula de hranitoare tubifex"},"content":{"rendered":"<p>Dispozitiv pentru p\u0103strarea hranei vii, previne \u00eempr\u0103\u0219tierea hranei vii (larve de \u021b\u00e2ntari, tubifex) sau congelate \u00een apa din acvariu. Se conecteaz\u0103 la pomp\u0103 de aer prin intermediul unui furtun de aer. Dimensiuni: \u00een\u0103l\u021bime &#8211; 7 cm, diametru &#8211; 6 cm.<\/p>\n","protected":false},"excerpt":{"rendered":"<p>Dispozitiv pentru p\u0103strarea hranei vii, previne \u00eempr\u0103\u0219tierea hranei vii (larve de \u021b\u00e2ntari, tubifex) sau congelate \u00een apa din acvariu. Se conecteaz\u0103 la pomp\u0103 de aer prin intermediul unui furtun de aer. Dimensiuni: \u00een\u0103l\u021bime &#8211; 7 cm, diametru &#8211; 6 cm.<\/p>\n","protected":false},"featured_media":8558,"template":"","meta":[],"product_brand":[],"product_cat":[61,387,397],"product_tag":[460,458,459],"class_list":{"0":"post-3664","1":"product","2":"type-product","3":"status-publish","4":"has-post-thumbnail","6":"product_cat-acvaristica","7":"product_cat-echipamente-de-intretinere","8":"product_cat-elemente-filtrante","9":"product_tag-hranitoare-congelate","10":"product_tag-hranitoare-pesti","11":"product_tag-hranitor-tubifex","13":"first","14":"instock","15":"shipping-taxable","16":"purchasable","17":"product-type-simple"},"_links":{"self":[{"href":"https:\/\/faberpet.ro\/stage\/wp-json\/wp\/v2\/product\/3664","targetHints":{"allow":["GET"]}}],"collection":[{"href":"https:\/\/faberpet.ro\/stage\/wp-json\/wp\/v2\/product"}],"about":[{"href":"https:\/\/faberpet.ro\/stage\/wp-json\/wp\/v2\/types\/product"}],"wp:featuredmedia":[{"embeddable":true,"href":"https:\/\/faberpet.ro\/stage\/wp-json\/wp\/v2\/media\/8558"}],"wp:attachment":[{"href":"https:\/\/faberpet.ro\/stage\/wp-json\/wp\/v2\/media?parent=3664"}],"wp:term":[{"taxonomy":"product_brand","embeddable":true,"href":"https:\/\/faberpet.ro\/stage\/wp-json\/wp\/v2\/product_brand?post=3664"},{"taxonomy":"product_cat","embeddable":true,"href":"https:\/\/faberpet.ro\/stage\/wp-json\/wp\/v2\/product_cat?post=3664"},{"taxonomy":"product_tag","embeddable":true,"href":"https:\/\/faberpet.ro\/stage\/wp-json\/wp\/v2\/product_tag?post=3664"}],"curies":[{"name":"wp","href":"https:\/\/api.w.org\/{rel}","templated":true}]}}