{"id":3716,"date":"2024-10-21T20:30:58","date_gmt":"2024-10-21T17:30:58","guid":{"rendered":"https:\/\/faberpet.ro\/stage\/produs\/filtru-de-rezerva-ptr-filtru-de-apa-my-5e\/"},"modified":"2025-08-01T08:46:53","modified_gmt":"2025-08-01T06:46:53","slug":"filtru-de-rezerva-ptr-filtru-de-apa-my-5e","status":"publish","type":"product","link":"https:\/\/faberpet.ro\/stage\/produs\/filtru-de-rezerva-ptr-filtru-de-apa-my-5e\/","title":{"rendered":"Filtru de rezerva ptr. filtru de apa MY-5E"},"content":{"rendered":"<p>Rezerv\u0103 pentru \u00eenlocuit ale filtrelor de ap\u0103 MY- 5E. Asigur\u0103 o filtrare biomecanic\u0103. Dimensiuni: 5, 5&#215;9, 5 cm. Se vinde ambalat c\u00e2te 4 buc\/set! Pre\u021bul afi\u0219at este per set!<\/p>\n","protected":false},"excerpt":{"rendered":"<p>Rezerv\u0103 pentru \u00eenlocuit ale filtrelor de ap\u0103 MY- 5E. Asigur\u0103 o filtrare biomecanic\u0103. Dimensiuni: 5, 5&#215;9, 5 cm. Se vinde ambalat c\u00e2te 4 buc\/set! Pre\u021bul afi\u0219at este per set!<\/p>\n","protected":false},"featured_media":8623,"template":"","meta":[],"product_brand":[],"product_cat":[61,488,387],"product_tag":[496,536,541],"class_list":{"0":"post-3716","1":"product","2":"type-product","3":"status-publish","4":"has-post-thumbnail","6":"product_cat-acvaristica","7":"product_cat-bureti-si-filtre-cu-burete","8":"product_cat-echipamente-de-intretinere","9":"product_tag-burete-rezerva","10":"product_tag-cartus-filtru-acvarii","11":"product_tag-my-5e","13":"first","14":"instock","15":"shipping-taxable","16":"purchasable","17":"product-type-simple"},"_links":{"self":[{"href":"https:\/\/faberpet.ro\/stage\/wp-json\/wp\/v2\/product\/3716","targetHints":{"allow":["GET"]}}],"collection":[{"href":"https:\/\/faberpet.ro\/stage\/wp-json\/wp\/v2\/product"}],"about":[{"href":"https:\/\/faberpet.ro\/stage\/wp-json\/wp\/v2\/types\/product"}],"wp:featuredmedia":[{"embeddable":true,"href":"https:\/\/faberpet.ro\/stage\/wp-json\/wp\/v2\/media\/8623"}],"wp:attachment":[{"href":"https:\/\/faberpet.ro\/stage\/wp-json\/wp\/v2\/media?parent=3716"}],"wp:term":[{"taxonomy":"product_brand","embeddable":true,"href":"https:\/\/faberpet.ro\/stage\/wp-json\/wp\/v2\/product_brand?post=3716"},{"taxonomy":"product_cat","embeddable":true,"href":"https:\/\/faberpet.ro\/stage\/wp-json\/wp\/v2\/product_cat?post=3716"},{"taxonomy":"product_tag","embeddable":true,"href":"https:\/\/faberpet.ro\/stage\/wp-json\/wp\/v2\/product_tag?post=3716"}],"curies":[{"name":"wp","href":"https:\/\/api.w.org\/{rel}","templated":true}]}}