{"id":3718,"date":"2024-10-21T20:30:58","date_gmt":"2024-10-21T17:30:58","guid":{"rendered":"https:\/\/faberpet.ro\/stage\/produs\/ornament-acvariu-corali-silicon-mic\/"},"modified":"2025-08-01T08:47:43","modified_gmt":"2025-08-01T06:47:43","slug":"ornament-acvariu-corali-silicon-mic","status":"publish","type":"product","link":"https:\/\/faberpet.ro\/stage\/produs\/ornament-acvariu-corali-silicon-mic\/","title":{"rendered":"Ornament acvariu corali silicon mic"},"content":{"rendered":"<p>Pe l\u00e2ng\u0103 aspectul estetic decorul, ornamentul are \u015fi un rol practic: acela de a oferi pe\u015ftilor \u015fi celorlalte vie\u0163uitoare marine un ad\u0103post sau loc de refugiu \u00een momentele c\u00e2nd ace\u015ftea se simt amenin\u0163a\u0163i. Prezen\u0163a lui nu modific\u0103 calitatea apei din acvariu. Realizate din materiale de \u00eenalt\u0103 calitate de silicon, netoxic \u015fi durabil. Rezistent la ac\u0163iunea apei, poate fi folosit cu succes at\u00e2t \u00een acvariile de ap\u0103 dulce c\u00e2t \u015fi \u00een cele de ap\u0103 s\u0103rat\u0103. Nu con\u0163ine substan\u0163e toxice pentru pe\u015fti, plante sau alte vie\u0163uitoare acvatice. Mai multe culori, elegant \u015fi frumos. \u00cen\u0103l\u021bime: 5 cm. Se vinde ambalat c\u00e2te 3 buc\/set! Pre\u021bul afi\u0219at este per set!<\/p>\n","protected":false},"excerpt":{"rendered":"<p>Pe l\u00e2ng\u0103 aspectul estetic decorul, ornamentul are \u015fi un rol practic: acela de a oferi pe\u015ftilor \u015fi celorlalte vie\u0163uitoare marine un ad\u0103post sau loc de refugiu \u00een momentele c\u00e2nd ace\u015ftea se simt amenin\u0163a\u0163i. Prezen\u0163a lui nu modific\u0103 calitatea apei din acvariu. Realizate din materiale de \u00eenalt\u0103 calitate de silicon, netoxic \u015fi durabil. Rezistent la ac\u0163iunea [&hellip;]<\/p>\n","protected":false},"featured_media":8625,"template":"","meta":[],"product_brand":[],"product_cat":[306,61,546],"product_tag":[545,543,544],"class_list":{"0":"post-3718","1":"product","2":"type-product","3":"status-publish","4":"has-post-thumbnail","6":"product_cat-accesorii-acvarii","7":"product_cat-acvaristica","8":"product_cat-ornamente","9":"product_tag-coral-silicon","10":"product_tag-ornament-acvariu","11":"product_tag-ornamente-pentru-acvarii","13":"first","14":"instock","15":"shipping-taxable","16":"purchasable","17":"product-type-simple"},"_links":{"self":[{"href":"https:\/\/faberpet.ro\/stage\/wp-json\/wp\/v2\/product\/3718","targetHints":{"allow":["GET"]}}],"collection":[{"href":"https:\/\/faberpet.ro\/stage\/wp-json\/wp\/v2\/product"}],"about":[{"href":"https:\/\/faberpet.ro\/stage\/wp-json\/wp\/v2\/types\/product"}],"wp:featuredmedia":[{"embeddable":true,"href":"https:\/\/faberpet.ro\/stage\/wp-json\/wp\/v2\/media\/8625"}],"wp:attachment":[{"href":"https:\/\/faberpet.ro\/stage\/wp-json\/wp\/v2\/media?parent=3718"}],"wp:term":[{"taxonomy":"product_brand","embeddable":true,"href":"https:\/\/faberpet.ro\/stage\/wp-json\/wp\/v2\/product_brand?post=3718"},{"taxonomy":"product_cat","embeddable":true,"href":"https:\/\/faberpet.ro\/stage\/wp-json\/wp\/v2\/product_cat?post=3718"},{"taxonomy":"product_tag","embeddable":true,"href":"https:\/\/faberpet.ro\/stage\/wp-json\/wp\/v2\/product_tag?post=3718"}],"curies":[{"name":"wp","href":"https:\/\/api.w.org\/{rel}","templated":true}]}}