{"id":3829,"date":"2024-10-21T20:31:13","date_gmt":"2024-10-21T17:31:13","guid":{"rendered":"https:\/\/faberpet.ro\/stage\/produs\/tablete-multivitamine-cu-calciu-pentru-caini-junior\/"},"modified":"2026-02-09T14:55:25","modified_gmt":"2026-02-09T12:55:25","slug":"tablete-multivitamine-cu-calciu-pentru-caini-junior","status":"publish","type":"product","link":"https:\/\/faberpet.ro\/stage\/produs\/tablete-multivitamine-cu-calciu-pentru-caini-junior\/","title":{"rendered":"Tablete multivitamine cu calciu pentru caini junior"},"content":{"rendered":"<p>Con\u021bine \u00een cantitate optimal\u0103 vitamine vitale \u0219i s\u0103ruri minerale necesare. este excelent pentru a completa necesit\u0103\u021bile crescute de vitamine \u0219i s\u0103ruri minerale la pui \u00een cre\u0219tere. Con\u021bin\u00e2nd praf de usturoi ajut\u0103 la \u00eent\u0103rirea sistemului imunitar \u0219i digestie Folosind cu regularitate asigur\u0103 pentru animalele de cas\u0103 dezvoltarea s\u0103n\u0103toas\u0103, rezisten\u021b\u0103 accentuat\u0103 fiind recomandat nu numai puilor dar \u0219i c\u00e2inilor adul\u021bi. 1 tablet\u0103 pe zi la o greutate de 5 kg! A se p\u0103stra la loc uscat \u0219i r\u0103coros! Compozi\u021bie analitic\u0103:Proteine crude 12 %Fibre crude 1%Cenu\u0219\u0103 5, 5 %Ingredien\u021bi: vitamina A, vitamine D3, vitamina E, vitamina B1, vitamina B2, vitamina B6, pantotenant de Ca- d, praf de usturoi 55, calciu 11%, fosfor 7. 5%Se vinde ambalat c\u00e2te 10 buc\/set! Pre\u021bul afi\u0219at este per buc!<\/p>\n","protected":false},"excerpt":{"rendered":"<p>Con\u021bine \u00een cantitate optimal\u0103 vitamine vitale \u0219i s\u0103ruri minerale necesare. este excelent pentru a completa necesit\u0103\u021bile crescute de vitamine \u0219i s\u0103ruri minerale la pui \u00een cre\u0219tere. Con\u021bin\u00e2nd praf de usturoi ajut\u0103 la \u00eent\u0103rirea sistemului imunitar \u0219i digestie Folosind cu regularitate asigur\u0103 pentru animalele de cas\u0103 dezvoltarea s\u0103n\u0103toas\u0103, rezisten\u021b\u0103 accentuat\u0103 fiind recomandat nu numai puilor dar [&hellip;]<\/p>\n","protected":false},"featured_media":8773,"template":"","meta":[],"product_brand":[],"product_cat":[168,169,184],"product_tag":[608],"class_list":{"0":"post-3829","1":"product","2":"type-product","3":"status-publish","4":"has-post-thumbnail","6":"product_cat-caini","7":"product_cat-ingrijire-caini","8":"product_cat-suplimente-si-vitamine","9":"product_tag-multivitamine-caini","11":"first","12":"instock","13":"shipping-taxable","14":"purchasable","15":"product-type-simple"},"_links":{"self":[{"href":"https:\/\/faberpet.ro\/stage\/wp-json\/wp\/v2\/product\/3829","targetHints":{"allow":["GET"]}}],"collection":[{"href":"https:\/\/faberpet.ro\/stage\/wp-json\/wp\/v2\/product"}],"about":[{"href":"https:\/\/faberpet.ro\/stage\/wp-json\/wp\/v2\/types\/product"}],"wp:featuredmedia":[{"embeddable":true,"href":"https:\/\/faberpet.ro\/stage\/wp-json\/wp\/v2\/media\/8773"}],"wp:attachment":[{"href":"https:\/\/faberpet.ro\/stage\/wp-json\/wp\/v2\/media?parent=3829"}],"wp:term":[{"taxonomy":"product_brand","embeddable":true,"href":"https:\/\/faberpet.ro\/stage\/wp-json\/wp\/v2\/product_brand?post=3829"},{"taxonomy":"product_cat","embeddable":true,"href":"https:\/\/faberpet.ro\/stage\/wp-json\/wp\/v2\/product_cat?post=3829"},{"taxonomy":"product_tag","embeddable":true,"href":"https:\/\/faberpet.ro\/stage\/wp-json\/wp\/v2\/product_tag?post=3829"}],"curies":[{"name":"wp","href":"https:\/\/api.w.org\/{rel}","templated":true}]}}