{"id":3835,"date":"2024-10-21T20:31:14","date_gmt":"2024-10-21T17:31:14","guid":{"rendered":"https:\/\/faberpet.ro\/stage\/produs\/zgarda-antiparazitara-pess-caini-adulti-apartament-60-cm\/"},"modified":"2025-08-08T14:49:22","modified_gmt":"2025-08-08T12:49:22","slug":"zgarda-antiparazitara-pess-caini-adulti-apartament-60-cm","status":"publish","type":"product","link":"https:\/\/faberpet.ro\/stage\/produs\/zgarda-antiparazitara-pess-caini-adulti-apartament-60-cm\/","title":{"rendered":"Zgarda antiparazitara PESS caini adulti apartament 60 cm"},"content":{"rendered":"<p>Aceast\u0103 zgard\u0103 poate fi utilizat\u0103 at\u00e2t pentru c\u00e2ini de diverse rase. Ea reprezint\u0103 rezisten\u021b\u0103 la umezeal\u0103, ceea ce nu \u00eei diminueaz\u0103 efectele. Animalele care intr\u0103 frecvent \u00een cotact cu alte animale, trebuie s\u0103 poarte zgarda de purici tot timpul. \u00cen timp ce animalele care nu sunt expuse a\u0219a de frecvent la alte animale vor purta zgarda p\u00e2n\u0103 ce parazi\u021bii dispar complet. Zgarda de pureci PESS trebuie ajustat\u0103 larg l\u00e2ng\u0103 zgarda obi\u0219nuit\u0103 \u0219i trebuie t\u0103iate orice margini \u00een plus. O parte a compozi\u021biei zgardei, PROPOXUR exte eliminat\u0103 \u00een timp \u0219i este complet inofensiv\u0103 pentru animalele de cas\u0103, dar suficient de puternic\u0103 pentru a distruge purecii \u0219i c\u0103pu\u0219ele. Puricii vor disp\u0103rea \u00een numai c\u00e2teva ore \u0219i c\u0103pu\u0219ele dup\u0103 12- 24 ore. Eficacitatea deplin\u0103 a insecticidului este de 3 luni; durata \u00een ambalaj este de 3 ani. Zgarda este complet lipsit\u0103 de toxicitate pt animale. Instruc\u021biunile de limba rom\u00e2n\u0103 sunt pe plicul care con\u021bine zgarda. Mijloace de precau\u021bie:Nu pune\u021bi zgarda la animalele tinere p\u00e2n\u0103 la 3 luni de via\u021b\u0103 sau \u0219i la c\u0103\u021belele care al\u0103pteaz\u0103. Dup\u0103 ce ag\u0103\u021ba\u021bi zgarda, sp\u0103la\u021bi m\u00e2inile cu ap\u0103 \u0219i s\u0103pun. Zgarda se p\u0103streaz\u0103 \u00eentr- un loc inaccesibil copiilor \u0219i departe de produsele alimentare. A se p\u0103stra departe de alimente \u0219i b\u0103uturi. Sp\u0103la\u021bi- v\u0103 m\u00e2ini bine dup\u0103 utilizare.<\/p>\n","protected":false},"excerpt":{"rendered":"<p>Aceast\u0103 zgard\u0103 poate fi utilizat\u0103 at\u00e2t pentru c\u00e2ini de diverse rase. Ea reprezint\u0103 rezisten\u021b\u0103 la umezeal\u0103, ceea ce nu \u00eei diminueaz\u0103 efectele. Animalele care intr\u0103 frecvent \u00een cotact cu alte animale, trebuie s\u0103 poarte zgarda de purici tot timpul. \u00cen timp ce animalele care nu sunt expuse a\u0219a de frecvent la alte animale vor purta [&hellip;]<\/p>\n","protected":false},"featured_media":8780,"template":"","meta":[],"product_brand":[],"product_cat":[168,169,170],"product_tag":[614,617,619],"class_list":{"0":"post-3835","1":"product","2":"type-product","3":"status-publish","4":"has-post-thumbnail","6":"product_cat-caini","7":"product_cat-ingrijire-caini","8":"product_cat-solutii-antiparazitare","9":"product_tag-zgarda-antiparazitara","10":"product_tag-zgarda-antipurici-caini","11":"product_tag-zgarda-antipurici-pisici","13":"first","14":"instock","15":"shipping-taxable","16":"purchasable","17":"product-type-simple"},"_links":{"self":[{"href":"https:\/\/faberpet.ro\/stage\/wp-json\/wp\/v2\/product\/3835","targetHints":{"allow":["GET"]}}],"collection":[{"href":"https:\/\/faberpet.ro\/stage\/wp-json\/wp\/v2\/product"}],"about":[{"href":"https:\/\/faberpet.ro\/stage\/wp-json\/wp\/v2\/types\/product"}],"wp:featuredmedia":[{"embeddable":true,"href":"https:\/\/faberpet.ro\/stage\/wp-json\/wp\/v2\/media\/8780"}],"wp:attachment":[{"href":"https:\/\/faberpet.ro\/stage\/wp-json\/wp\/v2\/media?parent=3835"}],"wp:term":[{"taxonomy":"product_brand","embeddable":true,"href":"https:\/\/faberpet.ro\/stage\/wp-json\/wp\/v2\/product_brand?post=3835"},{"taxonomy":"product_cat","embeddable":true,"href":"https:\/\/faberpet.ro\/stage\/wp-json\/wp\/v2\/product_cat?post=3835"},{"taxonomy":"product_tag","embeddable":true,"href":"https:\/\/faberpet.ro\/stage\/wp-json\/wp\/v2\/product_tag?post=3835"}],"curies":[{"name":"wp","href":"https:\/\/api.w.org\/{rel}","templated":true}]}}