{"id":3837,"date":"2024-10-21T20:31:14","date_gmt":"2024-10-21T17:31:14","guid":{"rendered":"https:\/\/faberpet.ro\/stage\/produs\/zgarda-antiparazitara-pess-caini-juniori-35-cm\/"},"modified":"2025-08-08T14:49:35","modified_gmt":"2025-08-08T12:49:35","slug":"zgarda-antiparazitara-pess-caini-juniori-35-cm","status":"publish","type":"product","link":"https:\/\/faberpet.ro\/stage\/produs\/zgarda-antiparazitara-pess-caini-juniori-35-cm\/","title":{"rendered":"Zgarda antiparazitara PESS caini juniori 35 cm"},"content":{"rendered":"<p>Pentru pui \u0219i c\u0103\u021bele gestante. Poate fi folosit\u0103 la c\u00e2ini \u0219i pisici pui, animale b\u0103tr\u00e2ne, bolnave, femele gestante etc. Se \u0219tie c\u0103 antiparazitarele sunt contraindicate de obicei la pui\u0219ori de c\u00e2ine sau pisic\u0103 \u0219i la femele gestante. Dar de cele mai multe ori, exact aceste animalu\u021be au cele mai mari probleme cu parazi\u021bii. Acum exist\u0103 solu\u021bia pentru a preveni infestarea cu parazi\u021bi: purici \u0219i c\u0103pu\u0219e. F\u0102R\u0102 contraindica\u021bii, aceasta zgard\u0103 antiparazitar\u0103 se bazeaz\u0103 pe ac\u021biunea natural\u0103 a unor plante \u0219i nu pe cea chimic\u0103, d\u0103un\u0103toare uneori \u0219i animalului. Folosi\u021bi cu \u00eencredere PESS BIO \u0219i ajuta\u021bi- v\u0103 prietenul necuv\u00e2nt\u0103tor s\u0103 scape de parazi\u021bi. \u00cen cazul pui\u0219orilor o zg\u0103rdi\u021b\u0103 poate fi \u00eemp\u0103r\u021bit\u0103 la mai multe animalu\u021be prin t\u0103iere. Lungimea ei fiind de 40 cm. Zgarda este complet lipsit\u0103 de toxicitate pt animale. Instruc\u021biunile de limba rom\u00e2n\u0103 sunt pe interiorul cutiei. Mijloace de precau\u021bie:Dup\u0103 ce ag\u0103\u021ba\u021bi zgarda, sp\u0103la\u021bi m\u00e2inile cu ap\u0103 \u0219i s\u0103pun. Zgarda se p\u0103streaz\u0103 \u00eentr- un loc inaccesibil copiilor \u0219i departe de produsele alimentare. A se p\u0103stra departe de alimente \u0219i b\u0103uturi. Sp\u0103la\u021bi- v\u0103 m\u00e2ini bine dup\u0103 utilizare.<\/p>\n","protected":false},"excerpt":{"rendered":"<p>Pentru pui \u0219i c\u0103\u021bele gestante. Poate fi folosit\u0103 la c\u00e2ini \u0219i pisici pui, animale b\u0103tr\u00e2ne, bolnave, femele gestante etc. Se \u0219tie c\u0103 antiparazitarele sunt contraindicate de obicei la pui\u0219ori de c\u00e2ine sau pisic\u0103 \u0219i la femele gestante. Dar de cele mai multe ori, exact aceste animalu\u021be au cele mai mari probleme cu parazi\u021bii. Acum exist\u0103 [&hellip;]<\/p>\n","protected":false},"featured_media":8782,"template":"","meta":[],"product_brand":[],"product_cat":[168,169,170],"product_tag":[614,617,619],"class_list":{"0":"post-3837","1":"product","2":"type-product","3":"status-publish","4":"has-post-thumbnail","6":"product_cat-caini","7":"product_cat-ingrijire-caini","8":"product_cat-solutii-antiparazitare","9":"product_tag-zgarda-antiparazitara","10":"product_tag-zgarda-antipurici-caini","11":"product_tag-zgarda-antipurici-pisici","13":"first","14":"instock","15":"shipping-taxable","16":"purchasable","17":"product-type-simple"},"_links":{"self":[{"href":"https:\/\/faberpet.ro\/stage\/wp-json\/wp\/v2\/product\/3837","targetHints":{"allow":["GET"]}}],"collection":[{"href":"https:\/\/faberpet.ro\/stage\/wp-json\/wp\/v2\/product"}],"about":[{"href":"https:\/\/faberpet.ro\/stage\/wp-json\/wp\/v2\/types\/product"}],"wp:featuredmedia":[{"embeddable":true,"href":"https:\/\/faberpet.ro\/stage\/wp-json\/wp\/v2\/media\/8782"}],"wp:attachment":[{"href":"https:\/\/faberpet.ro\/stage\/wp-json\/wp\/v2\/media?parent=3837"}],"wp:term":[{"taxonomy":"product_brand","embeddable":true,"href":"https:\/\/faberpet.ro\/stage\/wp-json\/wp\/v2\/product_brand?post=3837"},{"taxonomy":"product_cat","embeddable":true,"href":"https:\/\/faberpet.ro\/stage\/wp-json\/wp\/v2\/product_cat?post=3837"},{"taxonomy":"product_tag","embeddable":true,"href":"https:\/\/faberpet.ro\/stage\/wp-json\/wp\/v2\/product_tag?post=3837"}],"curies":[{"name":"wp","href":"https:\/\/api.w.org\/{rel}","templated":true}]}}