{"id":3881,"date":"2024-10-21T20:31:20","date_gmt":"2024-10-21T17:31:20","guid":{"rendered":"https:\/\/faberpet.ro\/stage\/produs\/covoras-igienic-pentru-caini-4560-cm-50-buc\/"},"modified":"2025-08-01T10:13:04","modified_gmt":"2025-08-01T08:13:04","slug":"covoras-igienic-pentru-caini-4560-cm-50-buc","status":"publish","type":"product","link":"https:\/\/faberpet.ro\/stage\/produs\/covoras-igienic-pentru-caini-4560-cm-50-buc\/","title":{"rendered":"Covoras igienic pentru caini 45*60 cm M 50 buc"},"content":{"rendered":"<p>Sunt confec\u021biona\u021bi dintr- un material super absorbant ce va re\u021bine toat\u0103 umezeala \u0219i mizeria. Se pot utiliza pentru c\u0103\u021beii cu incontinen\u021ba urinar\u0103, femele \u00een c\u0103lduri, c\u0103\u021bei care \u00eenc\u0103 nu au \u00eenv\u0103\u021bat s\u0103 urineze afar\u0103. Se a\u0219eaz\u0103 direct pe podea, cu partea filtrant\u0103 \u00eendreptat\u0103 \u00een sus, iar cea impermeabil\u0103, care \u00eempiedic\u0103 scurgerile de lichide, c\u0103tre podea. este optim \u0219i ca &#8220;toalet\u0103&#8221; pentru c\u00e2ini adul\u021bi \u00een cazul \u00een care nu e posibil\u0103 scoaterea acestora afar\u0103. \u00cen plus, e ideal pentru a proteja zonele \u00een care c\u00e2inele st\u0103 de obicei (fotolii, covoare, cu\u0219c\u0103 sau patul c\u00e2inelui). Sunt recomanda\u021bi \u0219i pentru c\u00e2ini stresa\u021bi, c\u0103l\u0103toriile lungi, antrenament. Pachetul con\u021bine 50 covora\u0219. M\u0103rime covora\u0219: 45*60 cm.<\/p>\n","protected":false},"excerpt":{"rendered":"<p>Sunt confec\u021biona\u021bi dintr- un material super absorbant ce va re\u021bine toat\u0103 umezeala \u0219i mizeria. Se pot utiliza pentru c\u0103\u021beii cu incontinen\u021ba urinar\u0103, femele \u00een c\u0103lduri, c\u0103\u021bei care \u00eenc\u0103 nu au \u00eenv\u0103\u021bat s\u0103 urineze afar\u0103. Se a\u0219eaz\u0103 direct pe podea, cu partea filtrant\u0103 \u00eendreptat\u0103 \u00een sus, iar cea impermeabil\u0103, care \u00eempiedic\u0103 scurgerile de lichide, c\u0103tre podea. [&hellip;]<\/p>\n","protected":false},"featured_media":8840,"template":"","meta":[],"product_brand":[],"product_cat":[597,168,641],"product_tag":[664,666,660],"class_list":{"0":"post-3881","1":"product","2":"type-product","3":"status-publish","4":"has-post-thumbnail","6":"product_cat-accesorii","7":"product_cat-caini","8":"product_cat-scutece","9":"product_tag-covoras-caini","10":"product_tag-covoras-igienic","11":"product_tag-ingrjire-caini","13":"first","14":"instock","15":"shipping-taxable","16":"purchasable","17":"product-type-simple"},"_links":{"self":[{"href":"https:\/\/faberpet.ro\/stage\/wp-json\/wp\/v2\/product\/3881","targetHints":{"allow":["GET"]}}],"collection":[{"href":"https:\/\/faberpet.ro\/stage\/wp-json\/wp\/v2\/product"}],"about":[{"href":"https:\/\/faberpet.ro\/stage\/wp-json\/wp\/v2\/types\/product"}],"wp:featuredmedia":[{"embeddable":true,"href":"https:\/\/faberpet.ro\/stage\/wp-json\/wp\/v2\/media\/8840"}],"wp:attachment":[{"href":"https:\/\/faberpet.ro\/stage\/wp-json\/wp\/v2\/media?parent=3881"}],"wp:term":[{"taxonomy":"product_brand","embeddable":true,"href":"https:\/\/faberpet.ro\/stage\/wp-json\/wp\/v2\/product_brand?post=3881"},{"taxonomy":"product_cat","embeddable":true,"href":"https:\/\/faberpet.ro\/stage\/wp-json\/wp\/v2\/product_cat?post=3881"},{"taxonomy":"product_tag","embeddable":true,"href":"https:\/\/faberpet.ro\/stage\/wp-json\/wp\/v2\/product_tag?post=3881"}],"curies":[{"name":"wp","href":"https:\/\/api.w.org\/{rel}","templated":true}]}}