{"id":3901,"date":"2024-10-21T20:31:22","date_gmt":"2024-10-21T17:31:22","guid":{"rendered":"https:\/\/faberpet.ro\/stage\/produs\/role-pentru-curatat-par-si-scame-10-cm\/"},"modified":"2025-08-01T10:19:19","modified_gmt":"2025-08-01T08:19:19","slug":"role-pentru-curatat-par-si-scame-10-cm","status":"publish","type":"product","link":"https:\/\/faberpet.ro\/stage\/produs\/role-pentru-curatat-par-si-scame-10-cm\/","title":{"rendered":"Role pentru curatat par si scame 10 cm"},"content":{"rendered":"<p>\u00cendep\u0103rteaz\u0103 rapid \u0219i u\u0219or p\u0103rul de animale, praful \u0219i scamele din haine, canapele \u0219i scaune auto. Este indispensabil \u00een fiecare cas\u0103 unde sunt animale cu blan\u0103. L\u0103\u021bimea rolei: 10 cm;Lungimea rolei: 9. 2 m;<\/p>\n","protected":false},"excerpt":{"rendered":"<p>\u00cendep\u0103rteaz\u0103 rapid \u0219i u\u0219or p\u0103rul de animale, praful \u0219i scamele din haine, canapele \u0219i scaune auto. Este indispensabil \u00een fiecare cas\u0103 unde sunt animale cu blan\u0103. L\u0103\u021bimea rolei: 10 cm;Lungimea rolei: 9. 2 m;<\/p>\n","protected":false},"featured_media":8859,"template":"","meta":[],"product_brand":[],"product_cat":[597,625,168,171],"product_tag":[630,680,679],"class_list":{"0":"post-3901","1":"product","2":"type-product","3":"status-publish","4":"has-post-thumbnail","6":"product_cat-accesorii","7":"product_cat-accesorii-pisici","8":"product_cat-caini","9":"product_cat-pisici","10":"product_tag-accesorii-caini","11":"product_tag-curatare-caini","12":"product_tag-role-curatat","14":"first","15":"instock","16":"shipping-taxable","17":"purchasable","18":"product-type-simple"},"_links":{"self":[{"href":"https:\/\/faberpet.ro\/stage\/wp-json\/wp\/v2\/product\/3901","targetHints":{"allow":["GET"]}}],"collection":[{"href":"https:\/\/faberpet.ro\/stage\/wp-json\/wp\/v2\/product"}],"about":[{"href":"https:\/\/faberpet.ro\/stage\/wp-json\/wp\/v2\/types\/product"}],"wp:featuredmedia":[{"embeddable":true,"href":"https:\/\/faberpet.ro\/stage\/wp-json\/wp\/v2\/media\/8859"}],"wp:attachment":[{"href":"https:\/\/faberpet.ro\/stage\/wp-json\/wp\/v2\/media?parent=3901"}],"wp:term":[{"taxonomy":"product_brand","embeddable":true,"href":"https:\/\/faberpet.ro\/stage\/wp-json\/wp\/v2\/product_brand?post=3901"},{"taxonomy":"product_cat","embeddable":true,"href":"https:\/\/faberpet.ro\/stage\/wp-json\/wp\/v2\/product_cat?post=3901"},{"taxonomy":"product_tag","embeddable":true,"href":"https:\/\/faberpet.ro\/stage\/wp-json\/wp\/v2\/product_tag?post=3901"}],"curies":[{"name":"wp","href":"https:\/\/api.w.org\/{rel}","templated":true}]}}