{"id":3917,"date":"2024-10-21T20:31:25","date_gmt":"2024-10-21T17:31:25","guid":{"rendered":"https:\/\/faberpet.ro\/stage\/produs\/medalion-coroana-inscriptionat-25x2-cm\/"},"modified":"2025-08-01T10:23:02","modified_gmt":"2025-08-01T08:23:02","slug":"medalion-coroana-inscriptionat-25x2-cm","status":"publish","type":"product","link":"https:\/\/faberpet.ro\/stage\/produs\/medalion-coroana-inscriptionat-25x2-cm\/","title":{"rendered":"Medalion coroana inscriptionat 2,5&#215;2 cm"},"content":{"rendered":"<p>Un cadou perfect pentru animalul t\u0103u de companie, ideal pentru c\u00e2ine sau pisic\u0103. este un accesoriu care nu trebuie s\u0103 lipseasc\u0103 de la g\u00e2tul animalului t\u0103u de companie. C\u00e2inii care poart\u0103 orice tip de medalion personalizate au \u0219anse mult mai mari s\u0103 se \u00eentoarc\u0103 acas\u0103. Se monteaz\u0103 pe zgarda c\u00e2inelui. Confec\u021bionat\u0103 din metal. Inel de prindere inclus. Design foarte pl\u0103cut. M\u0103rimi: 2, 5&#215;2 cm.<\/p>\n","protected":false},"excerpt":{"rendered":"<p>Un cadou perfect pentru animalul t\u0103u de companie, ideal pentru c\u00e2ine sau pisic\u0103. este un accesoriu care nu trebuie s\u0103 lipseasc\u0103 de la g\u00e2tul animalului t\u0103u de companie. C\u00e2inii care poart\u0103 orice tip de medalion personalizate au \u0219anse mult mai mari s\u0103 se \u00eentoarc\u0103 acas\u0103. Se monteaz\u0103 pe zgarda c\u00e2inelui. Confec\u021bionat\u0103 din metal. Inel de [&hellip;]<\/p>\n","protected":false},"featured_media":8877,"template":"","meta":[],"product_brand":[],"product_cat":[597,168],"product_tag":[630,690,693],"class_list":{"0":"post-3917","1":"product","2":"type-product","3":"status-publish","4":"has-post-thumbnail","6":"product_cat-accesorii","7":"product_cat-caini","8":"product_tag-accesorii-caini","9":"product_tag-medalion-caini","10":"product_tag-medalion-pisici","12":"first","13":"instock","14":"shipping-taxable","15":"purchasable","16":"product-type-simple"},"_links":{"self":[{"href":"https:\/\/faberpet.ro\/stage\/wp-json\/wp\/v2\/product\/3917","targetHints":{"allow":["GET"]}}],"collection":[{"href":"https:\/\/faberpet.ro\/stage\/wp-json\/wp\/v2\/product"}],"about":[{"href":"https:\/\/faberpet.ro\/stage\/wp-json\/wp\/v2\/types\/product"}],"wp:featuredmedia":[{"embeddable":true,"href":"https:\/\/faberpet.ro\/stage\/wp-json\/wp\/v2\/media\/8877"}],"wp:attachment":[{"href":"https:\/\/faberpet.ro\/stage\/wp-json\/wp\/v2\/media?parent=3917"}],"wp:term":[{"taxonomy":"product_brand","embeddable":true,"href":"https:\/\/faberpet.ro\/stage\/wp-json\/wp\/v2\/product_brand?post=3917"},{"taxonomy":"product_cat","embeddable":true,"href":"https:\/\/faberpet.ro\/stage\/wp-json\/wp\/v2\/product_cat?post=3917"},{"taxonomy":"product_tag","embeddable":true,"href":"https:\/\/faberpet.ro\/stage\/wp-json\/wp\/v2\/product_tag?post=3917"}],"curies":[{"name":"wp","href":"https:\/\/api.w.org\/{rel}","templated":true}]}}