{"id":3918,"date":"2024-10-21T20:31:25","date_gmt":"2024-10-21T17:31:25","guid":{"rendered":"https:\/\/faberpet.ro\/stage\/produs\/zgarda-antilatrat-cu-ultrasunet-si-electrosoc\/"},"modified":"2025-08-01T10:23:18","modified_gmt":"2025-08-01T08:23:18","slug":"zgarda-antilatrat-cu-ultrasunet-si-electrosoc","status":"publish","type":"product","link":"https:\/\/faberpet.ro\/stage\/produs\/zgarda-antilatrat-cu-ultrasunet-si-electrosoc\/","title":{"rendered":"Zgarda antilatrat cu ultrasunet si electrosoc"},"content":{"rendered":"<p>Zgard\u0103 antil\u0103trat pentru c\u00e2ini func\u021bioneaz\u0103 foarte simplu: atunci c\u00e2nd c\u00e2inele \u00eencepe s\u0103 latre, aceasta emite un sunet de avertisment, pe care c\u00e2inele i\u00ee va \u00eenv\u0103\u021ba, dup\u0103 c\u00e2teva experien\u021be. Daca animalul nu se opre\u0219te din l\u0103trat, tonul de avertisment (ultrasunete) \u00eencepe s\u0103 se aud\u0103 din de \u00een ce mai tare, fiind urmat de un u\u0219or \u0219oc electric, cu menirea de a opri c\u00e2inele din l\u0103trat. Func\u021bioneaz\u0103 pe baza de ultrasunete. Acestea sunt sunete de \u00eenalt\u0103 frecven\u021b\u0103, aproape imperceptibile urechii umane. Pentru c\u00e2ine, ultrasunetele pot fi deranjante. De asemenea, ultrasunetele care preced micul \u0219oc electric vor \u00eenv\u0103\u021ba c\u00e2inele ce urmeaz\u0103, daca mai latra. Astfel, c\u00e2inele va l\u0103tra doar c\u00e2nd va fi necesar, cu scopul dorit de orice posesor de c\u00e2ine: s\u0103 anun\u021be prezen\u021ba cuiva \u0219i at\u00e2t. Accesoriul cu ultrasunete se ata\u0219eaz\u0103 pe zgard\u0103, prin cele doua orificii pe care le poseda, cu p\u0103r\u021bile metalice \u00eenspre ceafa c\u00e2inelui (pentru a permite propagarea micilor \u0219ocuri de avertizare). Zgarda \u0219i dispozitivul electronic sunt u\u0219oare \u0219i de mici dimensiuni, astfel \u00eenc\u00e2t s\u0103 nu deranjeze c\u00e2inele. Zgard antil\u0103trat pentru c\u00e2ini func\u021bioneaz\u0103 cu o baterie de 6 V, inclus\u0103 \u00een pachet. Zgarda este realizat\u0103 din material textil rezistent (nylon), cu accesoriu de prindere din plastic. Lungimea zg\u0103rzii variaz\u0103 \u00eentre 39- 48 cm.<\/p>\n","protected":false},"excerpt":{"rendered":"<p>Zgard\u0103 antil\u0103trat pentru c\u00e2ini func\u021bioneaz\u0103 foarte simplu: atunci c\u00e2nd c\u00e2inele \u00eencepe s\u0103 latre, aceasta emite un sunet de avertisment, pe care c\u00e2inele i\u00ee va \u00eenv\u0103\u021ba, dup\u0103 c\u00e2teva experien\u021be. Daca animalul nu se opre\u0219te din l\u0103trat, tonul de avertisment (ultrasunete) \u00eencepe s\u0103 se aud\u0103 din de \u00een ce mai tare, fiind urmat de un u\u0219or \u0219oc [&hellip;]<\/p>\n","protected":false},"featured_media":8878,"template":"","meta":[],"product_brand":[],"product_cat":[597,168],"product_tag":[694,695,688],"class_list":{"0":"post-3918","1":"product","2":"type-product","3":"status-publish","4":"has-post-thumbnail","6":"product_cat-accesorii","7":"product_cat-caini","8":"product_tag-zgarda-antilatrat","9":"product_tag-zgarda-cu-ultrasunet","10":"product_tag-zgarzi-caini","12":"first","13":"instock","14":"shipping-taxable","15":"purchasable","16":"product-type-simple"},"_links":{"self":[{"href":"https:\/\/faberpet.ro\/stage\/wp-json\/wp\/v2\/product\/3918","targetHints":{"allow":["GET"]}}],"collection":[{"href":"https:\/\/faberpet.ro\/stage\/wp-json\/wp\/v2\/product"}],"about":[{"href":"https:\/\/faberpet.ro\/stage\/wp-json\/wp\/v2\/types\/product"}],"wp:featuredmedia":[{"embeddable":true,"href":"https:\/\/faberpet.ro\/stage\/wp-json\/wp\/v2\/media\/8878"}],"wp:attachment":[{"href":"https:\/\/faberpet.ro\/stage\/wp-json\/wp\/v2\/media?parent=3918"}],"wp:term":[{"taxonomy":"product_brand","embeddable":true,"href":"https:\/\/faberpet.ro\/stage\/wp-json\/wp\/v2\/product_brand?post=3918"},{"taxonomy":"product_cat","embeddable":true,"href":"https:\/\/faberpet.ro\/stage\/wp-json\/wp\/v2\/product_cat?post=3918"},{"taxonomy":"product_tag","embeddable":true,"href":"https:\/\/faberpet.ro\/stage\/wp-json\/wp\/v2\/product_tag?post=3918"}],"curies":[{"name":"wp","href":"https:\/\/api.w.org\/{rel}","templated":true}]}}