{"id":3920,"date":"2024-10-21T20:31:25","date_gmt":"2024-10-21T17:31:25","guid":{"rendered":"https:\/\/faberpet.ro\/stage\/produs\/aparat-ultrasunete-impotriva-cainilor-agresivi\/"},"modified":"2025-08-01T10:23:43","modified_gmt":"2025-08-01T08:23:43","slug":"aparat-ultrasunete-impotriva-cainilor-agresivi","status":"publish","type":"product","link":"https:\/\/faberpet.ro\/stage\/produs\/aparat-ultrasunete-impotriva-cainilor-agresivi\/","title":{"rendered":"Aparat ultrasunete impotriva Cainilor Agresivi"},"content":{"rendered":"<p>Cu ajutorul acestui aparat \u00eempotriva c\u00e2inilor agresivi po\u021bi merge lini\u0219tit pe strad\u0103 f\u0103r\u0103 s\u0103 \u00ee\u021bi fie team\u0103 de c\u00e2inii vagabonzi agresivi. Poate fi folosit cu succes si pentru programele de dresaj. Aokeman Sensor AD- 100 emite sunete de \u00eenalt\u0103 frecven\u021b\u0103 care sunt percepute doar de c\u00e2inii din vecin\u0103tate. Utilizatorul \u00eendreapt\u0103 aparatul cu ultrasunete spre cainele care se apropie \u0219i ac\u021bioneaz\u0103 succesiv butonul timp de 2- 3 secunde. Emisia de ultrasunete anti c\u00e2ini nu provoac\u0103 nici un r\u0103u fizic c\u00e2inelui ci un disconfort accentuat, team\u0103, spaim\u0103, amenin\u021bare de pericol, etc. Aparatul cu ultrasunete anti c\u00e2ini are un comutator cu 3 pozi\u021bii: prima pentru lantern\u0103, a doua pentru dresaj c\u00e2ini \u0219i a treia pentru alungarea c\u00e2inilor agresivi. Alimentare cu o baterie de 9V, inclus\u0103 \u00een pachet.<\/p>\n","protected":false},"excerpt":{"rendered":"<p>Cu ajutorul acestui aparat \u00eempotriva c\u00e2inilor agresivi po\u021bi merge lini\u0219tit pe strad\u0103 f\u0103r\u0103 s\u0103 \u00ee\u021bi fie team\u0103 de c\u00e2inii vagabonzi agresivi. Poate fi folosit cu succes si pentru programele de dresaj. Aokeman Sensor AD- 100 emite sunete de \u00eenalt\u0103 frecven\u021b\u0103 care sunt percepute doar de c\u00e2inii din vecin\u0103tate. Utilizatorul \u00eendreapt\u0103 aparatul cu ultrasunete spre cainele [&hellip;]<\/p>\n","protected":false},"featured_media":8880,"template":"","meta":[],"product_brand":[],"product_cat":[597,168],"product_tag":[698,697,696],"class_list":{"0":"post-3920","1":"product","2":"type-product","3":"status-publish","4":"has-post-thumbnail","6":"product_cat-accesorii","7":"product_cat-caini","8":"product_tag-ad-100","9":"product_tag-aparat-importriva-caini","10":"product_tag-aparat-ultrasunet","12":"first","13":"instock","14":"shipping-taxable","15":"purchasable","16":"product-type-simple"},"_links":{"self":[{"href":"https:\/\/faberpet.ro\/stage\/wp-json\/wp\/v2\/product\/3920","targetHints":{"allow":["GET"]}}],"collection":[{"href":"https:\/\/faberpet.ro\/stage\/wp-json\/wp\/v2\/product"}],"about":[{"href":"https:\/\/faberpet.ro\/stage\/wp-json\/wp\/v2\/types\/product"}],"wp:featuredmedia":[{"embeddable":true,"href":"https:\/\/faberpet.ro\/stage\/wp-json\/wp\/v2\/media\/8880"}],"wp:attachment":[{"href":"https:\/\/faberpet.ro\/stage\/wp-json\/wp\/v2\/media?parent=3920"}],"wp:term":[{"taxonomy":"product_brand","embeddable":true,"href":"https:\/\/faberpet.ro\/stage\/wp-json\/wp\/v2\/product_brand?post=3920"},{"taxonomy":"product_cat","embeddable":true,"href":"https:\/\/faberpet.ro\/stage\/wp-json\/wp\/v2\/product_cat?post=3920"},{"taxonomy":"product_tag","embeddable":true,"href":"https:\/\/faberpet.ro\/stage\/wp-json\/wp\/v2\/product_tag?post=3920"}],"curies":[{"name":"wp","href":"https:\/\/api.w.org\/{rel}","templated":true}]}}