{"id":3931,"date":"2024-10-21T20:31:26","date_gmt":"2024-10-21T17:31:26","guid":{"rendered":"https:\/\/faberpet.ro\/stage\/produs\/rucsac-de-transport-animale-de-companie-s-333024-cm\/"},"modified":"2025-08-01T10:27:33","modified_gmt":"2025-08-01T08:27:33","slug":"rucsac-de-transport-animale-de-companie-s-333024-cm","status":"publish","type":"product","link":"https:\/\/faberpet.ro\/stage\/produs\/rucsac-de-transport-animale-de-companie-s-333024-cm\/","title":{"rendered":"Rucsac de transport animale de companie S &#8211; 33*30*24 cm"},"content":{"rendered":"<p>Geanta pentru transport animale de companie cu ferestre respirabile;Design transparent, permite animalului de companie s\u0103 vad\u0103 soarele \u0219i peisajul din lumea exterioara;Mai multe orificii de ventila\u021bie pe partea lateral\u0103 a rucsacului, asigur\u0103 o circula\u021bie suficient\u0103 a aerului, \u00een acest fel animalul dumneavoastr\u0103 de companie va respira mai confortabil;Fabricat din material premium, durabil, respirabil \u0219i confortabil;C\u0103ptu\u0219it\u0103 la interior cu material rezistent la zg\u00e2rieturi;Perfect pentru c\u0103l\u0103torii, plimb\u0103ri \u0219i drume\u021bii. Cureaua de um\u0103r ergonomic\u0103, care va ajuta s\u0103 purta\u021bi animalul f\u0103r\u0103 efort;Covor deta\u0219abil, u\u0219or de cur\u0103\u021bat, mai igienic;Dimensiune: 33 x 30 x 24 cm (dimensiunea S);Produsul este potrivit pentru c\u00e2inii \u0219i pisicile de talie mic\u0103 sau mijlocie.<\/p>\n","protected":false},"excerpt":{"rendered":"<p>Geanta pentru transport animale de companie cu ferestre respirabile;Design transparent, permite animalului de companie s\u0103 vad\u0103 soarele \u0219i peisajul din lumea exterioara;Mai multe orificii de ventila\u021bie pe partea lateral\u0103 a rucsacului, asigur\u0103 o circula\u021bie suficient\u0103 a aerului, \u00een acest fel animalul dumneavoastr\u0103 de companie va respira mai confortabil;Fabricat din material premium, durabil, respirabil \u0219i confortabil;C\u0103ptu\u0219it\u0103 [&hellip;]<\/p>\n","protected":false},"featured_media":8892,"template":"","meta":[],"product_brand":[],"product_cat":[168,704,718],"product_tag":[716,715,717],"class_list":{"0":"post-3931","1":"product","2":"type-product","3":"status-publish","4":"has-post-thumbnail","6":"product_cat-caini","7":"product_cat-custi-si-genti-de-transport","8":"product_cat-genti-de-transport","9":"product_tag-geanta-transport","10":"product_tag-geanta-transport-animale","11":"product_tag-rucsac-transport-animale","13":"first","14":"instock","15":"shipping-taxable","16":"purchasable","17":"product-type-simple"},"_links":{"self":[{"href":"https:\/\/faberpet.ro\/stage\/wp-json\/wp\/v2\/product\/3931","targetHints":{"allow":["GET"]}}],"collection":[{"href":"https:\/\/faberpet.ro\/stage\/wp-json\/wp\/v2\/product"}],"about":[{"href":"https:\/\/faberpet.ro\/stage\/wp-json\/wp\/v2\/types\/product"}],"wp:featuredmedia":[{"embeddable":true,"href":"https:\/\/faberpet.ro\/stage\/wp-json\/wp\/v2\/media\/8892"}],"wp:attachment":[{"href":"https:\/\/faberpet.ro\/stage\/wp-json\/wp\/v2\/media?parent=3931"}],"wp:term":[{"taxonomy":"product_brand","embeddable":true,"href":"https:\/\/faberpet.ro\/stage\/wp-json\/wp\/v2\/product_brand?post=3931"},{"taxonomy":"product_cat","embeddable":true,"href":"https:\/\/faberpet.ro\/stage\/wp-json\/wp\/v2\/product_cat?post=3931"},{"taxonomy":"product_tag","embeddable":true,"href":"https:\/\/faberpet.ro\/stage\/wp-json\/wp\/v2\/product_tag?post=3931"}],"curies":[{"name":"wp","href":"https:\/\/api.w.org\/{rel}","templated":true}]}}