{"id":4000,"date":"2024-10-21T20:31:35","date_gmt":"2024-10-21T17:31:35","guid":{"rendered":"https:\/\/faberpet.ro\/stage\/produs\/overall-lucios-rosu-pentru-caini-s-10-m-12-xl-14-xxl-18\/"},"modified":"2025-08-01T11:06:46","modified_gmt":"2025-08-01T09:06:46","slug":"overall-lucios-rosu-pentru-caini-s-10-m-12-xl-14-xxl-18","status":"publish","type":"product","link":"https:\/\/faberpet.ro\/stage\/produs\/overall-lucios-rosu-pentru-caini-s-10-m-12-xl-14-xxl-18\/","title":{"rendered":"Overall lucios rosu pentru caini S-10, M-12, XL-14, XXL-18"},"content":{"rendered":"<p>Confec\u021bionat\u0103 din material de calitate, este trendy, u\u0219or de \u00eembr\u0103cat \u0219i \u00een pas cu tendin\u021bele modei. este recomandat\u0103 pentru vreme rece, plimb\u0103rile \u00een parcuri dar se poate purta \u0219i la vizite sau \u00eent\u00e2lniri. C\u0103ptu\u0219eala este confec\u021bionat\u0103 dintr- un material moale, confortabil \u0219i c\u0103lduros. U\u0219or de \u00eembr\u0103cat \u0219i dezbr\u0103cat cu ajutorul capselor. Design- ul ofer\u0103 o senza\u021bie de confort sporit. Disponibil \u00een diferite m\u0103rimi: S\/10, M\/12, XL\/14, XXL\/18Lungimi spate: S- 23- 25, M- 27- 29, XL- 35- 37, XXL- 39- 41 cm<\/p>\n","protected":false},"excerpt":{"rendered":"<p>Confec\u021bionat\u0103 din material de calitate, este trendy, u\u0219or de \u00eembr\u0103cat \u0219i \u00een pas cu tendin\u021bele modei. este recomandat\u0103 pentru vreme rece, plimb\u0103rile \u00een parcuri dar se poate purta \u0219i la vizite sau \u00eent\u00e2lniri. C\u0103ptu\u0219eala este confec\u021bionat\u0103 dintr- un material moale, confortabil \u0219i c\u0103lduros. U\u0219or de \u00eembr\u0103cat \u0219i dezbr\u0103cat cu ajutorul capselor. Design- ul ofer\u0103 o [&hellip;]<\/p>\n","protected":false},"featured_media":8974,"template":"","meta":[],"product_brand":[],"product_cat":[168,730],"product_tag":[761,744,760],"class_list":{"0":"post-4000","1":"product","2":"type-product","3":"status-publish","4":"has-post-thumbnail","6":"product_cat-caini","7":"product_cat-haine","8":"product_tag-haine-mari","9":"product_tag-haine-pentru-caini","10":"product_tag-hainute-mari","12":"first","13":"instock","14":"shipping-taxable","15":"purchasable","16":"product-type-simple"},"_links":{"self":[{"href":"https:\/\/faberpet.ro\/stage\/wp-json\/wp\/v2\/product\/4000","targetHints":{"allow":["GET"]}}],"collection":[{"href":"https:\/\/faberpet.ro\/stage\/wp-json\/wp\/v2\/product"}],"about":[{"href":"https:\/\/faberpet.ro\/stage\/wp-json\/wp\/v2\/types\/product"}],"wp:featuredmedia":[{"embeddable":true,"href":"https:\/\/faberpet.ro\/stage\/wp-json\/wp\/v2\/media\/8974"}],"wp:attachment":[{"href":"https:\/\/faberpet.ro\/stage\/wp-json\/wp\/v2\/media?parent=4000"}],"wp:term":[{"taxonomy":"product_brand","embeddable":true,"href":"https:\/\/faberpet.ro\/stage\/wp-json\/wp\/v2\/product_brand?post=4000"},{"taxonomy":"product_cat","embeddable":true,"href":"https:\/\/faberpet.ro\/stage\/wp-json\/wp\/v2\/product_cat?post=4000"},{"taxonomy":"product_tag","embeddable":true,"href":"https:\/\/faberpet.ro\/stage\/wp-json\/wp\/v2\/product_tag?post=4000"}],"curies":[{"name":"wp","href":"https:\/\/api.w.org\/{rel}","templated":true}]}}