{"id":4035,"date":"2024-10-21T20:31:39","date_gmt":"2024-10-21T17:31:39","guid":{"rendered":"https:\/\/faberpet.ro\/stage\/produs\/culcus-patut-burete-cu-fas-23-57-cm\/"},"modified":"2025-08-01T11:14:13","modified_gmt":"2025-08-01T09:14:13","slug":"culcus-patut-burete-cu-fas-23-57-cm","status":"publish","type":"product","link":"https:\/\/faberpet.ro\/stage\/produs\/culcus-patut-burete-cu-fas-23-57-cm\/","title":{"rendered":"Culcus &#8211; patut burete cu fas 23-57 cm 10\/set"},"content":{"rendered":"<p>Forma oval\u0103 a p\u0103tu\u021bului ofer\u0103 suficient spa\u021biu pentru c\u00e2ine sau pisic\u0103 c\u00e2t s\u0103 doarm\u0103 \u00een pozi\u021biile sale cele mai confortabile. P\u0103tu\u021b din material polyester de calitate. Produsul este recomandat pentru c\u00e2ini \u0219i pisici. Se recomand\u0103 doar sp\u0103larea manual\u0103! U\u0219or de \u00eentre\u021binut, este lavabil la o temperatur\u0103 de max. 30\u00b0 C. Animalul dvs. de companie va fi mul\u021bumit de aceast\u0103 decizie! Produsul este disponibil \u00een mai multe dimensiuni. Compozi\u021bie: Exterior \u0219i interior: 100% poliester;Disponibil amestecat \u00een diferite culori \u0219i nuan\u021be \u00een set. Dimensiuni: XXS- 22*14*4 cm, XS- 27*18*5 cm, S- 30*21*6 cm, M- 33*24*7 cm, L- 37*29*8 cm, XL- 40*32*9 cm, 2XL- 45*37*10 cm, 3XL- 49*41*12 cm, 4XL- 52*42*13 cm, 5XL- 57*48*13 cm Se vinde ambalat c\u00e2te 10 buc\/set! Pre\u021bul afi\u0219at este per set!<\/p>\n","protected":false},"excerpt":{"rendered":"<p>Forma oval\u0103 a p\u0103tu\u021bului ofer\u0103 suficient spa\u021biu pentru c\u00e2ine sau pisic\u0103 c\u00e2t s\u0103 doarm\u0103 \u00een pozi\u021biile sale cele mai confortabile. P\u0103tu\u021b din material polyester de calitate. Produsul este recomandat pentru c\u00e2ini \u0219i pisici. Se recomand\u0103 doar sp\u0103larea manual\u0103! U\u0219or de \u00eentre\u021binut, este lavabil la o temperatur\u0103 de max. 30\u00b0 C. Animalul dvs. de companie va [&hellip;]<\/p>\n","protected":false},"featured_media":8994,"template":"","meta":[],"product_brand":[],"product_cat":[168,784,783,171],"product_tag":[725,781,789],"class_list":{"0":"post-4035","1":"product","2":"type-product","3":"status-publish","4":"has-post-thumbnail","6":"product_cat-caini","7":"product_cat-paturi-si-culcusuri-pisici","8":"product_cat-paturi-si-culcusuri","9":"product_cat-pisici","10":"product_tag-culcus-caine","11":"product_tag-culcus-caini","12":"product_tag-patut-caini","14":"first","15":"instock","16":"shipping-taxable","17":"purchasable","18":"product-type-simple"},"_links":{"self":[{"href":"https:\/\/faberpet.ro\/stage\/wp-json\/wp\/v2\/product\/4035","targetHints":{"allow":["GET"]}}],"collection":[{"href":"https:\/\/faberpet.ro\/stage\/wp-json\/wp\/v2\/product"}],"about":[{"href":"https:\/\/faberpet.ro\/stage\/wp-json\/wp\/v2\/types\/product"}],"wp:featuredmedia":[{"embeddable":true,"href":"https:\/\/faberpet.ro\/stage\/wp-json\/wp\/v2\/media\/8994"}],"wp:attachment":[{"href":"https:\/\/faberpet.ro\/stage\/wp-json\/wp\/v2\/media?parent=4035"}],"wp:term":[{"taxonomy":"product_brand","embeddable":true,"href":"https:\/\/faberpet.ro\/stage\/wp-json\/wp\/v2\/product_brand?post=4035"},{"taxonomy":"product_cat","embeddable":true,"href":"https:\/\/faberpet.ro\/stage\/wp-json\/wp\/v2\/product_cat?post=4035"},{"taxonomy":"product_tag","embeddable":true,"href":"https:\/\/faberpet.ro\/stage\/wp-json\/wp\/v2\/product_tag?post=4035"}],"curies":[{"name":"wp","href":"https:\/\/api.w.org\/{rel}","templated":true}]}}