{"id":4120,"date":"2024-10-21T20:31:50","date_gmt":"2024-10-21T17:31:50","guid":{"rendered":"https:\/\/faberpet.ro\/stage\/produs\/botnita-plastic-set-7-buc\/"},"modified":"2025-08-01T11:36:02","modified_gmt":"2025-08-01T09:36:02","slug":"botnita-plastic-set-7-buc","status":"publish","type":"product","link":"https:\/\/faberpet.ro\/stage\/produs\/botnita-plastic-set-7-buc\/","title":{"rendered":"Botnita plastic set 7 buc"},"content":{"rendered":"<p>Set de botni\u021b\u0103 din plastic pentru toate rasele de c\u00e2ini de la talie mic\u0103 p\u00e2n\u0103 la talie mare. Uneori este necesar\u0103 utilizarea unei botni\u021be, confortul \u0219i bun\u0103starea purt\u0103torului fiind prima prioritate. A fost conceput\u0103 pentru plimb\u0103rile \u00een parc, vizitele la veterinar, la cosmetic\u0103 sau pentru dresajul c\u00e2inilor. Ajustabil\u0103 &#8211; se prinde rapid \u0219i u\u0219or cu ajutorul cureelor din piele. Design ergonomic &#8211; este confortabil\u0103 pentru c\u00e2inele dumneavoastr\u0103. Confec\u021bionat\u0103 din material plastic. Ave\u021bi posibilitatea de a regla cu u\u0219urin\u021b\u0103 botni\u021ba \u00een func\u021bie de dimensiunile botului c\u00e2inelui. Exist\u0103 \u00een diferite m\u0103rimi:001 &#8211; diametrul botului de 7 cm; lungimea botului 6 cm002 &#8211; diametrul botului de 8 cm; lungimea botului 7 cm003 &#8211; diametrul botului de 9 cm; lungimea botului 8 cm004 &#8211; diametrul botului de 10 cm; lungimea botului 9 cm005 &#8211; diametrul botului de 11, 5 cm; lungimea botului 12 cm006 &#8211; diametrul botului de 13 cm; lungimea botului 14 cm007 &#8211; diametrul botului de 15 cm; lungimea botului 15 cm Se vinde ambalat c\u00e2te 7 buc\/set! Pre\u021bul afi\u0219at este per set!<\/p>\n","protected":false},"excerpt":{"rendered":"<p>Set de botni\u021b\u0103 din plastic pentru toate rasele de c\u00e2ini de la talie mic\u0103 p\u00e2n\u0103 la talie mare. Uneori este necesar\u0103 utilizarea unei botni\u021be, confortul \u0219i bun\u0103starea purt\u0103torului fiind prima prioritate. A fost conceput\u0103 pentru plimb\u0103rile \u00een parc, vizitele la veterinar, la cosmetic\u0103 sau pentru dresajul c\u00e2inilor. Ajustabil\u0103 &#8211; se prinde rapid \u0219i u\u0219or cu [&hellip;]<\/p>\n","protected":false},"featured_media":9050,"template":"","meta":[],"product_brand":[],"product_cat":[804,168],"product_tag":[816,832,822],"class_list":{"0":"post-4120","1":"product","2":"type-product","3":"status-publish","4":"has-post-thumbnail","6":"product_cat-botnite","7":"product_cat-caini","8":"product_tag-botnita-caini","9":"product_tag-botnita-plastic","10":"product_tag-botnite","12":"first","13":"instock","14":"shipping-taxable","15":"purchasable","16":"product-type-simple"},"_links":{"self":[{"href":"https:\/\/faberpet.ro\/stage\/wp-json\/wp\/v2\/product\/4120","targetHints":{"allow":["GET"]}}],"collection":[{"href":"https:\/\/faberpet.ro\/stage\/wp-json\/wp\/v2\/product"}],"about":[{"href":"https:\/\/faberpet.ro\/stage\/wp-json\/wp\/v2\/types\/product"}],"wp:featuredmedia":[{"embeddable":true,"href":"https:\/\/faberpet.ro\/stage\/wp-json\/wp\/v2\/media\/9050"}],"wp:attachment":[{"href":"https:\/\/faberpet.ro\/stage\/wp-json\/wp\/v2\/media?parent=4120"}],"wp:term":[{"taxonomy":"product_brand","embeddable":true,"href":"https:\/\/faberpet.ro\/stage\/wp-json\/wp\/v2\/product_brand?post=4120"},{"taxonomy":"product_cat","embeddable":true,"href":"https:\/\/faberpet.ro\/stage\/wp-json\/wp\/v2\/product_cat?post=4120"},{"taxonomy":"product_tag","embeddable":true,"href":"https:\/\/faberpet.ro\/stage\/wp-json\/wp\/v2\/product_tag?post=4120"}],"curies":[{"name":"wp","href":"https:\/\/api.w.org\/{rel}","templated":true}]}}