{"id":4160,"date":"2024-10-21T20:31:55","date_gmt":"2024-10-21T17:31:55","guid":{"rendered":"https:\/\/faberpet.ro\/stage\/produs\/lesa-chinga-quality-cu-ham-h-pentru-pisicute-1120-cm\/"},"modified":"2025-08-01T11:56:48","modified_gmt":"2025-08-01T09:56:48","slug":"lesa-chinga-quality-cu-ham-h-pentru-pisicute-1120-cm","status":"publish","type":"product","link":"https:\/\/faberpet.ro\/stage\/produs\/lesa-chinga-quality-cu-ham-h-pentru-pisicute-1120-cm\/","title":{"rendered":"Lesa chinga quality cu ham H pentru pisicute 1*120 cm"},"content":{"rendered":"<p>Hamul cu les\u0103 puternic\u0103 va da animalului dvs. un confort maxim, pentru c\u0103, \u00een contrast cu presiunea obi\u0219nuit\u0103 pe g\u00e2t, hamul distribuie presiunea pe \u00eentreaga lungime. Confec\u021bionat\u0103 din nylon rezistent \u0219i durabil. Bretelele hamului sunt ajustabile prin catarame din plastic, ceea ce va permite s\u0103 le adapta\u021bi \u00een mod ideal la dimensiunea c\u00e2inelui, astfel \u00eenc\u00e2t acestea s\u0103 nu fie prea libere sau prea str\u00e2ns fixat. Lesa poate fi deta\u0219at\u0103 cu ajutorul carabinei metalice deta\u0219abile. Dimensiuni les\u0103: l\u0103\u021bime 1 cm \u0219i lungime 120 cm. Dimensiuni ham:Circumferin\u021ba toracelui \u00een zona axilar\u0103 (\u00een spatele picioarelor din fa\u021b\u0103): 23- 38 cm. Circumferin\u021ba abdomenului \u00eenaintea picioarelor din spate: 17- 27 cm. IMPORTANT: Acest produs este disponibil \u00een diverse culori, a\u0219adar nu putem garanta livrarea unei anumite culori.<\/p>\n","protected":false},"excerpt":{"rendered":"<p>Hamul cu les\u0103 puternic\u0103 va da animalului dvs. un confort maxim, pentru c\u0103, \u00een contrast cu presiunea obi\u0219nuit\u0103 pe g\u00e2t, hamul distribuie presiunea pe \u00eentreaga lungime. Confec\u021bionat\u0103 din nylon rezistent \u0219i durabil. Bretelele hamului sunt ajustabile prin catarame din plastic, ceea ce va permite s\u0103 le adapta\u021bi \u00een mod ideal la dimensiunea c\u00e2inelui, astfel \u00eenc\u00e2t [&hellip;]<\/p>\n","protected":false},"featured_media":9092,"template":"","meta":[],"product_brand":[],"product_cat":[845,171],"product_tag":[875,877,876],"class_list":{"0":"post-4160","1":"product","2":"type-product","3":"status-publish","4":"has-post-thumbnail","6":"product_cat-lese-cu-ham-pisici","7":"product_cat-pisici","8":"product_tag-ham-pentru-pisici","9":"product_tag-ham-pisica","10":"product_tag-lese-pisici","12":"first","13":"instock","14":"shipping-taxable","15":"purchasable","16":"product-type-simple"},"_links":{"self":[{"href":"https:\/\/faberpet.ro\/stage\/wp-json\/wp\/v2\/product\/4160","targetHints":{"allow":["GET"]}}],"collection":[{"href":"https:\/\/faberpet.ro\/stage\/wp-json\/wp\/v2\/product"}],"about":[{"href":"https:\/\/faberpet.ro\/stage\/wp-json\/wp\/v2\/types\/product"}],"wp:featuredmedia":[{"embeddable":true,"href":"https:\/\/faberpet.ro\/stage\/wp-json\/wp\/v2\/media\/9092"}],"wp:attachment":[{"href":"https:\/\/faberpet.ro\/stage\/wp-json\/wp\/v2\/media?parent=4160"}],"wp:term":[{"taxonomy":"product_brand","embeddable":true,"href":"https:\/\/faberpet.ro\/stage\/wp-json\/wp\/v2\/product_brand?post=4160"},{"taxonomy":"product_cat","embeddable":true,"href":"https:\/\/faberpet.ro\/stage\/wp-json\/wp\/v2\/product_cat?post=4160"},{"taxonomy":"product_tag","embeddable":true,"href":"https:\/\/faberpet.ro\/stage\/wp-json\/wp\/v2\/product_tag?post=4160"}],"curies":[{"name":"wp","href":"https:\/\/api.w.org\/{rel}","templated":true}]}}