{"id":4180,"date":"2024-10-21T20:31:58","date_gmt":"2024-10-21T17:31:58","guid":{"rendered":"https:\/\/faberpet.ro\/stage\/produs\/lesa-chinga-cu-zgarda-captusita-15120-cm\/"},"modified":"2025-08-01T12:03:32","modified_gmt":"2025-08-01T10:03:32","slug":"lesa-chinga-cu-zgarda-captusita-15120-cm","status":"publish","type":"product","link":"https:\/\/faberpet.ro\/stage\/produs\/lesa-chinga-cu-zgarda-captusita-15120-cm\/","title":{"rendered":"Lesa chinga cu zgarda captusita 1,5*120 cm"},"content":{"rendered":"<p>Este confec\u021bionat\u0103 din nylon rezistent \u0219i durabil, m\u00e2nerul \u0219i zgarda fiind c\u0103ptu\u0219it cu un material prietenos cu pielea, l\u0103s\u00e2nd- o s\u0103 respire. Acest tip de les\u0103 este foarte comod\u0103. este o solu\u021bie simpl\u0103 \u0219i eficient\u0103 de control. Zgarda poate fi dimensionat\u0103 \u00een func\u021bie de dimensiunea g\u00e2tului c\u00e2inelui. Prev\u0103zut\u0103 cu carabinier\u0103 cu v\u00e2rtej. Design- ul ergonomic ofer\u0103 o senza\u021bie de confort sporit. Dimensiuni les\u0103: l\u0103\u021bime 1, 5 cm \u0219i lungime 120 cm. Lungimea maxim\u0103 desf\u0103\u0219urat\u0103 a zg\u0103rzii este de 40 cm. este amestecat \u00een set \u00een diferite culori. IMPORTANT: Acest produs este disponibil \u00een diverse culori, a\u0219adar nu putem garanta livrarea unei anumite culori. Se vinde ambalat c\u00e2te 4 buc\/set! Pre\u021bul afi\u0219at este per buc!<\/p>\n","protected":false},"excerpt":{"rendered":"<p>Este confec\u021bionat\u0103 din nylon rezistent \u0219i durabil, m\u00e2nerul \u0219i zgarda fiind c\u0103ptu\u0219it cu un material prietenos cu pielea, l\u0103s\u00e2nd- o s\u0103 respire. Acest tip de les\u0103 este foarte comod\u0103. este o solu\u021bie simpl\u0103 \u0219i eficient\u0103 de control. Zgarda poate fi dimensionat\u0103 \u00een func\u021bie de dimensiunea g\u00e2tului c\u00e2inelui. Prev\u0103zut\u0103 cu carabinier\u0103 cu v\u00e2rtej. Design- ul ergonomic [&hellip;]<\/p>\n","protected":false},"featured_media":9116,"template":"","meta":[],"product_brand":[],"product_cat":[168,906],"product_tag":[916,917,915],"class_list":{"0":"post-4180","1":"product","2":"type-product","3":"status-publish","4":"has-post-thumbnail","6":"product_cat-caini","7":"product_cat-lese-cu-zgarda","8":"product_tag-lese-zgarda","9":"product_tag-zgarda-cu-lesa","10":"product_tag-zgarzi-lese","12":"first","13":"instock","14":"shipping-taxable","15":"purchasable","16":"product-type-simple"},"_links":{"self":[{"href":"https:\/\/faberpet.ro\/stage\/wp-json\/wp\/v2\/product\/4180","targetHints":{"allow":["GET"]}}],"collection":[{"href":"https:\/\/faberpet.ro\/stage\/wp-json\/wp\/v2\/product"}],"about":[{"href":"https:\/\/faberpet.ro\/stage\/wp-json\/wp\/v2\/types\/product"}],"wp:featuredmedia":[{"embeddable":true,"href":"https:\/\/faberpet.ro\/stage\/wp-json\/wp\/v2\/media\/9116"}],"wp:attachment":[{"href":"https:\/\/faberpet.ro\/stage\/wp-json\/wp\/v2\/media?parent=4180"}],"wp:term":[{"taxonomy":"product_brand","embeddable":true,"href":"https:\/\/faberpet.ro\/stage\/wp-json\/wp\/v2\/product_brand?post=4180"},{"taxonomy":"product_cat","embeddable":true,"href":"https:\/\/faberpet.ro\/stage\/wp-json\/wp\/v2\/product_cat?post=4180"},{"taxonomy":"product_tag","embeddable":true,"href":"https:\/\/faberpet.ro\/stage\/wp-json\/wp\/v2\/product_tag?post=4180"}],"curies":[{"name":"wp","href":"https:\/\/api.w.org\/{rel}","templated":true}]}}