{"id":4182,"date":"2024-10-21T20:31:58","date_gmt":"2024-10-21T17:31:58","guid":{"rendered":"https:\/\/faberpet.ro\/stage\/produs\/lesa-chinga-cu-zgarda-pentru-centura-de-siguranta-auto-2-599-cm\/"},"modified":"2025-08-01T12:03:59","modified_gmt":"2025-08-01T10:03:59","slug":"lesa-chinga-cu-zgarda-pentru-centura-de-siguranta-auto-2-599-cm","status":"publish","type":"product","link":"https:\/\/faberpet.ro\/stage\/produs\/lesa-chinga-cu-zgarda-pentru-centura-de-siguranta-auto-2-599-cm\/","title":{"rendered":"Lesa chinga cu zgarda pentru centura de siguranta auto 2.5*99 cm"},"content":{"rendered":"<p>Este confec\u021bionat\u0103 din nylon rezistent, durabil. Recomandat\u0103 pentru fixarea c\u00e2inelui \u00een ma\u0219in\u0103 \u00een timpul c\u0103l\u0103toriilor. Unul din capetele lesei se fixeaz\u0103 \u00een locul centurii de siguran\u021b\u0103, iar cealalt\u0103 de zgarda c\u00e2inelui. Les\u0103 reglabil\u0103 \u00eentre 71 cm \u0219i 99 cm. Poate fi folosit\u0103 pentru centura de siguran\u021b\u0103 auto! Zgarda este elastic\u0103 \u0219i c\u0103ptu\u0219it cu un material prietenos cu pielea, l\u0103s\u00e2nd- o s\u0103 respire. Prev\u0103zut\u0103 cu carabinier\u0103 cu v\u00e2rtej. Lungimea maxim\u0103 desf\u0103\u0219urat\u0103 a zg\u0103rzii este de 57 cm. IMPORTANT: Acest produs este disponibil \u00een diverse culori, a\u0219adar nu putem garanta livrarea unei anumite culori.<\/p>\n","protected":false},"excerpt":{"rendered":"<p>Este confec\u021bionat\u0103 din nylon rezistent, durabil. Recomandat\u0103 pentru fixarea c\u00e2inelui \u00een ma\u0219in\u0103 \u00een timpul c\u0103l\u0103toriilor. Unul din capetele lesei se fixeaz\u0103 \u00een locul centurii de siguran\u021b\u0103, iar cealalt\u0103 de zgarda c\u00e2inelui. Les\u0103 reglabil\u0103 \u00eentre 71 cm \u0219i 99 cm. Poate fi folosit\u0103 pentru centura de siguran\u021b\u0103 auto! Zgarda este elastic\u0103 \u0219i c\u0103ptu\u0219it cu un material [&hellip;]<\/p>\n","protected":false},"featured_media":9118,"template":"","meta":[],"product_brand":[],"product_cat":[168,906],"product_tag":[920,918,919],"class_list":{"0":"post-4182","1":"product","2":"type-product","3":"status-publish","4":"has-post-thumbnail","6":"product_cat-caini","7":"product_cat-lese-cu-zgarda","8":"product_tag-centura-de-siguranta-auto","9":"product_tag-lese-cu-zgarzi","10":"product_tag-zgarda-centura-de-siguranta","12":"first","13":"instock","14":"shipping-taxable","15":"purchasable","16":"product-type-simple"},"_links":{"self":[{"href":"https:\/\/faberpet.ro\/stage\/wp-json\/wp\/v2\/product\/4182","targetHints":{"allow":["GET"]}}],"collection":[{"href":"https:\/\/faberpet.ro\/stage\/wp-json\/wp\/v2\/product"}],"about":[{"href":"https:\/\/faberpet.ro\/stage\/wp-json\/wp\/v2\/types\/product"}],"wp:featuredmedia":[{"embeddable":true,"href":"https:\/\/faberpet.ro\/stage\/wp-json\/wp\/v2\/media\/9118"}],"wp:attachment":[{"href":"https:\/\/faberpet.ro\/stage\/wp-json\/wp\/v2\/media?parent=4182"}],"wp:term":[{"taxonomy":"product_brand","embeddable":true,"href":"https:\/\/faberpet.ro\/stage\/wp-json\/wp\/v2\/product_brand?post=4182"},{"taxonomy":"product_cat","embeddable":true,"href":"https:\/\/faberpet.ro\/stage\/wp-json\/wp\/v2\/product_cat?post=4182"},{"taxonomy":"product_tag","embeddable":true,"href":"https:\/\/faberpet.ro\/stage\/wp-json\/wp\/v2\/product_tag?post=4182"}],"curies":[{"name":"wp","href":"https:\/\/api.w.org\/{rel}","templated":true}]}}