{"id":4278,"date":"2024-10-21T20:32:12","date_gmt":"2024-10-21T17:32:12","guid":{"rendered":"https:\/\/faberpet.ro\/stage\/produs\/castron-inox-cu-margine-si-maner-lateral-175-l\/"},"modified":"2025-08-01T12:38:08","modified_gmt":"2025-08-01T10:38:08","slug":"castron-inox-cu-margine-si-maner-lateral-175-l","status":"publish","type":"product","link":"https:\/\/faberpet.ro\/stage\/produs\/castron-inox-cu-margine-si-maner-lateral-175-l\/","title":{"rendered":"Castron inox cu margine si maner lateral 1,75 L"},"content":{"rendered":"<p>Este foarte practic pentru hr\u0103nirea animalelor, deosebit de rezistent. este prev\u0103zut cu o garnitur\u0103 antiderapant\u0103 la baz\u0103, pentru a preveni alunecarea. Astfel, acesta se va prinde perfect de orice suprafa\u021ba pentru un confort sporit \u00een timpul hr\u0103nirii \u0219i evitarea alunec\u0103rii. Volumul de hran\u0103 este de 1, 75 litri, iar diametrul castronului este de 22 cm.<\/p>\n","protected":false},"excerpt":{"rendered":"<p>Este foarte practic pentru hr\u0103nirea animalelor, deosebit de rezistent. este prev\u0103zut cu o garnitur\u0103 antiderapant\u0103 la baz\u0103, pentru a preveni alunecarea. Astfel, acesta se va prinde perfect de orice suprafa\u021ba pentru un confort sporit \u00een timpul hr\u0103nirii \u0219i evitarea alunec\u0103rii. Volumul de hran\u0103 este de 1, 75 litri, iar diametrul castronului este de 22 cm.<\/p>\n","protected":false},"featured_media":10908,"template":"","meta":[],"product_brand":[],"product_cat":[168,954,953],"product_tag":[978,1046,1019],"class_list":{"0":"post-4278","1":"product","2":"type-product","3":"status-publish","4":"has-post-thumbnail","6":"product_cat-caini","7":"product_cat-castroane","8":"product_cat-castroane-si-adapatoare","9":"product_tag-castroane-inox","10":"product_tag-castron-de-mancare","11":"product_tag-castron-inox","13":"first","14":"instock","15":"shipping-taxable","16":"purchasable","17":"product-type-simple"},"_links":{"self":[{"href":"https:\/\/faberpet.ro\/stage\/wp-json\/wp\/v2\/product\/4278","targetHints":{"allow":["GET"]}}],"collection":[{"href":"https:\/\/faberpet.ro\/stage\/wp-json\/wp\/v2\/product"}],"about":[{"href":"https:\/\/faberpet.ro\/stage\/wp-json\/wp\/v2\/types\/product"}],"wp:featuredmedia":[{"embeddable":true,"href":"https:\/\/faberpet.ro\/stage\/wp-json\/wp\/v2\/media\/10908"}],"wp:attachment":[{"href":"https:\/\/faberpet.ro\/stage\/wp-json\/wp\/v2\/media?parent=4278"}],"wp:term":[{"taxonomy":"product_brand","embeddable":true,"href":"https:\/\/faberpet.ro\/stage\/wp-json\/wp\/v2\/product_brand?post=4278"},{"taxonomy":"product_cat","embeddable":true,"href":"https:\/\/faberpet.ro\/stage\/wp-json\/wp\/v2\/product_cat?post=4278"},{"taxonomy":"product_tag","embeddable":true,"href":"https:\/\/faberpet.ro\/stage\/wp-json\/wp\/v2\/product_tag?post=4278"}],"curies":[{"name":"wp","href":"https:\/\/api.w.org\/{rel}","templated":true}]}}