{"id":4364,"date":"2024-10-21T20:32:25","date_gmt":"2024-10-21T17:32:25","guid":{"rendered":"https:\/\/faberpet.ro\/stage\/produs\/jucarii-figurine-cu-sfoara\/"},"modified":"2025-08-01T13:27:47","modified_gmt":"2025-08-01T11:27:47","slug":"jucarii-figurine-cu-sfoara","status":"publish","type":"product","link":"https:\/\/faberpet.ro\/stage\/produs\/jucarii-figurine-cu-sfoara\/","title":{"rendered":"Jucarii figurine cu sfoara"},"content":{"rendered":"<p>Combina\u021bia figurin\u0103 plus sfoar\u0103 nu poate rezulta dec\u00e2t un produs pe care animalul de companie \u00eel va \u00eendr\u0103gi din primul moment;Destina\u021bia acestei juc\u0103rii este multipl\u0103. Se preteaz\u0103 foarte bine at\u00e2t pentru activit\u0103\u021bi interactive intense, desf\u0103\u0219urate \u00een mediul exterior (jocuri de confruntare, de aport sau c\u0103utare \u0219i recuperare), c\u00e2t \u0219i pentru momentele \u00een care c\u00e2inele este l\u0103sat singur. Juc\u0103ria este recomandat\u0103 tuturor c\u00e2inilor activi \u0219i dornici de exerci\u021bii \u00een aer liber;U\u0219or de igienizat. Lungime sfoar\u0103: 20 cm;Diferite figurine;Aten\u021bie! Ca \u00een cazul oric\u0103rui alt produs, este important s\u0103 v\u0103 supraveghea\u021bi animalul de companie \u00een timpul jocului. Verifica\u021bi produsul \u00een mod regulat \u0219i \u00eenlocui\u021bi- l \u00een cazul \u00een care este deteriorat sau \u00eei lipsesc piese pentru a evita o eventual\u0103 r\u0103nire a animalului de companie.<\/p>\n","protected":false},"excerpt":{"rendered":"<p>Combina\u021bia figurin\u0103 plus sfoar\u0103 nu poate rezulta dec\u00e2t un produs pe care animalul de companie \u00eel va \u00eendr\u0103gi din primul moment;Destina\u021bia acestei juc\u0103rii este multipl\u0103. Se preteaz\u0103 foarte bine at\u00e2t pentru activit\u0103\u021bi interactive intense, desf\u0103\u0219urate \u00een mediul exterior (jocuri de confruntare, de aport sau c\u0103utare \u0219i recuperare), c\u00e2t \u0219i pentru momentele \u00een care c\u00e2inele este [&hellip;]<\/p>\n","protected":false},"featured_media":9349,"template":"","meta":[],"product_brand":[],"product_cat":[168,1109,1110],"product_tag":[1137,1114,1136],"class_list":{"0":"post-4364","1":"product","2":"type-product","3":"status-publish","4":"has-post-thumbnail","6":"product_cat-caini","7":"product_cat-jucarii","8":"product_cat-jucarii-minge","9":"product_tag-jucarii-ieftine","10":"product_tag-jucarii-pisici","11":"product_tag-pentru-pisici","13":"first","14":"instock","15":"shipping-taxable","16":"purchasable","17":"product-type-simple"},"_links":{"self":[{"href":"https:\/\/faberpet.ro\/stage\/wp-json\/wp\/v2\/product\/4364","targetHints":{"allow":["GET"]}}],"collection":[{"href":"https:\/\/faberpet.ro\/stage\/wp-json\/wp\/v2\/product"}],"about":[{"href":"https:\/\/faberpet.ro\/stage\/wp-json\/wp\/v2\/types\/product"}],"wp:featuredmedia":[{"embeddable":true,"href":"https:\/\/faberpet.ro\/stage\/wp-json\/wp\/v2\/media\/9349"}],"wp:attachment":[{"href":"https:\/\/faberpet.ro\/stage\/wp-json\/wp\/v2\/media?parent=4364"}],"wp:term":[{"taxonomy":"product_brand","embeddable":true,"href":"https:\/\/faberpet.ro\/stage\/wp-json\/wp\/v2\/product_brand?post=4364"},{"taxonomy":"product_cat","embeddable":true,"href":"https:\/\/faberpet.ro\/stage\/wp-json\/wp\/v2\/product_cat?post=4364"},{"taxonomy":"product_tag","embeddable":true,"href":"https:\/\/faberpet.ro\/stage\/wp-json\/wp\/v2\/product_tag?post=4364"}],"curies":[{"name":"wp","href":"https:\/\/api.w.org\/{rel}","templated":true}]}}