{"id":4389,"date":"2024-10-21T20:32:29","date_gmt":"2024-10-21T17:32:29","guid":{"rendered":"https:\/\/faberpet.ro\/stage\/produs\/jucarii-figurine-animalute-cu-sunet\/"},"modified":"2025-08-01T13:05:08","modified_gmt":"2025-08-01T11:05:08","slug":"jucarii-figurine-animalute-cu-sunet","status":"publish","type":"product","link":"https:\/\/faberpet.ro\/stage\/produs\/jucarii-figurine-animalute-cu-sunet\/","title":{"rendered":"Jucarii figurine-animalute cu sunet"},"content":{"rendered":"<p>Juc\u0103ria este confec\u0163ionat\u0103 din vinil. Acest material u\u015for elastic \u015fi non- toxic, este deosebit de prietenos cu din\u0163ii c\u00e2inelui dumneavoastr\u0103. Aceast\u0103 juc\u0103rie este potrivit\u0103 at\u00e2t pentru jocurile pe uscat, c\u00e2t \u015fi \u00een ap\u0103, deoarece juc\u0103ria este plutitoare. Datorit\u0103 sunetului, este u\u0219or antrenat la joac\u0103. C\u00e2inilor le place s\u0103 alerge, s\u0103 prind\u0103 \u0219i s\u0103 aduc\u0103 juc\u0103riile. Potrivit\u0103 pentru toate v\u00e2rstele, de la c\u0103\u0163elu\u015fi la seniori. U\u0219or de igienizat. Se vinde ambalat c\u00e2te 3 buc\/set! Pre\u021bul afi\u0219at este per buc!<\/p>\n","protected":false},"excerpt":{"rendered":"<p>Juc\u0103ria este confec\u0163ionat\u0103 din vinil. Acest material u\u015for elastic \u015fi non- toxic, este deosebit de prietenos cu din\u0163ii c\u00e2inelui dumneavoastr\u0103. Aceast\u0103 juc\u0103rie este potrivit\u0103 at\u00e2t pentru jocurile pe uscat, c\u00e2t \u015fi \u00een ap\u0103, deoarece juc\u0103ria este plutitoare. Datorit\u0103 sunetului, este u\u0219or antrenat la joac\u0103. C\u00e2inilor le place s\u0103 alerge, s\u0103 prind\u0103 \u0219i s\u0103 aduc\u0103 juc\u0103riile. [&hellip;]<\/p>\n","protected":false},"featured_media":9377,"template":"","meta":[],"product_brand":[],"product_cat":[168,1109,1122,171],"product_tag":[1172,1170,1171],"class_list":{"0":"post-4389","1":"product","2":"type-product","3":"status-publish","4":"has-post-thumbnail","6":"product_cat-caini","7":"product_cat-jucarii","8":"product_cat-jucarii-pisici","9":"product_cat-pisici","10":"product_tag-figurine-cu-sunet","11":"product_tag-jucarie-pentru-pisici","12":"product_tag-jucarii-figurine","14":"first","15":"instock","16":"shipping-taxable","17":"purchasable","18":"product-type-simple"},"_links":{"self":[{"href":"https:\/\/faberpet.ro\/stage\/wp-json\/wp\/v2\/product\/4389","targetHints":{"allow":["GET"]}}],"collection":[{"href":"https:\/\/faberpet.ro\/stage\/wp-json\/wp\/v2\/product"}],"about":[{"href":"https:\/\/faberpet.ro\/stage\/wp-json\/wp\/v2\/types\/product"}],"wp:featuredmedia":[{"embeddable":true,"href":"https:\/\/faberpet.ro\/stage\/wp-json\/wp\/v2\/media\/9377"}],"wp:attachment":[{"href":"https:\/\/faberpet.ro\/stage\/wp-json\/wp\/v2\/media?parent=4389"}],"wp:term":[{"taxonomy":"product_brand","embeddable":true,"href":"https:\/\/faberpet.ro\/stage\/wp-json\/wp\/v2\/product_brand?post=4389"},{"taxonomy":"product_cat","embeddable":true,"href":"https:\/\/faberpet.ro\/stage\/wp-json\/wp\/v2\/product_cat?post=4389"},{"taxonomy":"product_tag","embeddable":true,"href":"https:\/\/faberpet.ro\/stage\/wp-json\/wp\/v2\/product_tag?post=4389"}],"curies":[{"name":"wp","href":"https:\/\/api.w.org\/{rel}","templated":true}]}}