{"id":4395,"date":"2024-10-21T20:32:30","date_gmt":"2024-10-21T17:32:30","guid":{"rendered":"https:\/\/faberpet.ro\/stage\/produs\/jucarie-minge-cauciuc-cu-crestaturi-si-sunet-10-cm\/"},"modified":"2025-11-28T10:20:18","modified_gmt":"2025-11-28T08:20:18","slug":"jucarie-minge-cauciuc-cu-crestaturi-si-sunet-10-cm","status":"publish","type":"product","link":"https:\/\/faberpet.ro\/stage\/produs\/jucarie-minge-cauciuc-cu-crestaturi-si-sunet-10-cm\/","title":{"rendered":"Jucarie minge cauciuc cu crestaturi si sunet 10 cm"},"content":{"rendered":"<p>Juc\u0103ria este confec\u021bionat\u0103 din vinil, material ce foarte rezistent la intemperii \u015fi extrem de durabil. Acest material u\u0219or elastic \u015fi non- toxic, este deosebit de prietenos cu din\u021bii c\u00e2inelui dumneavoastr\u0103. Aceast\u0103 juc\u0103rie este potrivit\u0103 at\u00e2t pentru jocurile pe uscat, c\u00e2t \u015fi \u00een ap\u0103, deoarece juc\u0103ria este plutitoare. Datorit\u0103 sunetului, este u\u0219or antrenat la joac\u0103. C\u00e2inilor le place s\u0103 alerge, s\u0103 prind\u0103 \u0219i s\u0103 aduc\u0103 juc\u0103riile. Potrivit\u0103 pentru toate v\u00e2rstele, de la c\u0103\u021belu\u0219i la seniori. U\u0219or de igienizat. Diametru: 10 cm. IMPORTANT: Acest produs este disponibil \u00een diverse culori, a\u0219adar nu putem garanta livrarea unei anumite culori.<\/p>\n","protected":false},"excerpt":{"rendered":"<p>Juc\u0103ria este confec\u021bionat\u0103 din vinil, material ce foarte rezistent la intemperii \u015fi extrem de durabil. Acest material u\u0219or elastic \u015fi non- toxic, este deosebit de prietenos cu din\u021bii c\u00e2inelui dumneavoastr\u0103. Aceast\u0103 juc\u0103rie este potrivit\u0103 at\u00e2t pentru jocurile pe uscat, c\u00e2t \u015fi \u00een ap\u0103, deoarece juc\u0103ria este plutitoare. Datorit\u0103 sunetului, este u\u0219or antrenat la joac\u0103. C\u00e2inilor [&hellip;]<\/p>\n","protected":false},"featured_media":9384,"template":"","meta":[],"product_brand":[],"product_cat":[168,1109,1110],"product_tag":[1173,1120,1174],"class_list":{"0":"post-4395","1":"product","2":"type-product","3":"status-publish","4":"has-post-thumbnail","6":"product_cat-caini","7":"product_cat-jucarii","8":"product_cat-jucarii-minge","9":"product_tag-jucarie-catei","10":"product_tag-jucarie-minge","11":"product_tag-minge-juacrii","13":"first","14":"instock","15":"shipping-taxable","16":"purchasable","17":"product-type-simple"},"_links":{"self":[{"href":"https:\/\/faberpet.ro\/stage\/wp-json\/wp\/v2\/product\/4395","targetHints":{"allow":["GET"]}}],"collection":[{"href":"https:\/\/faberpet.ro\/stage\/wp-json\/wp\/v2\/product"}],"about":[{"href":"https:\/\/faberpet.ro\/stage\/wp-json\/wp\/v2\/types\/product"}],"wp:featuredmedia":[{"embeddable":true,"href":"https:\/\/faberpet.ro\/stage\/wp-json\/wp\/v2\/media\/9384"}],"wp:attachment":[{"href":"https:\/\/faberpet.ro\/stage\/wp-json\/wp\/v2\/media?parent=4395"}],"wp:term":[{"taxonomy":"product_brand","embeddable":true,"href":"https:\/\/faberpet.ro\/stage\/wp-json\/wp\/v2\/product_brand?post=4395"},{"taxonomy":"product_cat","embeddable":true,"href":"https:\/\/faberpet.ro\/stage\/wp-json\/wp\/v2\/product_cat?post=4395"},{"taxonomy":"product_tag","embeddable":true,"href":"https:\/\/faberpet.ro\/stage\/wp-json\/wp\/v2\/product_tag?post=4395"}],"curies":[{"name":"wp","href":"https:\/\/api.w.org\/{rel}","templated":true}]}}