{"id":4488,"date":"2024-10-21T20:32:42","date_gmt":"2024-10-21T17:32:42","guid":{"rendered":"https:\/\/faberpet.ro\/stage\/produs\/jucarie-caini-inel-dentitie-7-9-cm\/"},"modified":"2025-08-04T07:49:14","modified_gmt":"2025-08-04T05:49:14","slug":"jucarie-caini-inel-dentitie-7-9-cm","status":"publish","type":"product","link":"https:\/\/faberpet.ro\/stage\/produs\/jucarie-caini-inel-dentitie-7-9-cm\/","title":{"rendered":"Jucarie caini inel dentitie 7-9 cm"},"content":{"rendered":"<p>Juc\u0103ria este confec\u0163ionat\u0103 din cauciuc, material ce foarte rezistent la intemperii \u015fi extrem de durabil. Inelul denti\u021bie \u00eel \u021bin\u0103 ocupat pe c\u00e2inele t\u0103u cu joac\u0103, dar \u00een acela\u0219i timp s\u0103 \u00eei cure\u021be \u0219i s\u0103 \u00eei \u00eent\u0103reasc\u0103 dantura \u0219i gingiile. Conceput\u0103 pentru din\u021bi \u0219i gingii;Potrivit\u0103 pentru c\u0103\u0163elu\u015fi \u0219i pisici;Lungime: 7- 9 cm. Aten\u021bie! Ca \u00een cazul oric\u0103rui alt produs, este important s\u0103 v\u0103 supraveghea\u021bi animalul de companie \u00een timpul jocului. Verifica\u021bi produsul \u00een mod regulat \u0219i \u00eenlocui\u021bi- l \u00een cazul \u00een care este deteriorat sau \u00eei lipsesc piese pentru a evita o eventual\u0103 r\u0103nire a animalului de companie.<\/p>\n","protected":false},"excerpt":{"rendered":"<p>Juc\u0103ria este confec\u0163ionat\u0103 din cauciuc, material ce foarte rezistent la intemperii \u015fi extrem de durabil. Inelul denti\u021bie \u00eel \u021bin\u0103 ocupat pe c\u00e2inele t\u0103u cu joac\u0103, dar \u00een acela\u0219i timp s\u0103 \u00eei cure\u021be \u0219i s\u0103 \u00eei \u00eent\u0103reasc\u0103 dantura \u0219i gingiile. Conceput\u0103 pentru din\u021bi \u0219i gingii;Potrivit\u0103 pentru c\u0103\u0163elu\u015fi \u0219i pisici;Lungime: 7- 9 cm. Aten\u021bie! Ca \u00een cazul [&hellip;]<\/p>\n","protected":false},"featured_media":9484,"template":"","meta":[],"product_brand":[],"product_cat":[168,1109,1162],"product_tag":[1255,1298,1136],"class_list":{"0":"post-4488","1":"product","2":"type-product","3":"status-publish","4":"has-post-thumbnail","6":"product_cat-caini","7":"product_cat-jucarii","8":"product_cat-jucarii-diverse","9":"product_tag-jucarie-pasare","10":"product_tag-pentru-caini","11":"product_tag-pentru-pisici","13":"first","14":"instock","15":"shipping-taxable","16":"purchasable","17":"product-type-simple"},"_links":{"self":[{"href":"https:\/\/faberpet.ro\/stage\/wp-json\/wp\/v2\/product\/4488","targetHints":{"allow":["GET"]}}],"collection":[{"href":"https:\/\/faberpet.ro\/stage\/wp-json\/wp\/v2\/product"}],"about":[{"href":"https:\/\/faberpet.ro\/stage\/wp-json\/wp\/v2\/types\/product"}],"wp:featuredmedia":[{"embeddable":true,"href":"https:\/\/faberpet.ro\/stage\/wp-json\/wp\/v2\/media\/9484"}],"wp:attachment":[{"href":"https:\/\/faberpet.ro\/stage\/wp-json\/wp\/v2\/media?parent=4488"}],"wp:term":[{"taxonomy":"product_brand","embeddable":true,"href":"https:\/\/faberpet.ro\/stage\/wp-json\/wp\/v2\/product_brand?post=4488"},{"taxonomy":"product_cat","embeddable":true,"href":"https:\/\/faberpet.ro\/stage\/wp-json\/wp\/v2\/product_cat?post=4488"},{"taxonomy":"product_tag","embeddable":true,"href":"https:\/\/faberpet.ro\/stage\/wp-json\/wp\/v2\/product_tag?post=4488"}],"curies":[{"name":"wp","href":"https:\/\/api.w.org\/{rel}","templated":true}]}}