{"id":4531,"date":"2024-10-21T20:32:47","date_gmt":"2024-10-21T17:32:47","guid":{"rendered":"https:\/\/faberpet.ro\/stage\/produs\/jucarie-pisici-hopa-mitica\/"},"modified":"2025-08-04T08:14:43","modified_gmt":"2025-08-04T06:14:43","slug":"jucarie-pisici-hopa-mitica","status":"publish","type":"product","link":"https:\/\/faberpet.ro\/stage\/produs\/jucarie-pisici-hopa-mitica\/","title":{"rendered":"Jucarie pisici &#8220;Hopa-Mitica&#8221;"},"content":{"rendered":"<p>Juc\u0103rie \u201ehopa Mitic\u0103\u201d cu pene Flamingo pentru pisici \u00een culori vii. Are un zorn\u0103itor \u00een interior, ceea ce o face \u0219i mai incitant pentru a o entuziasma pe pisicu\u021ba ta. \u00cen\u0103l\u021bime: 19 cm. Disponibil\u0103 \u00een mai multe culori. Aten\u021bie! Ca \u00een cazul oric\u0103rui alt produs, este important s\u0103 v\u0103 supraveghea\u021bi animalul de companie \u00een timpul jocului. Verifica\u021bi produsul \u00een mod regulat \u0219i \u00eenlocui\u021bi- l \u00een cazul \u00een care este deteriorat sau \u00eei lipsesc piese pentru a evita o eventual\u0103 r\u0103nire a animalului de companie.<\/p>\n","protected":false},"excerpt":{"rendered":"<p>Juc\u0103rie \u201ehopa Mitic\u0103\u201d cu pene Flamingo pentru pisici \u00een culori vii. Are un zorn\u0103itor \u00een interior, ceea ce o face \u0219i mai incitant pentru a o entuziasma pe pisicu\u021ba ta. \u00cen\u0103l\u021bime: 19 cm. Disponibil\u0103 \u00een mai multe culori. Aten\u021bie! Ca \u00een cazul oric\u0103rui alt produs, este important s\u0103 v\u0103 supraveghea\u021bi animalul de companie \u00een timpul [&hellip;]<\/p>\n","protected":false},"featured_media":9528,"template":"","meta":[],"product_brand":[],"product_cat":[1122,171],"product_tag":[1237,1323,1114],"class_list":{"0":"post-4531","1":"product","2":"type-product","3":"status-publish","4":"has-post-thumbnail","6":"product_cat-jucarii-pisici","7":"product_cat-pisici","8":"product_tag-jucarie-pisici","9":"product_tag-jucarii-atractive-pisici","10":"product_tag-jucarii-pisici","12":"first","13":"instock","14":"shipping-taxable","15":"purchasable","16":"product-type-simple"},"_links":{"self":[{"href":"https:\/\/faberpet.ro\/stage\/wp-json\/wp\/v2\/product\/4531","targetHints":{"allow":["GET"]}}],"collection":[{"href":"https:\/\/faberpet.ro\/stage\/wp-json\/wp\/v2\/product"}],"about":[{"href":"https:\/\/faberpet.ro\/stage\/wp-json\/wp\/v2\/types\/product"}],"wp:featuredmedia":[{"embeddable":true,"href":"https:\/\/faberpet.ro\/stage\/wp-json\/wp\/v2\/media\/9528"}],"wp:attachment":[{"href":"https:\/\/faberpet.ro\/stage\/wp-json\/wp\/v2\/media?parent=4531"}],"wp:term":[{"taxonomy":"product_brand","embeddable":true,"href":"https:\/\/faberpet.ro\/stage\/wp-json\/wp\/v2\/product_brand?post=4531"},{"taxonomy":"product_cat","embeddable":true,"href":"https:\/\/faberpet.ro\/stage\/wp-json\/wp\/v2\/product_cat?post=4531"},{"taxonomy":"product_tag","embeddable":true,"href":"https:\/\/faberpet.ro\/stage\/wp-json\/wp\/v2\/product_tag?post=4531"}],"curies":[{"name":"wp","href":"https:\/\/api.w.org\/{rel}","templated":true}]}}