{"id":4535,"date":"2024-10-21T20:32:48","date_gmt":"2024-10-21T17:32:48","guid":{"rendered":"https:\/\/faberpet.ro\/stage\/produs\/jucarie-pisici-set-5-piese\/"},"modified":"2025-08-04T08:15:37","modified_gmt":"2025-08-04T06:15:37","slug":"jucarie-pisici-set-5-piese","status":"publish","type":"product","link":"https:\/\/faberpet.ro\/stage\/produs\/jucarie-pisici-set-5-piese\/","title":{"rendered":"Jucarie pisici set 5 piese"},"content":{"rendered":"<p>Este o juc\u0103rie de calitate pentru pisici fabricat\u0103 din plastic. Acesta va deveni \u00een scurt timp juc\u0103ria preferat\u0103 de pisica ta. Setul con\u021bine diferite elemente de joac\u0103, a\u0219a este mult mai atractiv la joac\u0103. U\u0219or de igienizat. Supraveghea\u021bi pisicii \u00een timpul orelor de joac\u0103 \u0219i \u00een cazul deterior\u0103rii \u00eenlocui\u021bi juc\u0103ria pentru a evita r\u0103nirea animalului de companie!<\/p>\n","protected":false},"excerpt":{"rendered":"<p>Este o juc\u0103rie de calitate pentru pisici fabricat\u0103 din plastic. Acesta va deveni \u00een scurt timp juc\u0103ria preferat\u0103 de pisica ta. Setul con\u021bine diferite elemente de joac\u0103, a\u0219a este mult mai atractiv la joac\u0103. U\u0219or de igienizat. Supraveghea\u021bi pisicii \u00een timpul orelor de joac\u0103 \u0219i \u00een cazul deterior\u0103rii \u00eenlocui\u021bi juc\u0103ria pentru a evita r\u0103nirea animalului [&hellip;]<\/p>\n","protected":false},"featured_media":9532,"template":"","meta":[],"product_brand":[],"product_cat":[1122,171],"product_tag":[1157,1237,1114],"class_list":{"0":"post-4535","1":"product","2":"type-product","3":"status-publish","4":"has-post-thumbnail","6":"product_cat-jucarii-pisici","7":"product_cat-pisici","8":"product_tag-jucarie-minge-pisici","9":"product_tag-jucarie-pisici","10":"product_tag-jucarii-pisici","12":"first","13":"instock","14":"shipping-taxable","15":"purchasable","16":"product-type-simple"},"_links":{"self":[{"href":"https:\/\/faberpet.ro\/stage\/wp-json\/wp\/v2\/product\/4535","targetHints":{"allow":["GET"]}}],"collection":[{"href":"https:\/\/faberpet.ro\/stage\/wp-json\/wp\/v2\/product"}],"about":[{"href":"https:\/\/faberpet.ro\/stage\/wp-json\/wp\/v2\/types\/product"}],"wp:featuredmedia":[{"embeddable":true,"href":"https:\/\/faberpet.ro\/stage\/wp-json\/wp\/v2\/media\/9532"}],"wp:attachment":[{"href":"https:\/\/faberpet.ro\/stage\/wp-json\/wp\/v2\/media?parent=4535"}],"wp:term":[{"taxonomy":"product_brand","embeddable":true,"href":"https:\/\/faberpet.ro\/stage\/wp-json\/wp\/v2\/product_brand?post=4535"},{"taxonomy":"product_cat","embeddable":true,"href":"https:\/\/faberpet.ro\/stage\/wp-json\/wp\/v2\/product_cat?post=4535"},{"taxonomy":"product_tag","embeddable":true,"href":"https:\/\/faberpet.ro\/stage\/wp-json\/wp\/v2\/product_tag?post=4535"}],"curies":[{"name":"wp","href":"https:\/\/api.w.org\/{rel}","templated":true}]}}