{"id":4549,"date":"2024-10-21T20:32:50","date_gmt":"2024-10-21T17:32:50","guid":{"rendered":"https:\/\/faberpet.ro\/stage\/produs\/jucarie-pisici-soricel-cu-pene-8-cm\/"},"modified":"2025-08-04T08:26:47","modified_gmt":"2025-08-04T06:26:47","slug":"jucarie-pisici-soricel-cu-pene-8-cm","status":"publish","type":"product","link":"https:\/\/faberpet.ro\/stage\/produs\/jucarie-pisici-soricel-cu-pene-8-cm\/","title":{"rendered":"Jucarie pisici soricel cu pene 8 cm"},"content":{"rendered":"<p>Este o juc\u0103rie de calitate pentru pisici fabricat\u0103 din polyester. Are form\u0103 de \u0219oricel, pe care pisicile \u00ee\u0219i pot ascu\u021bi gheru\u021bele. Potrivit\u0103 pentru c\u0103\u021belu\u0219i \u0219i pisici;U\u0219or de igienizat. Dimensiuni: 8 cm;<\/p>\n","protected":false},"excerpt":{"rendered":"<p>Este o juc\u0103rie de calitate pentru pisici fabricat\u0103 din polyester. Are form\u0103 de \u0219oricel, pe care pisicile \u00ee\u0219i pot ascu\u021bi gheru\u021bele. Potrivit\u0103 pentru c\u0103\u021belu\u0219i \u0219i pisici;U\u0219or de igienizat. Dimensiuni: 8 cm;<\/p>\n","protected":false},"featured_media":9546,"template":"","meta":[],"product_brand":[],"product_cat":[1122,171],"product_tag":[1285,1340,1339],"class_list":{"0":"post-4549","1":"product","2":"type-product","3":"status-publish","4":"has-post-thumbnail","6":"product_cat-jucarii-pisici","7":"product_cat-pisici","8":"product_tag-jucarie-pisica","9":"product_tag-jucarii-mici","10":"product_tag-soricel-cu-minge","12":"first","13":"instock","14":"shipping-taxable","15":"purchasable","16":"product-type-simple"},"_links":{"self":[{"href":"https:\/\/faberpet.ro\/stage\/wp-json\/wp\/v2\/product\/4549","targetHints":{"allow":["GET"]}}],"collection":[{"href":"https:\/\/faberpet.ro\/stage\/wp-json\/wp\/v2\/product"}],"about":[{"href":"https:\/\/faberpet.ro\/stage\/wp-json\/wp\/v2\/types\/product"}],"wp:featuredmedia":[{"embeddable":true,"href":"https:\/\/faberpet.ro\/stage\/wp-json\/wp\/v2\/media\/9546"}],"wp:attachment":[{"href":"https:\/\/faberpet.ro\/stage\/wp-json\/wp\/v2\/media?parent=4549"}],"wp:term":[{"taxonomy":"product_brand","embeddable":true,"href":"https:\/\/faberpet.ro\/stage\/wp-json\/wp\/v2\/product_brand?post=4549"},{"taxonomy":"product_cat","embeddable":true,"href":"https:\/\/faberpet.ro\/stage\/wp-json\/wp\/v2\/product_cat?post=4549"},{"taxonomy":"product_tag","embeddable":true,"href":"https:\/\/faberpet.ro\/stage\/wp-json\/wp\/v2\/product_tag?post=4549"}],"curies":[{"name":"wp","href":"https:\/\/api.w.org\/{rel}","templated":true}]}}