{"id":4564,"date":"2024-10-21T20:32:52","date_gmt":"2024-10-21T17:32:52","guid":{"rendered":"https:\/\/faberpet.ro\/stage\/produs\/jucarie-pisici-disc-cu-soricel-pe-arc-22-cm\/"},"modified":"2025-08-04T08:43:56","modified_gmt":"2025-08-04T06:43:56","slug":"jucarie-pisici-disc-cu-soricel-pe-arc-22-cm","status":"publish","type":"product","link":"https:\/\/faberpet.ro\/stage\/produs\/jucarie-pisici-disc-cu-soricel-pe-arc-22-cm\/","title":{"rendered":"Jucarie pisici disc cu soricel pe arc 22 cm"},"content":{"rendered":"<p>Dispozitiv de joac\u0103 pentru pisici cu suprafa\u021b\u0103 de zg\u00e2riat. \u0218oricel care se mi\u0219c\u0103 pe arc atunci c\u00e2nd pisicile zg\u00e2rie juc\u0103ria. Stimuleaz\u0103 interesul animalului;U\u0219or de igienizat;\u00cen\u0103l\u021bime: 22 cm. Aten\u021bie! Ca \u00een cazul oric\u0103rui alt produs, este important s\u0103 v\u0103 supraveghea\u021bi animalul de companie \u00een timpul jocului. Verifica\u021bi produsul \u00een mod regulat \u0219i \u00eenlocui\u021bi- l \u00een cazul \u00een care este deteriorat sau \u00eei lipsesc piese pentru a evita o eventual\u0103 r\u0103nire a animalului de companie.<\/p>\n","protected":false},"excerpt":{"rendered":"<p>Dispozitiv de joac\u0103 pentru pisici cu suprafa\u021b\u0103 de zg\u00e2riat. \u0218oricel care se mi\u0219c\u0103 pe arc atunci c\u00e2nd pisicile zg\u00e2rie juc\u0103ria. Stimuleaz\u0103 interesul animalului;U\u0219or de igienizat;\u00cen\u0103l\u021bime: 22 cm. Aten\u021bie! Ca \u00een cazul oric\u0103rui alt produs, este important s\u0103 v\u0103 supraveghea\u021bi animalul de companie \u00een timpul jocului. Verifica\u021bi produsul \u00een mod regulat \u0219i \u00eenlocui\u021bi- l \u00een cazul [&hellip;]<\/p>\n","protected":false},"featured_media":9561,"template":"","meta":[],"product_brand":[],"product_cat":[1122,171],"product_tag":[1237,1350,1351],"class_list":{"0":"post-4564","1":"product","2":"type-product","3":"status-publish","4":"has-post-thumbnail","6":"product_cat-jucarii-pisici","7":"product_cat-pisici","8":"product_tag-jucarie-pisici","9":"product_tag-jucarie-sisal-pisici","10":"product_tag-jucarie-tub-pisici","12":"first","13":"instock","14":"shipping-taxable","15":"purchasable","16":"product-type-simple"},"_links":{"self":[{"href":"https:\/\/faberpet.ro\/stage\/wp-json\/wp\/v2\/product\/4564","targetHints":{"allow":["GET"]}}],"collection":[{"href":"https:\/\/faberpet.ro\/stage\/wp-json\/wp\/v2\/product"}],"about":[{"href":"https:\/\/faberpet.ro\/stage\/wp-json\/wp\/v2\/types\/product"}],"wp:featuredmedia":[{"embeddable":true,"href":"https:\/\/faberpet.ro\/stage\/wp-json\/wp\/v2\/media\/9561"}],"wp:attachment":[{"href":"https:\/\/faberpet.ro\/stage\/wp-json\/wp\/v2\/media?parent=4564"}],"wp:term":[{"taxonomy":"product_brand","embeddable":true,"href":"https:\/\/faberpet.ro\/stage\/wp-json\/wp\/v2\/product_brand?post=4564"},{"taxonomy":"product_cat","embeddable":true,"href":"https:\/\/faberpet.ro\/stage\/wp-json\/wp\/v2\/product_cat?post=4564"},{"taxonomy":"product_tag","embeddable":true,"href":"https:\/\/faberpet.ro\/stage\/wp-json\/wp\/v2\/product_tag?post=4564"}],"curies":[{"name":"wp","href":"https:\/\/api.w.org\/{rel}","templated":true}]}}