{"id":4566,"date":"2024-10-21T20:32:52","date_gmt":"2024-10-21T17:32:52","guid":{"rendered":"https:\/\/faberpet.ro\/stage\/produs\/tocitor-gheare-placa-pentru-pisici-2047-cm\/"},"modified":"2025-08-04T08:44:39","modified_gmt":"2025-08-04T06:44:39","slug":"tocitor-gheare-placa-pentru-pisici-2047-cm","status":"publish","type":"product","link":"https:\/\/faberpet.ro\/stage\/produs\/tocitor-gheare-placa-pentru-pisici-2047-cm\/","title":{"rendered":"Tocitor gheare placa pentru pisici 20*47 cm"},"content":{"rendered":"<p>Pisicile trebuie s\u0103 \u00ee\u0219i ascut\u0103 unghiile regulat &#8211; pentru a preveni utilizarea mobilei sau tapetului pentru acest instinct. este vital s\u0103 le oferi\u021bi un material potrivit pentru a- \u0219i satisface acest instinct. Fibrele naturale \u0219i tari de sisal sunt ideale pentru \u00eengrijirea ghearelor pisicii. Astfel se va preveni \u00eencarnarea ghearelor. Acest plac\u0103 pentru zg\u00e2riat poate fi pozi\u021bionat u\u0219or la orice \u00een\u0103l\u021bime dorit\u0103. Dimensiuni: 20*47 cm;Aten\u021bie! Ca \u00een cazul oric\u0103rui alt produs, este important s\u0103 v\u0103 supraveghea\u021bi animalul de companie \u00een timpul jocului. Verifica\u021bi produsul \u00een mod regulat \u0219i \u00eenlocui\u021bi- l \u00een cazul \u00een care este deteriorat sau \u00eei lipsesc piese pentru a evita o eventual\u0103 r\u0103nire a animalului de companie.<\/p>\n","protected":false},"excerpt":{"rendered":"<p>Pisicile trebuie s\u0103 \u00ee\u0219i ascut\u0103 unghiile regulat &#8211; pentru a preveni utilizarea mobilei sau tapetului pentru acest instinct. este vital s\u0103 le oferi\u021bi un material potrivit pentru a- \u0219i satisface acest instinct. Fibrele naturale \u0219i tari de sisal sunt ideale pentru \u00eengrijirea ghearelor pisicii. Astfel se va preveni \u00eencarnarea ghearelor. Acest plac\u0103 pentru zg\u00e2riat poate [&hellip;]<\/p>\n","protected":false},"featured_media":9563,"template":"","meta":[],"product_brand":[],"product_cat":[1122,171],"product_tag":[1237,1350,1352],"class_list":{"0":"post-4566","1":"product","2":"type-product","3":"status-publish","4":"has-post-thumbnail","6":"product_cat-jucarii-pisici","7":"product_cat-pisici","8":"product_tag-jucarie-pisici","9":"product_tag-jucarie-sisal-pisici","10":"product_tag-tocitor-gheare-pisici","12":"first","13":"instock","14":"shipping-taxable","15":"purchasable","16":"product-type-simple"},"_links":{"self":[{"href":"https:\/\/faberpet.ro\/stage\/wp-json\/wp\/v2\/product\/4566","targetHints":{"allow":["GET"]}}],"collection":[{"href":"https:\/\/faberpet.ro\/stage\/wp-json\/wp\/v2\/product"}],"about":[{"href":"https:\/\/faberpet.ro\/stage\/wp-json\/wp\/v2\/types\/product"}],"wp:featuredmedia":[{"embeddable":true,"href":"https:\/\/faberpet.ro\/stage\/wp-json\/wp\/v2\/media\/9563"}],"wp:attachment":[{"href":"https:\/\/faberpet.ro\/stage\/wp-json\/wp\/v2\/media?parent=4566"}],"wp:term":[{"taxonomy":"product_brand","embeddable":true,"href":"https:\/\/faberpet.ro\/stage\/wp-json\/wp\/v2\/product_brand?post=4566"},{"taxonomy":"product_cat","embeddable":true,"href":"https:\/\/faberpet.ro\/stage\/wp-json\/wp\/v2\/product_cat?post=4566"},{"taxonomy":"product_tag","embeddable":true,"href":"https:\/\/faberpet.ro\/stage\/wp-json\/wp\/v2\/product_tag?post=4566"}],"curies":[{"name":"wp","href":"https:\/\/api.w.org\/{rel}","templated":true}]}}