{"id":4625,"date":"2024-10-21T20:33:00","date_gmt":"2024-10-21T17:33:00","guid":{"rendered":"https:\/\/faberpet.ro\/stage\/produs\/lesa-retractabila-flexi-new-classic-s-cu-snur-5-m-12-kg\/"},"modified":"2025-08-04T09:08:21","modified_gmt":"2025-08-04T07:08:21","slug":"lesa-retractabila-flexi-new-classic-s-cu-snur-5-m-12-kg","status":"publish","type":"product","link":"https:\/\/faberpet.ro\/stage\/produs\/lesa-retractabila-flexi-new-classic-s-cu-snur-5-m-12-kg\/","title":{"rendered":"Lesa retractabila FLEXI NEW CLASSIC S cu snur 5 m 12 kg"},"content":{"rendered":"<p>Lesa retractabil\u0103 FLEXI NEW CLASSIC are o lungime de 5 metri \u0219i este ideal\u0103 pentru plimb\u0103rile c\u00e2inilor de p\u00e2n\u0103 la 12 kg. C\u0103\u021belul are libertate de mi\u0219care, afl\u0103ndu- se \u00een acela\u0219i timp sub controlul dumneavoastr\u0103, datorit\u0103 sistemului de fr\u00e2nare rapid\u0103. Prin sistemul de blocare, lesa poate fi oprit\u0103 imediat pentru a evita un pericol, sau poate fi blocat\u0103 pentru mersul la pas. Carabiniera este inox, se poate ata\u0219a \u0219i deta\u0219a u\u0219or de zgarda c\u0103inelui. Nu exist\u0103 riscul de a se \u00eencurca sau de a provoca accidente. Construc\u021bie robust\u0103, elegant\u0103 cu un design clasic. M\u00e2ner confortabil. Nu folosi\u021bi lesa \u00een alt scop dec\u00e2t cel pentru care a fost creat\u0103.<\/p>\n","protected":false},"excerpt":{"rendered":"<p>Lesa retractabil\u0103 FLEXI NEW CLASSIC are o lungime de 5 metri \u0219i este ideal\u0103 pentru plimb\u0103rile c\u00e2inilor de p\u00e2n\u0103 la 12 kg. C\u0103\u021belul are libertate de mi\u0219care, afl\u0103ndu- se \u00een acela\u0219i timp sub controlul dumneavoastr\u0103, datorit\u0103 sistemului de fr\u00e2nare rapid\u0103. Prin sistemul de blocare, lesa poate fi oprit\u0103 imediat pentru a evita un pericol, sau [&hellip;]<\/p>\n","protected":false},"featured_media":9625,"template":"","meta":[],"product_brand":[],"product_cat":[168,935,1418],"product_tag":[1429,1430,1423],"class_list":{"0":"post-4625","1":"product","2":"type-product","3":"status-publish","4":"has-post-thumbnail","6":"product_cat-caini","7":"product_cat-lese","8":"product_cat-lese-retractabile","9":"product_tag-lesa-catel","10":"product_tag-lese-cu-snur","11":"product_tag-lese-flexi","13":"first","14":"instock","15":"shipping-taxable","16":"purchasable","17":"product-type-simple"},"_links":{"self":[{"href":"https:\/\/faberpet.ro\/stage\/wp-json\/wp\/v2\/product\/4625","targetHints":{"allow":["GET"]}}],"collection":[{"href":"https:\/\/faberpet.ro\/stage\/wp-json\/wp\/v2\/product"}],"about":[{"href":"https:\/\/faberpet.ro\/stage\/wp-json\/wp\/v2\/types\/product"}],"wp:featuredmedia":[{"embeddable":true,"href":"https:\/\/faberpet.ro\/stage\/wp-json\/wp\/v2\/media\/9625"}],"wp:attachment":[{"href":"https:\/\/faberpet.ro\/stage\/wp-json\/wp\/v2\/media?parent=4625"}],"wp:term":[{"taxonomy":"product_brand","embeddable":true,"href":"https:\/\/faberpet.ro\/stage\/wp-json\/wp\/v2\/product_brand?post=4625"},{"taxonomy":"product_cat","embeddable":true,"href":"https:\/\/faberpet.ro\/stage\/wp-json\/wp\/v2\/product_cat?post=4625"},{"taxonomy":"product_tag","embeddable":true,"href":"https:\/\/faberpet.ro\/stage\/wp-json\/wp\/v2\/product_tag?post=4625"}],"curies":[{"name":"wp","href":"https:\/\/api.w.org\/{rel}","templated":true}]}}