{"id":4661,"date":"2024-10-21T20:33:05","date_gmt":"2024-10-21T17:33:05","guid":{"rendered":"https:\/\/faberpet.ro\/stage\/produs\/lesa-cordelina-dubla-10-mm-120-cm\/"},"modified":"2025-08-04T09:23:16","modified_gmt":"2025-08-04T07:23:16","slug":"lesa-cordelina-dubla-10-mm-120-cm","status":"publish","type":"product","link":"https:\/\/faberpet.ro\/stage\/produs\/lesa-cordelina-dubla-10-mm-120-cm\/","title":{"rendered":"Lesa cordelina dubla 10 mm\/120 cm"},"content":{"rendered":"<p>Confec\u021bionat\u0103 din \u021bes\u0103tur\u0103 rotund\u0103 din nylon (cordelin\u0103) de calitate. este proiectat\u0103 pentru a fi reglabil\u0103 nu numai \u00een lungime, ci \u0219i pentru a at\u00e2rna confortabil pe um\u0103r atunci c\u00e2nd nu este folosit\u0103. Bine g\u00e2ndit\u0103: dou\u0103 lungimi diferite. Se poate combina u\u0219or cu orice tip de zgard\u0103 sau ham. \u00cent\u0103riturile din piele natural\u0103, dispuse la nivelul \u00eembin\u0103rii m\u00e2nerului \u015fi a carabinei, asigur\u0103 un plus de rezistent\u0103 acestor zone, relativ sensibile din structura unei lese. Cu ajutorul inelului lungimea se poate regla de la 1*120 cm la 2*100cm;IMPORTANT: Acest produs este disponibil \u00een diverse culori, a\u0219adar nu putem garanta livrarea unei anumite culori.<\/p>\n","protected":false},"excerpt":{"rendered":"<p>Confec\u021bionat\u0103 din \u021bes\u0103tur\u0103 rotund\u0103 din nylon (cordelin\u0103) de calitate. este proiectat\u0103 pentru a fi reglabil\u0103 nu numai \u00een lungime, ci \u0219i pentru a at\u00e2rna confortabil pe um\u0103r atunci c\u00e2nd nu este folosit\u0103. Bine g\u00e2ndit\u0103: dou\u0103 lungimi diferite. Se poate combina u\u0219or cu orice tip de zgard\u0103 sau ham. \u00cent\u0103riturile din piele natural\u0103, dispuse la nivelul [&hellip;]<\/p>\n","protected":false},"featured_media":9662,"template":"","meta":[],"product_brand":[],"product_cat":[168,935,1446],"product_tag":[865,1477,842],"class_list":{"0":"post-4661","1":"product","2":"type-product","3":"status-publish","4":"has-post-thumbnail","6":"product_cat-caini","7":"product_cat-lese","8":"product_cat-lese-cordelina","9":"product_tag-lesa-caini","10":"product_tag-lesa-cu-hamuri","11":"product_tag-lesa-pentru-caini","13":"first","14":"instock","15":"shipping-taxable","16":"purchasable","17":"product-type-simple"},"_links":{"self":[{"href":"https:\/\/faberpet.ro\/stage\/wp-json\/wp\/v2\/product\/4661","targetHints":{"allow":["GET"]}}],"collection":[{"href":"https:\/\/faberpet.ro\/stage\/wp-json\/wp\/v2\/product"}],"about":[{"href":"https:\/\/faberpet.ro\/stage\/wp-json\/wp\/v2\/types\/product"}],"wp:featuredmedia":[{"embeddable":true,"href":"https:\/\/faberpet.ro\/stage\/wp-json\/wp\/v2\/media\/9662"}],"wp:attachment":[{"href":"https:\/\/faberpet.ro\/stage\/wp-json\/wp\/v2\/media?parent=4661"}],"wp:term":[{"taxonomy":"product_brand","embeddable":true,"href":"https:\/\/faberpet.ro\/stage\/wp-json\/wp\/v2\/product_brand?post=4661"},{"taxonomy":"product_cat","embeddable":true,"href":"https:\/\/faberpet.ro\/stage\/wp-json\/wp\/v2\/product_cat?post=4661"},{"taxonomy":"product_tag","embeddable":true,"href":"https:\/\/faberpet.ro\/stage\/wp-json\/wp\/v2\/product_tag?post=4661"}],"curies":[{"name":"wp","href":"https:\/\/api.w.org\/{rel}","templated":true}]}}