{"id":4665,"date":"2024-10-21T20:33:05","date_gmt":"2024-10-21T17:33:05","guid":{"rendered":"https:\/\/faberpet.ro\/stage\/produs\/lesa-cordelina-cu-lant-12-mm-120-cm\/"},"modified":"2025-08-04T09:24:35","modified_gmt":"2025-08-04T07:24:35","slug":"lesa-cordelina-cu-lant-12-mm-120-cm","status":"publish","type":"product","link":"https:\/\/faberpet.ro\/stage\/produs\/lesa-cordelina-cu-lant-12-mm-120-cm\/","title":{"rendered":"Lesa cordelina cu lant 12 mm\/120 cm"},"content":{"rendered":"<p>Este realizat din nylon (cordelin\u0103) de calitate \u0219i din metal cromat. Poate fi folosit\u0103, \u00een timpul plimb\u0103rilor prin spa\u021bii largi, pu\u021bin populate, c\u00e2nd dore\u015fti s\u0103 oferi mai mult\u0103 libertate de mi\u0219care c\u00e2inelui. \u00cent\u0103riturile din plastic, dispuse la nivelul \u00eembin\u0103rii m\u00e2nerului \u015fi a carabinei, asigur\u0103 un plus de rezisten\u0163\u0103 acestor zone, relativ sensibile din structura unei lese. Rezistent\u0103 \u0219i calitatea produsului permite folosirea acestuia \u00een cazul c\u00e2inilor medie \u0219i mare. Confort \u00een timpul plimb\u0103rii cu ajutorul m\u00e2nerului din material sintetic c\u0103ptu\u0219it rezistent. Carabiniera este metalic\u0103, se poate ata\u0219a \u0219i deta\u0219a u\u0219or de zgarda c\u0103inelui. Are un sistem, care \u00eempiedic\u0103 deschiderea accidental\u0103 a acestuia. U\u0219or de \u00eentre\u021binut prin sp\u0103lare manual\u0103 cu ap\u0103 cald\u0103 \u0219i detergent. Dimensiuni les\u0103: l\u0103\u021bime 1, 2 cm \u0219i lungime 120 cm.<\/p>\n","protected":false},"excerpt":{"rendered":"<p>Este realizat din nylon (cordelin\u0103) de calitate \u0219i din metal cromat. Poate fi folosit\u0103, \u00een timpul plimb\u0103rilor prin spa\u021bii largi, pu\u021bin populate, c\u00e2nd dore\u015fti s\u0103 oferi mai mult\u0103 libertate de mi\u0219care c\u00e2inelui. \u00cent\u0103riturile din plastic, dispuse la nivelul \u00eembin\u0103rii m\u00e2nerului \u015fi a carabinei, asigur\u0103 un plus de rezisten\u0163\u0103 acestor zone, relativ sensibile din structura unei [&hellip;]<\/p>\n","protected":false},"featured_media":9667,"template":"","meta":[],"product_brand":[],"product_cat":[168,935,1446],"product_tag":[1452,1480,1481],"class_list":{"0":"post-4665","1":"product","2":"type-product","3":"status-publish","4":"has-post-thumbnail","6":"product_cat-caini","7":"product_cat-lese","8":"product_cat-lese-cordelina","9":"product_tag-cordelina-colorata","10":"product_tag-lesa-cu-lant","11":"product_tag-lese-colorate","13":"first","14":"instock","15":"shipping-taxable","16":"purchasable","17":"product-type-simple"},"_links":{"self":[{"href":"https:\/\/faberpet.ro\/stage\/wp-json\/wp\/v2\/product\/4665","targetHints":{"allow":["GET"]}}],"collection":[{"href":"https:\/\/faberpet.ro\/stage\/wp-json\/wp\/v2\/product"}],"about":[{"href":"https:\/\/faberpet.ro\/stage\/wp-json\/wp\/v2\/types\/product"}],"wp:featuredmedia":[{"embeddable":true,"href":"https:\/\/faberpet.ro\/stage\/wp-json\/wp\/v2\/media\/9667"}],"wp:attachment":[{"href":"https:\/\/faberpet.ro\/stage\/wp-json\/wp\/v2\/media?parent=4665"}],"wp:term":[{"taxonomy":"product_brand","embeddable":true,"href":"https:\/\/faberpet.ro\/stage\/wp-json\/wp\/v2\/product_brand?post=4665"},{"taxonomy":"product_cat","embeddable":true,"href":"https:\/\/faberpet.ro\/stage\/wp-json\/wp\/v2\/product_cat?post=4665"},{"taxonomy":"product_tag","embeddable":true,"href":"https:\/\/faberpet.ro\/stage\/wp-json\/wp\/v2\/product_tag?post=4665"}],"curies":[{"name":"wp","href":"https:\/\/api.w.org\/{rel}","templated":true}]}}