{"id":4844,"date":"2024-10-21T20:33:32","date_gmt":"2024-10-21T17:33:32","guid":{"rendered":"https:\/\/faberpet.ro\/stage\/produs\/perie-masaj-rombic-din-cauciuc-12-cm\/"},"modified":"2025-10-30T13:52:15","modified_gmt":"2025-10-30T11:52:15","slug":"perie-masaj-rombic-din-cauciuc-12-cm","status":"publish","type":"product","link":"https:\/\/faberpet.ro\/stage\/produs\/perie-masaj-rombic-din-cauciuc-12-cm\/","title":{"rendered":"Perie masaj rombic din cauciuc 12 cm"},"content":{"rendered":"<p>Perierea bl\u0103nii este un aspect important \u00een procesul de \u00eengrijire a animalelor de companie. este fabricat\u0103 din cauciuc rezistent, destinat\u0103 \u00een special c\u00e2inilor cu p\u0103rul scurt sau pisicu\u021belor. Periatul stimuleaz\u0103 circula\u021bia sanguin\u0103. L\u0103\u021bimea periei &#8211; 6 cm. Lungimea periei &#8211; 12 cm. Disponibil\u0103 \u00een diferite culori.<\/p>\n","protected":false},"excerpt":{"rendered":"<p>Perierea bl\u0103nii este un aspect important \u00een procesul de \u00eengrijire a animalelor de companie. este fabricat\u0103 din cauciuc rezistent, destinat\u0103 \u00een special c\u00e2inilor cu p\u0103rul scurt sau pisicu\u021belor. Periatul stimuleaz\u0103 circula\u021bia sanguin\u0103. L\u0103\u021bimea periei &#8211; 6 cm. Lungimea periei &#8211; 12 cm. Disponibil\u0103 \u00een diferite culori.<\/p>\n","protected":false},"featured_media":9853,"template":"","meta":[],"product_brand":[],"product_cat":[168,1738,1672],"product_tag":[1715,1763,1764],"class_list":{"0":"post-4844","1":"product","2":"type-product","3":"status-publish","4":"has-post-thumbnail","6":"product_cat-caini","7":"product_cat-perii","8":"product_cat-perii-si-piepteni","9":"product_tag-furminator-pisici","10":"product_tag-perii-si-piepteni","11":"product_tag-trimmer-cani","13":"first","14":"instock","15":"shipping-taxable","16":"purchasable","17":"product-type-simple"},"_links":{"self":[{"href":"https:\/\/faberpet.ro\/stage\/wp-json\/wp\/v2\/product\/4844","targetHints":{"allow":["GET"]}}],"collection":[{"href":"https:\/\/faberpet.ro\/stage\/wp-json\/wp\/v2\/product"}],"about":[{"href":"https:\/\/faberpet.ro\/stage\/wp-json\/wp\/v2\/types\/product"}],"wp:featuredmedia":[{"embeddable":true,"href":"https:\/\/faberpet.ro\/stage\/wp-json\/wp\/v2\/media\/9853"}],"wp:attachment":[{"href":"https:\/\/faberpet.ro\/stage\/wp-json\/wp\/v2\/media?parent=4844"}],"wp:term":[{"taxonomy":"product_brand","embeddable":true,"href":"https:\/\/faberpet.ro\/stage\/wp-json\/wp\/v2\/product_brand?post=4844"},{"taxonomy":"product_cat","embeddable":true,"href":"https:\/\/faberpet.ro\/stage\/wp-json\/wp\/v2\/product_cat?post=4844"},{"taxonomy":"product_tag","embeddable":true,"href":"https:\/\/faberpet.ro\/stage\/wp-json\/wp\/v2\/product_tag?post=4844"}],"curies":[{"name":"wp","href":"https:\/\/api.w.org\/{rel}","templated":true}]}}